{"id":3200,"date":"2023-12-28T12:05:37","date_gmt":"2023-12-28T12:05:37","guid":{"rendered":"https:\/\/www.mundonovoviagens.pt\/?post_type=product&#038;p=3200"},"modified":"2025-11-27T11:49:27","modified_gmt":"2025-11-27T10:49:27","slug":"092-tesouros-do-norte-da-grecia-10-dias","status":"publish","type":"product","link":"https:\/\/www.mundonovoviagens.pt\/index.php\/produto\/092-tesouros-do-norte-da-grecia-10-dias\/","title":{"rendered":"092 \u2013 Tesouros do Norte da Gr\u00e9cia \u2013 10 dias"},"content":{"rendered":"<div id=\"pl-3200\"  class=\"panel-layout\" ><div id=\"pg-3200-0\"  class=\"panel-grid panel-no-style\" ><div id=\"pgc-3200-0-0\"  class=\"panel-grid-cell\" ><div id=\"panel-3200-0-0-0\" class=\"so-panel widget widget_pt_tabs pt-widget-tabs panel-first-child\" data-index=\"0\" >\t\t\t<div class=\"pt-tabs\">\n\t\t\t\t\n\t\t\t\t\t\t\t\t\t<ul class=\"pt-tabs__navigation  nav  nav-tabs\" role=\"tablist\">\n\t\t\t\t\t\t\t\t\t\t\t\t\t<li class=\"nav-item\">\n\t\t\t\t\t\t\t\t<a class=\"nav-link  active\" data-toggle=\"tab\" href=\"#tab-itiner\u00c1rio\" role=\"tab\">ITINER\u00c1RIO<\/a>\n\t\t\t\t\t\t\t<\/li>\n\t\t\t\t\t\t\t\t\t\t\t\t\t<li class=\"nav-item\">\n\t\t\t\t\t\t\t\t<a class=\"nav-link\" data-toggle=\"tab\" href=\"#tab-pre\u00e7os-e-condi\u00e7\u00f5es\" role=\"tab\">Pre\u00e7os e Condi\u00e7\u00f5es<\/a>\n\t\t\t\t\t\t\t<\/li>\n\t\t\t\t\t\t\t\t\t\t\t\t\t<li class=\"nav-item\">\n\t\t\t\t\t\t\t\t<a class=\"nav-link\" data-toggle=\"tab\" href=\"#tab-informa\u00e7\u00f5es-destino\" role=\"tab\">Informa\u00e7\u00f5es Destino<\/a>\n\t\t\t\t\t\t\t<\/li>\n\t\t\t\t\t\t\t\t\t\t\t<\/ul>\n\n\t\t\t\t\t<div class=\"pt-tabs__content  tab-content\">\n\t\t\t\t\t\t\t\t\t\t\t<div class=\"tab-pane  fade  in  active\" id=\"tab-itiner\u00c1rio\" role=\"tabpanel\">\n\t\t\t\t\t\t\t<div id=\"pl-w69282cb763aa2\"  class=\"panel-layout\" ><div id=\"pg-w69282cb763aa2-0\"  class=\"panel-grid panel-no-style\" ><div id=\"pgc-w69282cb763aa2-0-0\"  class=\"panel-grid-cell\" ><div id=\"panel-w69282cb763aa2-0-0-0\" class=\"so-panel widget widget_sow-editor panel-first-child\" data-index=\"0\" ><div class=\"panel-widget-style panel-widget-style-for-w69282cb763aa2-0-0-0\" ><div\n\t\t\t\n\t\t\tclass=\"so-widget-sow-editor so-widget-sow-editor-base\"\n\t\t\t\n\t\t><h3 class=\"widget-title\"> 1\u00ba. Dia - PORTUGAL \/ ATENAS<\/h3>\n<div class=\"siteorigin-widget-tinymce textwidget\">\n\t<p style=\"text-align: justify;\">Compar\u00eancia no aeroporto 120 minutos antes da hora prevista para a partida. Formalidades de embarque e partida para Atenas, com mudan\u00e7a de avi\u00e3o em rota. Chegada, assist\u00eancia e transporte para o hotel. Alojamento.<\/p>\n<\/div>\n<\/div><\/div><\/div><div id=\"panel-w69282cb763aa2-0-0-1\" class=\"so-panel widget widget_sow-editor\" data-index=\"1\" ><div class=\"panel-widget-style panel-widget-style-for-w69282cb763aa2-0-0-1\" ><div\n\t\t\t\n\t\t\tclass=\"so-widget-sow-editor so-widget-sow-editor-base\"\n\t\t\t\n\t\t><h3 class=\"widget-title\">2\u00ba. Dia \u2013 ATENAS <\/h3>\n<div class=\"siteorigin-widget-tinymce textwidget\">\n\t<p style=\"text-align: justify;\">Pequeno-almo\u00e7o no hotel. De manh\u00e3, visita da cidade de Atenas que inclui o Kalim\u00e1rmaro (antigo est\u00e1dio ol\u00edmpico), o Arco de Adriano, o Parlamento, o Monumento do Soldado Desconhecido, o tradicional render da guarda na Pra\u00e7a da Constitui\u00e7\u00e3o, a Pra\u00e7a Syntagma, a Pra\u00e7a da Concordia, a Pra\u00e7a Omonia, a Acr\u00f3pole, os Propileos, o Templo J\u00f3nico de Atenea Nike, P\u00e1rtenon e do Novo Museu. Regresso ao hotel. Tarde livre. Alojamento.<\/p>\n<\/div>\n<\/div><\/div><\/div><div id=\"panel-w69282cb763aa2-0-0-2\" class=\"so-panel widget widget_sow-editor\" data-index=\"2\" ><div class=\"panel-widget-style panel-widget-style-for-w69282cb763aa2-0-0-2\" ><div\n\t\t\t\n\t\t\tclass=\"so-widget-sow-editor so-widget-sow-editor-base\"\n\t\t\t\n\t\t><h3 class=\"widget-title\">3\u00ba. Dia \u2013 ATENAS \/ SAL\u00d3NICA <\/h3>\n<div class=\"siteorigin-widget-tinymce textwidget\">\n\t<p style=\"text-align: justify;\">Pequeno-almo\u00e7o no hotel. De manh\u00e3 e em hora a indicar, transporte para o aeroporto de Atenas. Formalidades de embarque e partida com destino a Sal\u00f3nica. Chegada e transporte para o hotel. Alojamento.<\/p>\n<\/div>\n<\/div><\/div><\/div><div id=\"panel-w69282cb763aa2-0-0-3\" class=\"so-panel widget widget_sow-editor\" data-index=\"3\" ><div class=\"panel-widget-style panel-widget-style-for-w69282cb763aa2-0-0-3\" ><div\n\t\t\t\n\t\t\tclass=\"so-widget-sow-editor so-widget-sow-editor-base\"\n\t\t\t\n\t\t><h3 class=\"widget-title\">4\u00ba. Dia \u2013 SAL\u00d3NICA (Visita da cidade)<\/h3>\n<div class=\"siteorigin-widget-tinymce textwidget\">\n\t<p style=\"text-align: justify;\">Pequeno-almo\u00e7o no hotel. Visita da cidade de Sal\u00f3nica. Sal\u00f3nica \u00e9 a capital do norte da Gr\u00e9cia e a segunda maior cidade do pa\u00eds, a sua hist\u00f3ria estende-se desde a antiguidade cl\u00e1ssica at\u00e9 aos tempos modernos. A cidade conta com 15 Patrim\u00f3nios da Humanidade declarados pela UNESCO e dos quais teremos a oportunidade de ficar a conhecer alguns dos mais importantes. A cidade tamb\u00e9m \u00e9 considerada pela Unesco, como uma das cidades mais criativas do mundo a n\u00edvel gastron\u00f3mico. Regresso ao hotel. Tarde livre. Alojamento.<\/p>\n<\/div>\n<\/div><\/div><\/div><div id=\"panel-w69282cb763aa2-0-0-4\" class=\"so-panel widget widget_sow-editor\" data-index=\"4\" ><div class=\"panel-widget-style panel-widget-style-for-w69282cb763aa2-0-0-4\" ><div\n\t\t\t\n\t\t\tclass=\"so-widget-sow-editor so-widget-sow-editor-base\"\n\t\t\t\n\t\t><h3 class=\"widget-title\">5\u00ba. Dia \u2013 SAL\u00d3NICA (Visita a Dion e Monte Olympo)<\/h3>\n<div class=\"siteorigin-widget-tinymce textwidget\">\n\t<p style=\"text-align: justify;\">Pequeno-almo\u00e7o no hotel. Hoje a nossa visita \u00e9 uma mistura de Mitologia e Hist\u00f3ria. In\u00edcio da visita \u00e0 antiga cidade de Dion e ao seu Santu\u00e1rio, dedicado ao Deus mais importante e poderoso do Olimpo \u2013 Zeus. Paragem no miradouro de Stavros, com vistas panor\u00e2micas sobre o Monte Olympo e seus vales circundantes. Viagem at\u00e9 Litochoro e tempo livre para passear pelas suas pitorescas ruas e descobrir as suas bonitas casas. Regresso ao hotel. \u00a0Tarde livre. Alojamento.<\/p>\n<\/div>\n<\/div><\/div><\/div><div id=\"panel-w69282cb763aa2-0-0-5\" class=\"so-panel widget widget_sow-editor\" data-index=\"5\" ><div class=\"panel-widget-style panel-widget-style-for-w69282cb763aa2-0-0-5\" ><div\n\t\t\t\n\t\t\tclass=\"so-widget-sow-editor so-widget-sow-editor-base\"\n\t\t\t\n\t\t><h3 class=\"widget-title\">6\u00ba. Dia \u2013 SAL\u00d3NICA (Visita a Pella, Edesa &amp; Naoussa)<\/h3>\n<div class=\"siteorigin-widget-tinymce textwidget\">\n\t<p style=\"text-align: justify;\">Pequeno-almo\u00e7o no hotel. Sa\u00edda para visita \u00e0 zona arqueol\u00f3gica de Pella, conhecida como a antiga capital da Maced\u00f3nia e local de nascimento de \u201cAlexandre, o Grande\u201d. No final da visita, teremos uma experi\u00eancia \u00fanica com uma degusta\u00e7\u00e3o de vinhos numa das vin\u00edcolas locais, mundialmente famosa pelo vinho \u201cXinomavro\u201d. Regresso ao hotel. Alojamento.<\/p>\n<\/div>\n<\/div><\/div><\/div><div id=\"panel-w69282cb763aa2-0-0-6\" class=\"so-panel widget widget_sow-editor\" data-index=\"6\" ><div class=\"panel-widget-style panel-widget-style-for-w69282cb763aa2-0-0-6\" ><div\n\t\t\t\n\t\t\tclass=\"so-widget-sow-editor so-widget-sow-editor-base\"\n\t\t\t\n\t\t><h3 class=\"widget-title\">7\u00ba. Dia \u2013 SAL\u00d3NICA \/ METEORA (Visita aos Mosteiro de Meteora)<\/h3>\n<div class=\"siteorigin-widget-tinymce textwidget\">\n\t<p style=\"text-align: justify;\">Pequeno-almo\u00e7o no hotel. Sa\u00edda para visita a Meteora com os seus mosteiros localizados sobre as rochas \u2026 \u00e9 algo que n\u00e3o se esquecer\u00e1 facilmente! Os meteoros s\u00e3o um conjunto de penhascos altos e de dif\u00edcil acesso, situados no centro do vale da Tess\u00e1lia, e que se formaram atrav\u00e9s de v\u00e1rios processos geol\u00f3gicos, originado uma paisagem inigual\u00e1vel. Meteora \u00e9 um local caracterizado como um dos \u201cTesouros do Mundo\u201d e declarado Patrim\u00f3nio da Humanidade pela Unesco. Tempo livre para almo\u00e7o (n\u00e3o inclu\u00eddo) na bonita povoa\u00e7\u00e3o de Kalambaka. No final, regresso a Sal\u00f3nica. Chegada ao hotel e alojamento.<\/p>\n<\/div>\n<\/div><\/div><\/div><div id=\"panel-w69282cb763aa2-0-0-7\" class=\"so-panel widget widget_sow-editor\" data-index=\"7\" ><div class=\"panel-widget-style panel-widget-style-for-w69282cb763aa2-0-0-7\" ><div\n\t\t\t\n\t\t\tclass=\"so-widget-sow-editor so-widget-sow-editor-base\"\n\t\t\t\n\t\t><h3 class=\"widget-title\">8\u00ba. Dia \u2013 SAL\u00d3NICA (Visita \u00e0 cidade de Veria &amp; Vergina)<\/h3>\n<div class=\"siteorigin-widget-tinymce textwidget\">\n\t<p style=\"text-align: justify;\">Pequeno-almo\u00e7o no hotel. A visita de hoje \u00e9 uma mistura de uma visita arqueol\u00f3gica, com uma visita a um conhecido local de peregrina\u00e7\u00e3o na Gr\u00e9cia, a cidade de Veria. Tempo livre para almo\u00e7o (n\u00e3o inclu\u00eddo). Continua\u00e7\u00e3o da visita ao novo Museu Aegae e aos t\u00famulos reais de Vergina, onde se encontram os t\u00famulos do Rei Filipe II (pai de Alexandre, o Grande) e de Alexandre IV (filho de Alexandre, o Grande), classificados como Patrim\u00f3nio Mundial da Unesco. Regresso a Sal\u00f3nica. Alojamento.<\/p>\n<\/div>\n<\/div><\/div><\/div><div id=\"panel-w69282cb763aa2-0-0-8\" class=\"so-panel widget widget_sow-editor\" data-index=\"8\" ><div class=\"panel-widget-style panel-widget-style-for-w69282cb763aa2-0-0-8\" ><div\n\t\t\t\n\t\t\tclass=\"so-widget-sow-editor so-widget-sow-editor-base\"\n\t\t\t\n\t\t><h3 class=\"widget-title\">9\u00ba. Dia \u2013 SAL\u00d3NICA (Cruzeiro pelo Monte Athos )<\/h3>\n<div class=\"siteorigin-widget-tinymce textwidget\">\n\t<p style=\"text-align: justify;\">Pequeno-almo\u00e7o no hotel. Sa\u00edda para o porto de Sal\u00f3nica para embarque num cruzeiro. Deix\u00e1mos para tr\u00e1s o Golfo Termaic\u00f3, tamb\u00e9m conhecido como o Golfo de Sal\u00f3nica, passando pelo Lago Koronia e pelo Lago Volvi rumo ao leste pela bonita rota do Castelo Rentina (tamb\u00e9m conhecido como o \u201cTemplo Maced\u00f3nio\u201d). A nossa primeira paragem ser\u00e1 no pequeno porto de \u201cOu Ranoupolis\u201d. Daqui navegaremos em direc\u00e7\u00e3o ao sul da pen\u00ednsula de Athos. Continua\u00e7\u00e3o da navega\u00e7\u00e3o em direc\u00e7\u00e3o ao norte at\u00e9 chegarmos ao porto de Sal\u00f3nica. Tempo livre para almo\u00e7o (n\u00e3o inclu\u00eddo) ou para actividades de caracter pessoal, como nadar em Ouranoupolis, onde ter\u00e1 a magnifica vista sobre o Golfo Syngiticus, Athos e Sithonia. Regresso ao hotel. Alojamento.<\/p>\n<\/div>\n<\/div><\/div><\/div><div id=\"panel-w69282cb763aa2-0-0-9\" class=\"so-panel widget widget_sow-editor panel-last-child\" data-index=\"9\" ><div class=\"panel-widget-style panel-widget-style-for-w69282cb763aa2-0-0-9\" ><div\n\t\t\t\n\t\t\tclass=\"so-widget-sow-editor so-widget-sow-editor-base\"\n\t\t\t\n\t\t><h3 class=\"widget-title\"> 10\u00ba. Dia \u2013 SAL\u00d3NICA \/ PORTUGAL<\/h3>\n<div class=\"siteorigin-widget-tinymce textwidget\">\n\t<p style=\"text-align: justify;\">Pequeno-almo\u00e7o no hotel. Em hora a informar localmente, transporte para o aeroporto de Sal\u00f3nica. Formalidades de embarque e partida com destino a Portugal, com mudan\u00e7a de avi\u00e3o em rota. Chegada a Portugal.\u00a0 Fim dos nossos servi\u00e7os.<\/p>\n<\/div>\n<\/div><\/div><\/div><\/div><\/div><\/div>\t\t\t\t\t\t<\/div>\n\t\t\t\t\t\t\t\t\t\t\t<div class=\"tab-pane  fade\" id=\"tab-pre\u00e7os-e-condi\u00e7\u00f5es\" role=\"tabpanel\">\n\t\t\t\t\t\t\t<div id=\"pl-w69282cb763aa6\"  class=\"panel-layout\" ><div id=\"pg-w69282cb763aa6-0\"  class=\"panel-grid panel-no-style\" ><div id=\"pgc-w69282cb763aa6-0-0\"  class=\"panel-grid-cell\" ><div id=\"panel-w69282cb763aa6-0-0-0\" class=\"so-panel widget widget_sow-editor panel-first-child panel-last-child\" data-index=\"0\" ><div class=\"panel-widget-style panel-widget-style-for-w69282cb763aa6-0-0-0\" ><div\n\t\t\t\n\t\t\tclass=\"so-widget-sow-editor so-widget-sow-editor-base\"\n\t\t\t\n\t\t>\n<div class=\"siteorigin-widget-tinymce textwidget\">\n\t<p><strong>DATAS de PARTIDA 2026:<\/strong><\/p>\n<p>&nbsp;<\/p>\n<p><strong>JUNHO:\u00a0<\/strong>05<\/p>\n<p><strong>JULHO:\u00a0<\/strong>\u00a003 e 24<\/p>\n<p><strong>AGOSTO:\u00a0<\/strong>17 e 21<\/p>\n<p><strong>SETEMBRO: <\/strong>25<\/p>\n<p>&nbsp;<\/p>\n<p><strong>Pre\u00e7o por pessoa segundo ocupa\u00e7\u00e3o no quarto (m\u00ednimo 2 pessoas):<\/strong><\/p>\n<p>&nbsp;<\/p>\n<p><strong>HOT\u00c9IS PREVISTOS ou SIMILARES:<\/strong><\/p>\n<p>&nbsp;<\/p>\n<p><span style=\"color: #ef7a1b;\"><strong>Op\u00e7\u00e3o A)<\/strong><\/span><\/p>\n<p><strong>ATENAS<\/strong> \u2013 <a href=\"https:\/\/www.brownhotels.com\/athens\/acropol\" target=\"_blank\" rel=\"noopener\">Hotel Brown Acropol<\/a> 4*<\/p>\n<p><strong>SAL\u00d3NICA<\/strong> \u2013 <a href=\"https:\/\/capsishotels.gr\/el\/\" target=\"_blank\" rel=\"noopener\">Hotel Capsis<\/a> 4*<\/p>\n<p>&nbsp;<\/p>\n<table>\n<tbody>\n<tr>\n<td>\n<p style=\"text-align: center;\"><strong>PER\u00cdODO<\/strong><\/p>\n<\/td>\n<td style=\"text-align: center;\"><strong>TRIPLO*<\/strong><\/td>\n<td style=\"text-align: center;\"><strong>DUPLO<\/strong><\/td>\n<td>\n<p style=\"text-align: center;\"><strong>SINGLE<\/strong><\/p>\n<\/td>\n<\/tr>\n<tr>\n<td>\n<p style=\"text-align: center;\"><strong>05\/06\/26 a 25\/09\/26<\/strong><\/p>\n<\/td>\n<td style=\"text-align: center;\">2.045,00 \u20ac<\/td>\n<td style=\"text-align: center;\">2.175,00 \u20ac<\/td>\n<td>\n<p style=\"text-align: center;\">2.930,00 \u20ac<\/p>\n<\/td>\n<\/tr>\n<\/tbody>\n<\/table>\n<p>&nbsp;<\/p>\n<p><span style=\"color: #ef7a1b;\"><strong>\u00a0<\/strong><\/span><span style=\"color: #ef7a1b;\"><strong>Op\u00e7\u00e3o B)<\/strong><\/span><\/p>\n<p><strong>ATENAS<\/strong> \u2013 <a href=\"https:\/\/www.hyatt.com\/grand-hyatt\/en-US\/athgh-grand-hyatt-athens?src=corp_lclb_google_seo_athgh&amp;%3Futm_source=google&amp;utm_medium=organic&amp;utm_campaign=lmr\" target=\"_blank\" rel=\"noopener\">Hotel Grand Hyatt Athens<\/a> 5*<\/p>\n<p><strong>SAL\u00d3NICA<\/strong> \u2013 <a href=\"https:\/\/www.vanorohotel.com\/\" target=\"_blank\" rel=\"noopener\">Hotel Vanoro<\/a> 5*<strong>\u00a0<\/strong><strong>\u00a0<\/strong><\/p>\n<table>\n<tbody>\n<tr>\n<td>\n<p style=\"text-align: center;\"><strong>PER\u00cdODO<\/strong><\/p>\n<\/td>\n<td style=\"text-align: center;\"><strong>TRIPLO*<\/strong><\/td>\n<td style=\"text-align: center;\"><strong>DUPLO<\/strong><\/td>\n<td>\n<p style=\"text-align: center;\"><strong>SINGLE<\/strong><\/p>\n<\/td>\n<\/tr>\n<tr>\n<td>\n<p style=\"text-align: center;\"><strong>05\/06\/26 a 25\/09\/26<\/strong><\/p>\n<\/td>\n<td style=\"text-align: center;\">2.360,00 \u20ac<\/td>\n<td style=\"text-align: center;\">2.655,00 \u20ac<\/td>\n<td>\n<p style=\"text-align: center;\">3.845,00 \u20ac<\/p>\n<\/td>\n<\/tr>\n<\/tbody>\n<\/table>\n<p>&nbsp;<\/p>\n<p style=\"text-align: justify;\"><strong>Nota*:<\/strong>\u00a0Os quartos triplos, s\u00e3o compostos por 1 ou 2 camas, mais 1 cama extra. As condi\u00e7\u00f5es de conforto s\u00e3o menores do que as dos quartos duplos. A reserva de um quarto triplo, implica a aceita\u00e7\u00e3o deste facto.<\/p>\n<p>&nbsp;<\/p>\n<p style=\"text-align: justify;\"><strong>Nota1:<\/strong> Este programa foi calculado com base na companhia a\u00e9rea Lufthansa\/Aegean Airlines em cabine econ\u00f3mica, tarifa em classe L. Caso n\u00e3o haja disponibilidade de lugares nessa tarifa, ser\u00e1 proposto em alternativa o escal\u00e3o tarif\u00e1rio seguinte dispon\u00edvel, ou outra companhia a\u00e9rea, mediante um suplemento a informar.<\/p>\n<p>&nbsp;<\/p>\n<p><strong>Suplemento de tarifa a\u00e9rea com a Lufthansa\/Aegean Airlines (Porto ou Lisboa):<\/strong><\/p>\n<p>&nbsp;<\/p>\n<table>\n<tbody>\n<tr>\n<td>\n<p style=\"text-align: center;\"><strong>Per\u00edodo:<\/strong><\/p>\n<\/td>\n<td style=\"text-align: center;\"><strong>Classe L<\/strong><\/td>\n<td style=\"text-align: center;\"><strong>Classe T<\/strong><\/td>\n<td style=\"text-align: center;\"><strong>Classe S<\/strong><\/td>\n<td>\n<p style=\"text-align: center;\"><strong>Classe W<\/strong><\/p>\n<\/td>\n<\/tr>\n<tr>\n<td>\n<p style=\"text-align: center;\"><strong>05\/06\/26 a 25\/09\/26<\/strong><\/p>\n<\/td>\n<td style=\"text-align: center;\">Sem supl.<\/td>\n<td style=\"text-align: center;\">39,00 \u20ac<\/td>\n<td style=\"text-align: center;\">93,00 \u20ac<\/td>\n<td>\n<p style=\"text-align: center;\">160,00 \u20ac<\/p>\n<\/td>\n<\/tr>\n<\/tbody>\n<\/table>\n<p>&nbsp;<\/p>\n<p><strong>O pre\u00e7o inclui:<\/strong><\/p>\n<p>- Passagem a\u00e9rea em voos regulares, em classe econ\u00f3mica, para o percurso indicado incluindo o transporte de bagagem de por\u00e3o;<\/p>\n<p>- Taxas de aeroporto, seguran\u00e7a e combust\u00edvel no valor de 195,00 \u20ac (sujeito a altera\u00e7\u00e3o, a reconfirmar na data da emiss\u00e3o dos bilhetes);<\/p>\n<p>- Transporte aeroporto \/ hotel \/ aeroporto, em servi\u00e7o regular (em conjunto com outros participantes);<\/p>\n<p>- Alojamento nos hot\u00e9is previstos ou similares em quarto standard com pequeno-almo\u00e7o;<\/p>\n<p>- Meio dia de visita da cidade de Atenas e do Novo Museu, em servi\u00e7o regular (em conjunto com outros participantes), acompanhado de guia local de l\u00edngua espanhola;<\/p>\n<p>- Circuito em servi\u00e7o regular (em conjunto com outros participantes), acompanhado de guia local de l\u00edngua espanhola;<\/p>\n<p>- Taxas de servi\u00e7o e IVA;<\/p>\n<p>- Seguro de viagem.<\/p>\n<p><strong>\u00a0<\/strong><\/p>\n<p><strong>O pre\u00e7o n\u00e3o inclui:<\/strong><\/p>\n<p>- Bebidas \u00e0s refei\u00e7\u00f5es;<\/p>\n<p>- Servi\u00e7o de bagageiros;<\/p>\n<p>- Gratifica\u00e7\u00f5es;<\/p>\n<p>- Taxas tur\u00edsticas e\/ou municipais (valor varia de acordo com a categoria hoteleira);<\/p>\n<p>- Extras e actividades de car\u00e1cter pessoal;<\/p>\n<p>- Todos os servi\u00e7os n\u00e3o indicados como inclu\u00eddos.<\/p>\n<p>&nbsp;<\/p>\n<p><strong>Seguro de viagem:<\/strong><\/p>\n<p>- Todas as viagens organizadas pela MundoNovo Viagens est\u00e3o cobertas por um seguro de viagem (<a href=\"https:\/\/www.mundonovoviagens.pt\/wp-content\/uploads\/2025\/02\/MundoNovo-Multiviagens-Plus-1.pdf?x23938&amp;x23938\" target=\"_blank\" rel=\"noopener\">Multiviagens Plus 1<\/a>);<br \/>\n- Adicionalmente propomos o seguro\u00a0<a href=\"https:\/\/www.mundonovoviagens.pt\/wp-content\/uploads\/2025\/02\/MundoNovo-Multiviagens-Premium.pdf?x23938&amp;x23938\" target=\"_blank\" rel=\"noopener\">Multiviagens Premium<\/a>\u00a0(valor das coberturas superior), mediante um suplemento de 30\u20ac por pessoa<br \/>\n- As condi\u00e7\u00f5es gerais de cada seguro poder\u00e3o ser consultadas na p\u00e1gina inicial do nosso site.<\/p>\n<p>&nbsp;<\/p>\n<p><strong>Condi\u00e7\u00f5es gerais de reserva e cancelamento:<\/strong><strong><br \/>\n<\/strong>Consultar a ficha de informa\u00e7\u00e3o normalizada (<a href=\"https:\/\/www.mundonovoviagens.pt\/index.php\/ficha-de-informacao-normalizada\/\" target=\"_blank\" rel=\"noopener\">FIN<\/a>) e\u00a0<a href=\"https:\/\/www.mundonovoviagens.pt\/index.php\/condicoes-gerais\/\" target=\"_blank\" rel=\"noopener\">condi\u00e7\u00f5es gerais<\/a>\u00a0indicadas no site.<\/p>\n<\/div>\n<\/div><\/div><\/div><\/div><\/div><\/div>\t\t\t\t\t\t<\/div>\n\t\t\t\t\t\t\t\t\t\t\t<div class=\"tab-pane  fade\" id=\"tab-informa\u00e7\u00f5es-destino\" role=\"tabpanel\">\n\t\t\t\t\t\t\t<div id=\"pl-w69282cb763aa8\"  class=\"panel-layout\" ><div id=\"pg-w69282cb763aa8-0\"  class=\"panel-grid panel-no-style\" ><div id=\"pgc-w69282cb763aa8-0-0\"  class=\"panel-grid-cell\" ><div id=\"panel-w69282cb763aa8-0-0-0\" class=\"so-panel widget widget_sow-editor panel-first-child panel-last-child\" data-index=\"0\" ><div class=\"panel-widget-style panel-widget-style-for-w69282cb763aa8-0-0-0\" ><div\n\t\t\t\n\t\t\tclass=\"so-widget-sow-editor so-widget-sow-editor-base\"\n\t\t\t\n\t\t>\n<div class=\"siteorigin-widget-tinymce textwidget\">\n\t<p><strong>1 - Requisitos de entrada<\/strong><br \/>\nOs cidad\u00e3os portugueses necessitam de bilhete de identidade\/cart\u00e3o de cidad\u00e3o ou passaporte v\u00e1lidos.<\/p>\n<p>&nbsp;<\/p>\n<p><strong>2 \u2013 Vacinas \/ Sa\u00fade<\/strong><br \/>\nVacina obrigat\u00f3ria: nenhuma.<br \/>\nO Cart\u00e3o Europeu de Seguro de Doen\u00e7a \u00e9 aceite na rede de unidades de sa\u00fade e hospitais p\u00fablicos da Gr\u00e9cia.<\/p>\n<p>&nbsp;<\/p>\n<p style=\"text-align: justify;\"><strong>3 \u2013 Clima<\/strong><br \/>\nO clima da Gr\u00e9cia \u00e9 tipicamente mediterr\u00e2neo. Os meses de Ver\u00e3o s\u00e3o quentes e secos e os meses de Inverno s\u00e3o moderados e relativamente chuvosos.\u00a0\u00a0Os meses de julho e agosto apresentam temperaturas muito elevadas e as atividades ao ar livre s\u00e3o desaconselhadas. No norte e no interior os invernos s\u00e3o mais rigorosos.<\/p>\n<p>&nbsp;<\/p>\n<p><strong>\u00a04 - Idioma<\/strong><br \/>\nA l\u00edngua oficial \u00e9 o grego.<\/p>\n<p>&nbsp;<\/p>\n<p><strong>\u00a05 \u2013 Moeda<\/strong><br \/>\nA moeda oficial \u00e9 o Euro. Os cart\u00f5es de cr\u00e9dito s\u00e3o aceites na generalidade dos hot\u00e9is, restaurantes, lojas e outros estabelecimentos comerciais. A rede ATM tem uma boa cobertura no territ\u00f3rio.<\/p>\n<p>&nbsp;<\/p>\n<p><strong>6 - Diferen\u00e7a hor\u00e1ria<\/strong><br \/>\nGMT\/UTC +02<\/p>\n<p>&nbsp;<\/p>\n<p><strong>6 - Electricidade<\/strong><br \/>\n230 V \/ 50 Hz (tomadas tipo C e F).<\/p>\n<p>&nbsp;<\/p>\n<p><strong>8 - Representa\u00e7\u00e3o Diplom\u00e1tica \/ Consular<\/strong><br \/>\nEmbaixada de Portugal em Atenas.<br \/>\nMais informa\u00e7\u00f5es: <a href=\"https:\/\/portaldascomunidades.mne.gov.pt\/pt\/\" target=\"_blank\" rel=\"noopener\">www.portaldascomunidades.mne.pt\/<\/a><\/p>\n<p>&nbsp;<\/p>\n<p><strong>9 \u2013 Site oficial do turismo<\/strong>: <a href=\"https:\/\/www.visitgreece.gr\/\" target=\"_blank\" rel=\"noopener\">www.visitgreece.gr\/<\/a><\/p>\n<\/div>\n<\/div><\/div><\/div><\/div><\/div><\/div>\t\t\t\t\t\t<\/div>\n\t\t\t\t\t\t\t\t\t\t<\/div>\n\t\t\t\t\t\t\t<\/div>\n\n\t\t\t<\/div><div id=\"panel-3200-0-0-1\" class=\"so-panel widget widget_sow-button panel-last-child\" data-index=\"1\" ><div\n\t\t\t\n\t\t\tclass=\"so-widget-sow-button so-widget-sow-button-flat-95cda3216a70-3200\"\n\t\t\t\n\t\t><div class=\"ow-button-base ow-button-align-center\">\n\t<a\n\thref=\"https:\/\/www.mundonovoviagens.pt\/index.php\/contactos\/?wpf62_6=Assunto:%20092%20\u2013%20Tesouros%20do%20Norte%20da%20Grecia%20\u2013%2010%20dias\"\n\t\tclass=\"ow-icon-placement-left ow-button-hover\" \t>\n\t\t<span>\n\t\t\t\n\t\t\tCONTACTE-NOS\t\t<\/span>\n\t<\/a>\n<\/div>\n<\/div><\/div><\/div><\/div><\/div>","protected":false},"excerpt":{"rendered":"<p style=\"text-align: center;\"><strong>Circuito Regular com guia em Espanhol<br \/>\n<\/strong>(Atenas e Sal\u00f3nica)<\/p>\n","protected":false},"featured_media":3202,"template":"","meta":[],"product_brand":[],"product_cat":[15],"product_tag":[419,1057,418,421,420],"class_list":{"0":"post-3200","1":"product","2":"type-product","3":"status-publish","4":"has-post-thumbnail","6":"product_cat-europa","7":"product_tag-atenas","8":"product_tag-golfo-de-salonica","9":"product_tag-grecia","10":"product_tag-meteora","11":"product_tag-salonica","13":"first","14":"instock","15":"shipping-taxable","16":"product-type-simple"},"_links":{"self":[{"href":"https:\/\/www.mundonovoviagens.pt\/index.php\/wp-json\/wp\/v2\/product\/3200","targetHints":{"allow":["GET"]}}],"collection":[{"href":"https:\/\/www.mundonovoviagens.pt\/index.php\/wp-json\/wp\/v2\/product"}],"about":[{"href":"https:\/\/www.mundonovoviagens.pt\/index.php\/wp-json\/wp\/v2\/types\/product"}],"wp:featuredmedia":[{"embeddable":true,"href":"https:\/\/www.mundonovoviagens.pt\/index.php\/wp-json\/wp\/v2\/media\/3202"}],"wp:attachment":[{"href":"https:\/\/www.mundonovoviagens.pt\/index.php\/wp-json\/wp\/v2\/media?parent=3200"}],"wp:term":[{"taxonomy":"product_brand","embeddable":true,"href":"https:\/\/www.mundonovoviagens.pt\/index.php\/wp-json\/wp\/v2\/product_brand?post=3200"},{"taxonomy":"product_cat","embeddable":true,"href":"https:\/\/www.mundonovoviagens.pt\/index.php\/wp-json\/wp\/v2\/product_cat?post=3200"},{"taxonomy":"product_tag","embeddable":true,"href":"https:\/\/www.mundonovoviagens.pt\/index.php\/wp-json\/wp\/v2\/product_tag?post=3200"}],"curies":[{"name":"wp","href":"https:\/\/api.w.org\/{rel}","templated":true}]}}