{"id":355,"date":"2022-04-10T19:11:30","date_gmt":"2022-04-10T19:11:30","guid":{"rendered":"https:\/\/www.mundonovoviagens.pt\/?post_type=product&#038;p=355"},"modified":"2025-10-18T22:04:56","modified_gmt":"2025-10-18T21:04:56","slug":"451-montanhas-rochosas-9-dias","status":"publish","type":"product","link":"https:\/\/www.mundonovoviagens.pt\/index.php\/produto\/451-montanhas-rochosas-9-dias\/","title":{"rendered":"451 &#8211; Montanhas Rochosas &#8211; 9 dias"},"content":{"rendered":"<div id=\"pl-355\"  class=\"panel-layout\" ><div id=\"pg-355-0\"  class=\"panel-grid panel-no-style\" ><div id=\"pgc-355-0-0\"  class=\"panel-grid-cell\" ><div id=\"panel-355-0-0-0\" class=\"so-panel widget widget_pt_tabs pt-widget-tabs panel-first-child\" data-index=\"0\" >\t\t\t<div class=\"pt-tabs\">\n\t\t\t\t\n\t\t\t\t\t\t\t\t\t<ul class=\"pt-tabs__navigation  nav  nav-tabs\" role=\"tablist\">\n\t\t\t\t\t\t\t\t\t\t\t\t\t<li class=\"nav-item\">\n\t\t\t\t\t\t\t\t<a class=\"nav-link  active\" data-toggle=\"tab\" href=\"#tab-itiner\u00c1rio\" role=\"tab\">ITINER\u00c1RIO<\/a>\n\t\t\t\t\t\t\t<\/li>\n\t\t\t\t\t\t\t\t\t\t\t\t\t<li class=\"nav-item\">\n\t\t\t\t\t\t\t\t<a class=\"nav-link\" data-toggle=\"tab\" href=\"#tab-pre\u00e7os-e-condi\u00e7\u00f5es\" role=\"tab\">Pre\u00e7os e Condi\u00e7\u00f5es<\/a>\n\t\t\t\t\t\t\t<\/li>\n\t\t\t\t\t\t\t\t\t\t\t\t\t<li class=\"nav-item\">\n\t\t\t\t\t\t\t\t<a class=\"nav-link\" data-toggle=\"tab\" href=\"#tab-informa\u00e7\u00f5es-destino\" role=\"tab\">Informa\u00e7\u00f5es Destino<\/a>\n\t\t\t\t\t\t\t<\/li>\n\t\t\t\t\t\t\t\t\t\t\t<\/ul>\n\n\t\t\t\t\t<div class=\"pt-tabs__content  tab-content\">\n\t\t\t\t\t\t\t\t\t\t\t<div class=\"tab-pane  fade  in  active\" id=\"tab-itiner\u00c1rio\" role=\"tabpanel\">\n\t\t\t\t\t\t\t<div id=\"pl-w68f400f86bc52\"  class=\"panel-layout\" ><div id=\"pg-w68f400f86bc52-0\"  class=\"panel-grid panel-no-style\" ><div id=\"pgc-w68f400f86bc52-0-0\"  class=\"panel-grid-cell\" ><div id=\"panel-w68f400f86bc52-0-0-0\" class=\"so-panel widget widget_sow-editor panel-first-child\" data-index=\"0\" ><div class=\"panel-widget-style panel-widget-style-for-w68f400f86bc52-0-0-0\" ><div\n\t\t\t\n\t\t\tclass=\"so-widget-sow-editor so-widget-sow-editor-base\"\n\t\t\t\n\t\t><h3 class=\"widget-title\">1\u00ba.\tDia \u2013 PORTUGAL \/ CALGARY <\/h3>\n<div class=\"siteorigin-widget-tinymce textwidget\">\n\t<p style=\"text-align: justify;\">Compar\u00eancia no aeroporto 180 minutos antes da hora prevista para a partida. Formalidades de embarque e partida com destino a Calgary, com mudan\u00e7a de avi\u00e3o em rota. Chegada, assist\u00eancia e transporte para o hotel. Alojamento e resto do dia livre.<\/p>\n<\/div>\n<\/div><\/div><\/div><div id=\"panel-w68f400f86bc52-0-0-1\" class=\"so-panel widget widget_sow-editor\" data-index=\"1\" ><div class=\"panel-widget-style panel-widget-style-for-w68f400f86bc52-0-0-1\" ><div\n\t\t\t\n\t\t\tclass=\"so-widget-sow-editor so-widget-sow-editor-base\"\n\t\t\t\n\t\t><h3 class=\"widget-title\"> 2\u00ba. Dia \u2013 CALGARY \/ BANFF-CANMORE<\/h3>\n<div class=\"siteorigin-widget-tinymce textwidget\">\n\t<p style=\"text-align: justify;\">Pequeno-almo\u00e7o no hotel. Manh\u00e3 livre. De tarde sa\u00edda para uma visita panor\u00e2mica da cidade de Calgary, com passagem pelo Centro Comercial e Financeiro, Universidade, o bairro chin\u00eas, etc. Continua\u00e7\u00e3o para Banff passando pelas rampas de Ski dos Jogos Ol\u00edmpicos de Inverno de 1988, os campos de pastagens da reserva ind\u00edgena Stoney e pela regi\u00e3o de Kananaskis. Chegada e alojamento no hotel em Banff ou Canmore.<\/p>\n<\/div>\n<\/div><\/div><\/div><div id=\"panel-w68f400f86bc52-0-0-2\" class=\"so-panel widget widget_sow-editor\" data-index=\"2\" ><div class=\"panel-widget-style panel-widget-style-for-w68f400f86bc52-0-0-2\" ><div\n\t\t\t\n\t\t\tclass=\"so-widget-sow-editor so-widget-sow-editor-base\"\n\t\t\t\n\t\t><h3 class=\"widget-title\">3\u00ba. Dia \u2013 BANFF-CANMORE<\/h3>\n<div class=\"siteorigin-widget-tinymce textwidget\">\n\t<p style=\"text-align: justify;\">Pequeno-almo\u00e7o no hotel. \u00a0Sa\u00edda para visita a Banff e \u00e0 regi\u00e3o, que incluir\u00e1 as Cascatas de Bow Falls, Tunnel Mountain, os Hoodoos . Regresso ao hotel. Alojamento.<\/p>\n<\/div>\n<\/div><\/div><\/div><div id=\"panel-w68f400f86bc52-0-0-3\" class=\"so-panel widget widget_sow-editor\" data-index=\"3\" ><div class=\"panel-widget-style panel-widget-style-for-w68f400f86bc52-0-0-3\" ><div\n\t\t\t\n\t\t\tclass=\"so-widget-sow-editor so-widget-sow-editor-base\"\n\t\t\t\n\t\t><h3 class=\"widget-title\">4\u00ba. Dia \u2013 BANFF-CANMORE \/ LAKE LOUISE \/ COLUMBIA ICEFIELDS \/ JASPER <\/h3>\n<div class=\"siteorigin-widget-tinymce textwidget\">\n\t<p style=\"text-align: justify;\">Pequeno-almo\u00e7o no hotel. \u00a0Sa\u00edda de Banff para uma emocionante visita ao Glaciar Vict\u00f3ria.<br \/>\nContinua\u00e7\u00e3o da viagem contemplando de perto os lagos Bow e Peyto, at\u00e9 chegar a Columbia Icefields; passeio no gelo no autocarro \u201cIce Explorer\u201d que percorre alguns percursos dos 300 km2 cobertos de gelo do Athahasca Glacier (entrada inclu\u00edda). Ap\u00f3s o passeio, continua\u00e7\u00e3o para Jasper. Chegada e alojamento.<\/p>\n<\/div>\n<\/div><\/div><\/div><div id=\"panel-w68f400f86bc52-0-0-4\" class=\"so-panel widget widget_sow-editor\" data-index=\"4\" ><div class=\"panel-widget-style panel-widget-style-for-w68f400f86bc52-0-0-4\" ><div\n\t\t\t\n\t\t\tclass=\"so-widget-sow-editor so-widget-sow-editor-base\"\n\t\t\t\n\t\t><h3 class=\"widget-title\">5\u00ba. Dia \u2013 JASPER \/ SUN PEAKS<\/h3>\n<div class=\"siteorigin-widget-tinymce textwidget\">\n\t<p style=\"text-align: justify;\">Pequeno-almo\u00e7o no hotel. De manh\u00e3 passeio pelo Parque Nacional Jasper. Continua\u00e7\u00e3o da viagem via o Mt. Robson Provincial Park onde teremos a oportunidade de contemplar o \"Mt. Robson\" com 3.954 m., o ponto mais alto das Montanhas Rochosas do Canad\u00e1. Continua\u00e7\u00e3o da viagem via Blue River e Clear Water at\u00e9 Sun Peaks. Alojamento.<\/p>\n<\/div>\n<\/div><\/div><\/div><div id=\"panel-w68f400f86bc52-0-0-5\" class=\"so-panel widget widget_sow-editor\" data-index=\"5\" ><div class=\"panel-widget-style panel-widget-style-for-w68f400f86bc52-0-0-5\" ><div\n\t\t\t\n\t\t\tclass=\"so-widget-sow-editor so-widget-sow-editor-base\"\n\t\t\t\n\t\t><h3 class=\"widget-title\">6\u00ba. Dia - SUN PEAKS \/ WHISTLER <\/h3>\n<div class=\"siteorigin-widget-tinymce textwidget\">\n\t<p style=\"text-align: justify;\">Pequeno-almo\u00e7o no hotel. Sa\u00edda das plan\u00edcies altas de Kamloops em direc\u00e7\u00e3o a oeste at\u00e9 \u00e0 cordilheira costeira. Passagem pelas f\u00e9rteis \u00e1reas de cultivo do centro da Col\u00fambia Brit\u00e2nica at\u00e9 chegarmos \u00e0 famosa vila de\u00a0 Whistler; ap\u00f3s visita da vila e arredores, chegada ao hotel. Tarde livre. Alojamento.<\/p>\n<\/div>\n<\/div><\/div><\/div><div id=\"panel-w68f400f86bc52-0-0-6\" class=\"so-panel widget widget_sow-editor\" data-index=\"6\" ><div class=\"panel-widget-style panel-widget-style-for-w68f400f86bc52-0-0-6\" ><div\n\t\t\t\n\t\t\tclass=\"so-widget-sow-editor so-widget-sow-editor-base\"\n\t\t\t\n\t\t><h3 class=\"widget-title\">7\u00ba. Dia \u2013 WHISTLER \/ VANCOUVER<\/h3>\n<div class=\"siteorigin-widget-tinymce textwidget\">\n\t<p style=\"text-align: justify;\">Pequeno-almo\u00e7o no hotel. Viagem pela panor\u00e2mica autoestrada \u201cSea to Sky`` at\u00e9 Vancouver. \u00a0Chegada e visita desta moderna e emocionante cidade, que abra\u00e7a a cultura oriental e ocidental. Passagem por Old Gastown, Chinatown, English Bay e Stanley Park. Alojamento no hotel.<\/p>\n<\/div>\n<\/div><\/div><\/div><div id=\"panel-w68f400f86bc52-0-0-7\" class=\"so-panel widget widget_sow-editor\" data-index=\"7\" ><div class=\"panel-widget-style panel-widget-style-for-w68f400f86bc52-0-0-7\" ><div\n\t\t\t\n\t\t\tclass=\"so-widget-sow-editor so-widget-sow-editor-base\"\n\t\t\t\n\t\t><h3 class=\"widget-title\">8\u00ba. Dia \u2013 VANCOUVER \/ PORTUGAL<\/h3>\n<div class=\"siteorigin-widget-tinymce textwidget\">\n\t<p style=\"text-align: justify;\">Pequeno-almo\u00e7o no hotel. Tempo livre. \u00a0Em hora a informar localmente, transporte ao aeroporto de Vancouver. Formalidades de embarque e partida com destino a Portugal, com mudan\u00e7a de avi\u00e3o em rota.\u00a0 Noite a bordo.<\/p>\n<\/div>\n<\/div><\/div><\/div><div id=\"panel-w68f400f86bc52-0-0-8\" class=\"so-panel widget widget_sow-editor panel-last-child\" data-index=\"8\" ><div\n\t\t\t\n\t\t\tclass=\"so-widget-sow-editor so-widget-sow-editor-base\"\n\t\t\t\n\t\t><h3 class=\"widget-title\">9\u00ba. Dia \u2013 Chegada a PORTUGAL<\/h3>\n<div class=\"siteorigin-widget-tinymce textwidget\">\n\t<p>Chegada a Portugal.<br \/>\nFim dos nossos servi\u00e7os.<\/p>\n<\/div>\n<\/div><\/div><\/div><\/div><\/div>\t\t\t\t\t\t<\/div>\n\t\t\t\t\t\t\t\t\t\t\t<div class=\"tab-pane  fade\" id=\"tab-pre\u00e7os-e-condi\u00e7\u00f5es\" role=\"tabpanel\">\n\t\t\t\t\t\t\t<div id=\"pl-w68f400f86bc56\"  class=\"panel-layout\" ><div id=\"pg-w68f400f86bc56-0\"  class=\"panel-grid panel-no-style\" ><div id=\"pgc-w68f400f86bc56-0-0\"  class=\"panel-grid-cell\" ><div id=\"panel-w68f400f86bc56-0-0-0\" class=\"so-panel widget widget_sow-editor panel-first-child panel-last-child\" data-index=\"0\" ><div class=\"panel-widget-style panel-widget-style-for-w68f400f86bc56-0-0-0\" ><div\n\t\t\t\n\t\t\tclass=\"so-widget-sow-editor so-widget-sow-editor-base\"\n\t\t\t\n\t\t>\n<div class=\"siteorigin-widget-tinymce textwidget\">\n\t<p><strong>DATAS de PARTIDAS\u00a0 2026:<\/strong><\/p>\n<p>&nbsp;<\/p>\n<p><strong>MAIO<\/strong>: 30;\u00a0\u00a0 <strong>JULHO:<\/strong> 11 e 18;<\/p>\n<p><strong>AGOSTO:<\/strong> 08, 22 e 29;\u00a0\u00a0 <strong>SETEMBRO:<\/strong> 05 e 12<\/p>\n<p>&nbsp;<\/p>\n<p><strong>Pre\u00e7o por pessoa segundo ocupa\u00e7\u00e3o do quarto (m\u00ednimo 2 participantes):<\/strong><\/p>\n<p>&nbsp;<\/p>\n<p><strong>HOT\u00c9IS PREVISTOS ou SIMILARES:<br \/>\n<\/strong><\/p>\n<p>&nbsp;<\/p>\n<p><strong>CALGARY<\/strong> \u2013 <a href=\"https:\/\/www.sandmanhotels.com\/signature-calgary-downtown?\" target=\"_blank\" rel=\"noopener\">Sandman Signature Calgary Downtown<\/a> 4*<\/p>\n<p><strong>BANFF<\/strong> \u2013 <a href=\"https:\/\/www.banffjaspercollection.com\/hotels\/elk-avenue-hotel\/\" target=\"_blank\" rel=\"noopener\">Hotel Elk and Avenue<\/a> 3*<\/p>\n<p><strong>JASPER<\/strong> - <a href=\"http:\/\/www.banffjaspercollection.com\/hotels\/lobstick-lodge\/\" target=\"_blank\" rel=\"noopener\">Lobstick Lodge<\/a> \u00a03*<\/p>\n<p><strong>SUN PEAKS <\/strong>\u2013 <a href=\"https:\/\/www.sunpeaksgrand.com\/\" target=\"_blank\" rel=\"noopener\">Sun Peaks Grand<\/a> 4*<\/p>\n<p><strong>WHISTLER <\/strong>\u2013 <a href=\"https:\/\/www.paradoxhotels.com\/aava-whistler\" target=\"_blank\" rel=\"noopener\">Hotel Aava Whistler<\/a> 3* ou <a href=\"https:\/\/www.coasthotels.com\/listel-whistler-a-coast-hotel\" target=\"_blank\" rel=\"noopener\">Hotel Listel Whistler<\/a> 3*<\/p>\n<p><strong>VANCOUVER<\/strong> \u2013 <a href=\"https:\/\/www.century-plaza.com\/?utm_source=GMB&amp;utm_medium=organic&amp;utm_campaign=profile\" target=\"_blank\" rel=\"noopener\">Hotel Century Plaza 3<\/a>*\u00a0 ou <a href=\"https:\/\/www.georgiancourthotelvancouver.com\/\" target=\"_blank\" rel=\"noopener\">Hotel Georgian Court<\/a> 4*<\/p>\n<p>&nbsp;<\/p>\n<table>\n<tbody>\n<tr>\n<td>\n<p style=\"text-align: center;\"><strong>Per\u00edodo<\/strong><\/p>\n<\/td>\n<td style=\"text-align: center;\"><strong>QUADRUPLO <\/strong><\/td>\n<td style=\"text-align: center;\"><strong>TRIPLO <\/strong><\/td>\n<td style=\"text-align: center;\"><strong>DUPLO<\/strong><\/td>\n<td>\n<p style=\"text-align: center;\"><strong>SINGLE<\/strong><\/p>\n<\/td>\n<\/tr>\n<tr>\n<td>\n<p style=\"text-align: center;\"><strong>Maio a Setembro <\/strong><\/p>\n<\/td>\n<td style=\"text-align: center;\">2.730,00 \u20ac<\/td>\n<td style=\"text-align: center;\">2.840,00 \u20ac<\/td>\n<td style=\"text-align: center;\">3.065,00 \u20ac<\/td>\n<td>\n<p style=\"text-align: center;\">3.910,00 \u20ac<\/p>\n<\/td>\n<\/tr>\n<\/tbody>\n<\/table>\n<p>&nbsp;<\/p>\n<p><span style=\"color: #0000ff;\"><strong>Nota muito importante:<\/strong><\/span>\u00a0Informamos que a viagem tem de ser paga na \u00edntegra 30 dias antes da data da partida.<\/p>\n<p>&nbsp;<\/p>\n<p><strong>Nota*:<\/strong> Os quartos qu\u00e1druplos e triplos s\u00e3o compostos por 2 camas de casal.<\/p>\n<p>&nbsp;<\/p>\n<p style=\"text-align: justify;\"><strong>Nota 1<\/strong>: Este programa foi calculado com base na companhia a\u00e9rea Air Canada em cabine econ\u00f3mica, tarifa em classe L. Caso n\u00e3o haja disponibilidade de lugares nessa tarifa, ser\u00e1 proposto em alternativa o escal\u00e3o tarif\u00e1rio seguinte dispon\u00edvel, ou outra companhia a\u00e9rea, mediante um suplemento a informar.<\/p>\n<p>&nbsp;<\/p>\n<p><strong>Suplemento de tarifa a\u00e9rea com a Air Canad\u00e1 (Partidas do Porto ou Lisboa):<\/strong><\/p>\n<p>&nbsp;<\/p>\n<table>\n<tbody>\n<tr>\n<td>\n<p style=\"text-align: center;\"><strong>Per\u00edodo:<\/strong><\/p>\n<\/td>\n<td style=\"text-align: center;\"><strong>Classe L<\/strong><\/td>\n<td style=\"text-align: center;\"><strong>Classe T<\/strong><\/td>\n<td style=\"text-align: center;\"><strong>Classe S<\/strong><\/td>\n<td>\n<p style=\"text-align: center;\"><strong>Classe W<\/strong><\/p>\n<\/td>\n<\/tr>\n<tr>\n<td>\n<p style=\"text-align: center;\"><strong>30\/05\/26 a 24\/06\/26<\/strong><\/p>\n<\/td>\n<td style=\"text-align: center;\">Sem supl.<\/td>\n<td style=\"text-align: center;\">50,00 \u20ac<\/td>\n<td style=\"text-align: center;\">120,00 \u20ac<\/td>\n<td>\n<p style=\"text-align: center;\">180,00 \u20ac<\/p>\n<\/td>\n<\/tr>\n<tr>\n<td>\n<p style=\"text-align: center;\"><strong>25\/06\/26 a 24\/08\/26<\/strong><\/p>\n<\/td>\n<td style=\"text-align: center;\">320,00 \u20ac<\/td>\n<td style=\"text-align: center;\">370,00 \u20ac<\/td>\n<td style=\"text-align: center;\">430,00 \u20ac<\/td>\n<td>\n<p style=\"text-align: center;\">490,00 \u20ac<\/p>\n<\/td>\n<\/tr>\n<tr>\n<td>\n<p style=\"text-align: center;\"><strong>25\/08\/26 a 12\/09\/26<\/strong><\/p>\n<\/td>\n<td style=\"text-align: center;\">Sem supl.<\/td>\n<td style=\"text-align: center;\">50,00 \u20ac<\/td>\n<td style=\"text-align: center;\">120,00 \u20ac<\/td>\n<td>\n<p style=\"text-align: center;\">180,00 \u20ac<\/p>\n<\/td>\n<\/tr>\n<\/tbody>\n<\/table>\n<p>&nbsp;<\/p>\n<p><strong>O pre\u00e7o inclui:<br \/>\n<\/strong>- Passagem a\u00e9rea em voos regulares, em classe econ\u00f3mica, para o percurso indicado, incluindo transporte de bagagem de por\u00e3o;<br \/>\n- Taxas de aeroporto, seguran\u00e7a e combust\u00edvel no valor de 377,00 \u20ac (sujeito a altera\u00e7\u00e3o, a reconfirmar na data da emiss\u00e3o dos bilhetes);<br \/>\n- Transporte aeroporto \/ hotel \/ aeroporto;<br \/>\n- Alojamento nos hot\u00e9is previstos ou similares, em quarto standard, com pequeno-almo\u00e7o;<br \/>\n- Circuito em servi\u00e7o regular (em conjunto com outros participantes), acompanhado de guia bilingue, portugu\u00eas e espanhol;<br \/>\n- Transporte em van\/minibus\/autocarro (de acordo com o n\u00famero de participantes);<br \/>\n- Visitas de acordo com o indicado no itiner\u00e1rio, incluindo passeio no Ice Explorer em Columbia Icefields;<br \/>\n- Taxas de servi\u00e7o e IVA<br \/>\n- Seguro de viagem.<\/p>\n<p>&nbsp;<\/p>\n<p><strong>O pre\u00e7o n\u00e3o inclui:<br \/>\n<\/strong>- Gratifica\u00e7\u00f5es;<br \/>\n- Extras de car\u00e1ter pessoal;<br \/>\n-\u00a0Todos os servi\u00e7os n\u00e3o indicados como inclu\u00eddos;<br \/>\n- Autoriza\u00e7\u00e3o de entrada no Canad\u00e1 (eTA).<\/p>\n<p>&nbsp;<\/p>\n<p><strong>Seguro de viagem:<\/strong><\/p>\n<p>- Todas as viagens organizadas pela MundoNovo Viagens est\u00e3o cobertas por um seguro de viagem (<a href=\"https:\/\/www.mundonovoviagens.pt\/wp-content\/uploads\/2025\/02\/MundoNovo-Multiviagens-Plus-1.pdf?x78457&amp;x70114&amp;x48172&amp;x23938&amp;x23938\" target=\"_blank\" rel=\"noopener\">Multiviagens Plus 1<\/a>);<br \/>\n- Adicionalmente propomos o seguro \u00a0<a href=\"https:\/\/www.mundonovoviagens.pt\/wp-content\/uploads\/2025\/02\/MundoNovo-Multiviagens-Premium.pdf?x78457&amp;x70114&amp;x48172&amp;x23938&amp;x23938\" target=\"_blank\" rel=\"noopener\">Multiviagens Premium<\/a>(valor das coberturas superior), mediante um suplemento de 30\u20ac por pessoa;<br \/>\n- As condi\u00e7\u00f5es gerais de cada seguro poder\u00e3o ser consultadas na p\u00e1gina inicial do nosso site.<\/p>\n<p>&nbsp;<\/p>\n<p><strong>Condi\u00e7\u00f5es gerais de reserva e cancelamento:<\/strong><b><br \/>\n<\/b>Consultar a ficha de informa\u00e7\u00e3o normalizada (<a href=\"https:\/\/www.mundonovoviagens.pt\/index.php\/ficha-de-informacao-normalizada\/\" target=\"_blank\" rel=\"noopener\">FIN<\/a>) e\u00a0<a href=\"https:\/\/www.mundonovoviagens.pt\/index.php\/condicoes-gerais\/\" target=\"_blank\" rel=\"noopener\">condi\u00e7\u00f5es gerais<\/a>\u00a0indicadas no site.<\/p>\n<\/div>\n<\/div><\/div><\/div><\/div><\/div><\/div>\t\t\t\t\t\t<\/div>\n\t\t\t\t\t\t\t\t\t\t\t<div class=\"tab-pane  fade\" id=\"tab-informa\u00e7\u00f5es-destino\" role=\"tabpanel\">\n\t\t\t\t\t\t\t<div id=\"pl-w68f400f86bc58\"  class=\"panel-layout\" ><div id=\"pg-w68f400f86bc58-0\"  class=\"panel-grid panel-no-style\" ><div id=\"pgc-w68f400f86bc58-0-0\"  class=\"panel-grid-cell\" ><div id=\"panel-w68f400f86bc58-0-0-0\" class=\"so-panel widget widget_sow-editor panel-first-child panel-last-child\" data-index=\"0\" ><div class=\"panel-widget-style panel-widget-style-for-w68f400f86bc58-0-0-0\" ><div\n\t\t\t\n\t\t\tclass=\"so-widget-sow-editor so-widget-sow-editor-base\"\n\t\t\t\n\t\t>\n<div class=\"siteorigin-widget-tinymce textwidget\">\n\t<p style=\"text-align: justify;\"><strong>1 - Requisitos de entrada<br \/>\n<\/strong>Os cidad\u00e3os portugueses necessitam de passaporte com a validade m\u00ednima de 6 meses \u00e0 data de sa\u00edda do pa\u00eds. N\u00e3o necessitam de visto, mas devem obter previamente o eTA - electronic Travel Authorization. Obtido atrav\u00e9s do site <a href=\"https:\/\/www.canada.ca\/en\/immigration-refugees-citizenship\/services\/visit-canada\/eta\/apply-pt.html\" target=\"_blank\" rel=\"noopener\">www.canada.ca\/en\u00a0<\/a>tem um custo de 7 CAD, pago atrav\u00e9s de cart\u00e3o de cr\u00e9dito).<\/p>\n<p>&nbsp;<\/p>\n<p><strong>2 - Vacinas \/ Sa\u00fade<br \/>\n<\/strong>Vacina obrigat\u00f3ria: nenhuma.<\/p>\n<p>&nbsp;<\/p>\n<p style=\"text-align: justify;\"><strong>3 - Clima<br \/>\n<\/strong>Dada a extens\u00e3o do pa\u00eds, o clima apresenta muitas variantes. Temperado na costa oeste da British Columbia e o sub\u00e1rtico no norte do pa\u00eds. O interior tem um clima temperado continental, com invernos muito rigorosos e ver\u00f5es relativamente curtos. Os meses entre Maio e Setembro correspondem \u00e0 melhor \u00e9poca para desfrutar de actividades ao ar livre, sem o frio e a neve do Inverno. De todos os meses, Julho e Agosto s\u00e3o os melhores meses para visitar o Canad\u00e1, com temperaturas m\u00e1ximas m\u00e9dias de 20\u00ba C.<\/p>\n<p>&nbsp;<\/p>\n<p><strong>4 - Idioma<br \/>\n<\/strong>As l\u00ednguas oficiais s\u00e3o o ingl\u00eas e o franc\u00eas (usado sobretudo no Qu\u00e9bec).<\/p>\n<p>&nbsp;<\/p>\n<p><strong>5 - Moeda<br \/>\n<\/strong>A moeda \u00e9 o d\u00f3lar canadiano (CAD). A cobertura de caixas ATM \u00e9 boa. S\u00e3o aceites a maioria dos cart\u00f5es de cr\u00e9dito.<\/p>\n<p>&nbsp;<\/p>\n<p><strong>6 - Diferen\u00e7a Hor\u00e1ria<br \/>\n<\/strong>UTC\/GMT \u2013 04(Otava) a -07 (Vancouver)<\/p>\n<p>&nbsp;<\/p>\n<p><strong>7 - Eletricidade<\/strong><br \/>\n120 V \/ 60 Hz (tomadas tipo A e B)<\/p>\n<p>&nbsp;<\/p>\n<p><strong>8 - Representa\u00e7\u00e3o Diplom\u00e1tica \/ Consular<br \/>\n<\/strong>Embaixada de Portugal em Ottawa e consulados gerais em diversas cidades do pa\u00eds.<br \/>\nMais informa\u00e7\u00f5es: <a href=\"https:\/\/portaldascomunidades.mne.gov.pt\/pt\/\" target=\"_blank\" rel=\"noopener\">www.portaldascomunidades<\/a><strong><br \/>\n<\/strong><\/p>\n<p>&nbsp;<\/p>\n<p><strong>9 - Site oficial do turismo: <\/strong><a href=\"https:\/\/travel.gc.ca\/\" target=\"_blank\" rel=\"noopener\">https:\/\/travel.gc.ca\/<\/a><\/p>\n<\/div>\n<\/div><\/div><\/div><\/div><\/div><\/div>\t\t\t\t\t\t<\/div>\n\t\t\t\t\t\t\t\t\t\t<\/div>\n\t\t\t\t\t\t\t<\/div>\n\n\t\t\t<\/div><div id=\"panel-355-0-0-1\" class=\"so-panel widget widget_sow-button panel-last-child\" data-index=\"1\" ><div\n\t\t\t\n\t\t\tclass=\"so-widget-sow-button so-widget-sow-button-flat-95cda3216a70-355\"\n\t\t\t\n\t\t><div class=\"ow-button-base ow-button-align-center\">\n\t<a\n\thref=\"https:\/\/www.mundonovoviagens.pt\/index.php\/contactos\/?wpf62_6=Assunto:%20451%20-%20Montanhas%20Rochosas%20-%209%20dias\"\n\t\tclass=\"ow-icon-placement-left ow-button-hover\" \t>\n\t\t<span>\n\t\t\t\n\t\t\tCONTACTE-NOS\t\t<\/span>\n\t<\/a>\n<\/div>\n<\/div><\/div><\/div><\/div><\/div>","protected":false},"excerpt":{"rendered":"<p style=\"text-align: center;\"><strong>Circuito Regular com guia em Portugu\u00eas \/ Espanhol<br \/>\n<\/strong>( Calgary, Banff, Columbia Icefields, Jasper, Kamloops, Whistler e Vancouver )<\/p>\n","protected":false},"featured_media":2111,"template":"","meta":[],"product_brand":[],"product_cat":[15],"product_tag":[520,519,517,522,1016,518,523],"class_list":{"0":"post-355","1":"product","2":"type-product","3":"status-publish","4":"has-post-thumbnail","6":"product_cat-europa","7":"product_tag-banff","8":"product_tag-calgary","9":"product_tag-canada","10":"product_tag-jasper","11":"product_tag-kamloops","12":"product_tag-montanhas-rochosas","13":"product_tag-vancouver","15":"first","16":"instock","17":"shipping-taxable","18":"product-type-simple"},"_links":{"self":[{"href":"https:\/\/www.mundonovoviagens.pt\/index.php\/wp-json\/wp\/v2\/product\/355","targetHints":{"allow":["GET"]}}],"collection":[{"href":"https:\/\/www.mundonovoviagens.pt\/index.php\/wp-json\/wp\/v2\/product"}],"about":[{"href":"https:\/\/www.mundonovoviagens.pt\/index.php\/wp-json\/wp\/v2\/types\/product"}],"wp:featuredmedia":[{"embeddable":true,"href":"https:\/\/www.mundonovoviagens.pt\/index.php\/wp-json\/wp\/v2\/media\/2111"}],"wp:attachment":[{"href":"https:\/\/www.mundonovoviagens.pt\/index.php\/wp-json\/wp\/v2\/media?parent=355"}],"wp:term":[{"taxonomy":"product_brand","embeddable":true,"href":"https:\/\/www.mundonovoviagens.pt\/index.php\/wp-json\/wp\/v2\/product_brand?post=355"},{"taxonomy":"product_cat","embeddable":true,"href":"https:\/\/www.mundonovoviagens.pt\/index.php\/wp-json\/wp\/v2\/product_cat?post=355"},{"taxonomy":"product_tag","embeddable":true,"href":"https:\/\/www.mundonovoviagens.pt\/index.php\/wp-json\/wp\/v2\/product_tag?post=355"}],"curies":[{"name":"wp","href":"https:\/\/api.w.org\/{rel}","templated":true}]}}