{"id":3687,"date":"2024-11-27T18:40:43","date_gmt":"2024-11-27T17:40:43","guid":{"rendered":"https:\/\/www.mundonovoviagens.pt\/?post_type=product&#038;p=3687"},"modified":"2025-09-12T10:01:35","modified_gmt":"2025-09-12T09:01:35","slug":"870-o-melhor-da-malasia-10-dias","status":"publish","type":"product","link":"https:\/\/www.mundonovoviagens.pt\/index.php\/produto\/870-o-melhor-da-malasia-10-dias\/","title":{"rendered":"870 \u2013 O Melhor da Mal\u00e1sia &#8211; 10 dias"},"content":{"rendered":"<div id=\"pl-3687\"  class=\"panel-layout\" ><div id=\"pg-3687-0\"  class=\"panel-grid panel-no-style\" ><div id=\"pgc-3687-0-0\"  class=\"panel-grid-cell\" ><div id=\"panel-3687-0-0-0\" class=\"so-panel widget widget_pt_tabs pt-widget-tabs panel-first-child\" data-index=\"0\" >\t\t\t<div class=\"pt-tabs\">\n\t\t\t\t\n\t\t\t\t\t\t\t\t\t<ul class=\"pt-tabs__navigation  nav  nav-tabs\" role=\"tablist\">\n\t\t\t\t\t\t\t\t\t\t\t\t\t<li class=\"nav-item\">\n\t\t\t\t\t\t\t\t<a class=\"nav-link  active\" data-toggle=\"tab\" href=\"#tab-itiner\u00c1rio\" role=\"tab\">ITINER\u00c1RIO<\/a>\n\t\t\t\t\t\t\t<\/li>\n\t\t\t\t\t\t\t\t\t\t\t\t\t<li class=\"nav-item\">\n\t\t\t\t\t\t\t\t<a class=\"nav-link\" data-toggle=\"tab\" href=\"#tab-pre\u00e7os-e-condi\u00e7\u00f5es\" role=\"tab\">Pre\u00e7os e Condi\u00e7\u00f5es<\/a>\n\t\t\t\t\t\t\t<\/li>\n\t\t\t\t\t\t\t\t\t\t\t\t\t<li class=\"nav-item\">\n\t\t\t\t\t\t\t\t<a class=\"nav-link\" data-toggle=\"tab\" href=\"#tab-informa\u00e7\u00f5es-destino\" role=\"tab\">Informa\u00e7\u00f5es Destino<\/a>\n\t\t\t\t\t\t\t<\/li>\n\t\t\t\t\t\t\t\t\t\t\t<\/ul>\n\n\t\t\t\t\t<div class=\"pt-tabs__content  tab-content\">\n\t\t\t\t\t\t\t\t\t\t\t<div class=\"tab-pane  fade  in  active\" id=\"tab-itiner\u00c1rio\" role=\"tabpanel\">\n\t\t\t\t\t\t\t<div id=\"pl-w68c3e16f88569\"  class=\"panel-layout\" ><div id=\"pg-w68c3e16f88569-0\"  class=\"panel-grid panel-no-style\" ><div id=\"pgc-w68c3e16f88569-0-0\"  class=\"panel-grid-cell\" ><div id=\"panel-w68c3e16f88569-0-0-0\" class=\"so-panel widget widget_sow-editor panel-first-child\" data-index=\"0\" ><div class=\"panel-widget-style panel-widget-style-for-w68c3e16f88569-0-0-0\" ><div\n\t\t\t\n\t\t\tclass=\"so-widget-sow-editor so-widget-sow-editor-base\"\n\t\t\t\n\t\t><h3 class=\"widget-title\">1\u00ba.\tDia \u2013 PORTUGAL \/ KUALA LUMPUR<\/h3>\n<div class=\"siteorigin-widget-tinymce textwidget\">\n\t<p>Compar\u00eancia no aeroporto 180 minutos antes da sa\u00edda, formalidades de embarque e partida para Kuala Lumpur com mudan\u00e7a de avi\u00e3o em rota. Noite a bordo.<\/p>\n<\/div>\n<\/div><\/div><\/div><div id=\"panel-w68c3e16f88569-0-0-1\" class=\"so-panel widget widget_sow-editor\" data-index=\"1\" ><div class=\"panel-widget-style panel-widget-style-for-w68c3e16f88569-0-0-1\" ><div\n\t\t\t\n\t\t\tclass=\"so-widget-sow-editor so-widget-sow-editor-base\"\n\t\t\t\n\t\t><h3 class=\"widget-title\">2\u00ba. Dia \u2013 Chegada a KUALA LUMPUR<\/h3>\n<div class=\"siteorigin-widget-tinymce textwidget\">\n\t<p>Chegada, assist\u00eancia e transporte ao hotel. Alojamento e resto do dia livre.<\/p>\n<\/div>\n<\/div><\/div><\/div><div id=\"panel-w68c3e16f88569-0-0-2\" class=\"so-panel widget widget_sow-editor\" data-index=\"2\" ><div class=\"panel-widget-style panel-widget-style-for-w68c3e16f88569-0-0-2\" ><div\n\t\t\t\n\t\t\tclass=\"so-widget-sow-editor so-widget-sow-editor-base\"\n\t\t\t\n\t\t><h3 class=\"widget-title\">3\u00ba. Dia \u2013 KUALA LUMPUR<\/h3>\n<div class=\"siteorigin-widget-tinymce textwidget\">\n\t<p style=\"text-align: justify;\">Pequeno-almo\u00e7o no hotel. Manh\u00e3 livre para actividades de car\u00e1cter pessoal.<\/p>\n<p style=\"text-align: justify;\">De tarde, sa\u00edda para visita da cidade de Kuala Lumpur e os seus principais pontos tur\u00edsticos: o Jardim Bot\u00e2nico de Perdana, anteriormente conhecido como \u201cTaman Tasik Perdana\u201d ou \u201cLake Gardens\u201d, a Mesquita Nacional e a Pra\u00e7a da Independ\u00eancia. Pequena caminhada at\u00e9 ao Mercado Central \u201cPasar Seni\u201d. Continua\u00e7\u00e3o para a Mesquita Masjid Jamek, um dos primeiros edif\u00edcios de Kuala Lumpur e localizada na converg\u00eancia dos rios Gombak e Klang.<\/p>\n<p style=\"text-align: justify;\">Passeio por Chinatown e continua\u00e7\u00e3o da visita at\u00e9 Kampung Baru, uma zona t\u00edpica malaica onde a maioria das casas ainda \u00e9 constru\u00edda segundo a arquitectura tradicional malaica. A visita termina no Parque KLCC, local ideal para tirar fotografias das Torres Petronas, as mais altas do mundo. Regresso ao hotel e alojamento.<\/p>\n<\/div>\n<\/div><\/div><\/div><div id=\"panel-w68c3e16f88569-0-0-3\" class=\"so-panel widget widget_sow-editor\" data-index=\"3\" ><div class=\"panel-widget-style panel-widget-style-for-w68c3e16f88569-0-0-3\" ><div\n\t\t\t\n\t\t\tclass=\"so-widget-sow-editor so-widget-sow-editor-base\"\n\t\t\t\n\t\t><h3 class=\"widget-title\">4\u00ba. Dia - KUALA LUMPUR \/ MALACA \/ KUALA LUMPUR<\/h3>\n<div class=\"siteorigin-widget-tinymce textwidget\">\n\t<p style=\"text-align: justify;\" data-mce-style=\"text-align: justify;\">Pequeno-almo\u00e7o no hotel. De manh\u00e3 cedo, sa\u00edda por estrada em direc\u00e7\u00e3o a Malaca (cerca de 145 Km e 2h30 de viagem). Chegada e visita da cidade, incluindo a fortaleza A Famosa, a Igreja de S. Paulo e a Pra\u00e7a Holandesa. Almo\u00e7o inclu\u00eddo em restaurante local. Atravessamos a ponte sobre o rio Malaca, para visita ao centro hist\u00f3rico. A visita continua com a Casa-Museu Baba e Nyonya, e dois locais sagrados, o Templo Cheonh Hoon Teng, o templo chin\u00eas mais antigo da Mal\u00e1sia e a Mesquita Kampung Kling. Terminada a visita regresso a Kuala Lumpur e alojamento.<\/p>\n<\/div>\n<\/div><\/div><\/div><div id=\"panel-w68c3e16f88569-0-0-4\" class=\"so-panel widget widget_sow-editor\" data-index=\"4\" ><div class=\"panel-widget-style panel-widget-style-for-w68c3e16f88569-0-0-4\" ><div\n\t\t\t\n\t\t\tclass=\"so-widget-sow-editor so-widget-sow-editor-base\"\n\t\t\t\n\t\t><h3 class=\"widget-title\">5\u00ba. Dia \u2013 KUALA LUMPUR \/ CAMERON HIGHLANDS<\/h3>\n<div class=\"siteorigin-widget-tinymce textwidget\">\n\t<p style=\"text-align: justify;\">Pequeno-almo\u00e7o no hotel. De manh\u00e3, sa\u00edda em direc\u00e7\u00e3o a Cameron Highlands atrav\u00e9s de uma estrada c\u00eanica de floresta montanhosa, com paragem em rota numa pequena comunidade nativa \u2013 os Orang Asli. Chegada a Cameron Highlands e visita a uma Planta\u00e7\u00e3o de Ch\u00e1. No final, transporte para o hotel. Alojamento no hotel.<\/p>\n<p style=\"text-align: justify;\"><span style=\"color: #0000ff;\"><strong>Nota<\/strong><\/span>: A F\u00e1brica do Ch\u00e1 encontra-se encerrada \u00e0s segundas-feiras e aos feriados.<\/p>\n<\/div>\n<\/div><\/div><\/div><div id=\"panel-w68c3e16f88569-0-0-5\" class=\"so-panel widget widget_sow-editor\" data-index=\"5\" ><div class=\"panel-widget-style panel-widget-style-for-w68c3e16f88569-0-0-5\" ><div\n\t\t\t\n\t\t\tclass=\"so-widget-sow-editor so-widget-sow-editor-base\"\n\t\t\t\n\t\t><h3 class=\"widget-title\">6\u00ba. Dia \u2013 CAMERON HIGHLANDS \/ BELUM <\/h3>\n<div class=\"siteorigin-widget-tinymce textwidget\">\n\t<p style=\"text-align: justify;\">Pequeno-almo\u00e7o no hotel. De manh\u00e3, sa\u00edda para Bukit Merah para a Funda\u00e7\u00e3o de Orangotangos da ilha, o \u00fanico local de pesquisa de orangotangos na Pen\u00ednsula da Mal\u00e1sia.<\/p>\n<p style=\"text-align: justify;\">Passeio de barco de cerca de 20 minutos pelo lago que nos levar\u00e1 at\u00e9 \u00e1 ilha dos orangotangos. Esta ilha \u00e9 utilizada como um santu\u00e1rio de reprodu\u00e7\u00e3o, bem como um centro de conserva\u00e7\u00e3o, pesquisa e educa\u00e7\u00e3o para estudar e proteger esta esp\u00e9cie amea\u00e7ada de extin\u00e7\u00e3o.<\/p>\n<p style=\"text-align: justify;\">Seguimos at\u00e9 \u00e0 cidade real de Kuala Kangsar, onde visitaremos a Mesquita de Ubudiah. Continua\u00e7\u00e3o em dire\u00e7\u00e3o \u00e0 Reserva Florestal de Belum, localizada perto da fronteira com a Tail\u00e2ndia. A viagem ter\u00e1 uma dura\u00e7\u00e3o de cerca de 3 horas. Chegada e alojamento e jantar no lodge.<\/p>\n<p style=\"text-align: justify;\"><span style=\"color: #0000ff;\"><strong>Nota<\/strong><\/span>: A visita \u00e1 ilha dos orangotangos \u00e9 sempre sujeita a reconfirma\u00e7\u00e3o devido \u00e0 flutua\u00e7\u00e3o dos n\u00edveis das \u00e1guas do lago Merah.<\/p>\n<\/div>\n<\/div><\/div><\/div><div id=\"panel-w68c3e16f88569-0-0-6\" class=\"so-panel widget widget_sow-editor\" data-index=\"6\" ><div class=\"panel-widget-style panel-widget-style-for-w68c3e16f88569-0-0-6\" ><div\n\t\t\t\n\t\t\tclass=\"so-widget-sow-editor so-widget-sow-editor-base\"\n\t\t\t\n\t\t><h3 class=\"widget-title\">7\u00ba. Dia - BELUM \/ PENANG <\/h3>\n<div class=\"siteorigin-widget-tinymce textwidget\">\n\t<p style=\"text-align: justify;\">Pequeno-almo\u00e7o no lodge. De manh\u00e3, sa\u00edda para um passeio de cerca de 02h30 pela floresta de Belum. Durante esta visita ter\u00e1 a oportunidade de observar a magn\u00edfica fauna e flora desta reserva florestal, uma das florestas tropicais mais antigas e intocadas da Mal\u00e1sia. Almo\u00e7o tipo piquenique inclu\u00eddo durante a visita. Regresso ao lodge. De tarde, sa\u00edda em direc\u00e7\u00e3o a Penang. Chegada e alojamento no hotel.<\/p>\n<p style=\"text-align: justify;\"><span style=\"color: #0000ff;\"><strong>Nota<\/strong><\/span>: Para o passeio na floresta, recomendamos cal\u00e7ado confort\u00e1vel para caminhar, poncho\/capa de chuva, chap\u00e9u, protetor solar e mochila pequena.<\/p>\n<\/div>\n<\/div><\/div><\/div><div id=\"panel-w68c3e16f88569-0-0-7\" class=\"so-panel widget widget_sow-editor\" data-index=\"7\" ><div class=\"panel-widget-style panel-widget-style-for-w68c3e16f88569-0-0-7\" ><div\n\t\t\t\n\t\t\tclass=\"so-widget-sow-editor so-widget-sow-editor-base\"\n\t\t\t\n\t\t><h3 class=\"widget-title\">8\u00ba. Dia - PENANG <\/h3>\n<div class=\"siteorigin-widget-tinymce textwidget\">\n\t<p>Pequeno-almo\u00e7o no hotel. De manh\u00e3, visita de dia inteiro \u00e1 cidade de Penang que inclui: a visita ao Templo Kek Lok Si, o Jardim Bot\u00e2nico, o Templo Tailand\u00eas do Buda Reclinado, o Templo Birman\u00eas, o distrito colonial ao longo da \u00e1rea de Esplanade, o Khoo Kongsi - uma Casa do Cl\u00e3 Chin\u00eas e um passeio a p\u00e9 pela Rua Arm\u00e9nia para observar os murais. Regresso ao hotel. Alojamento no hotel.<\/p>\n<\/div>\n<\/div><\/div><\/div><div id=\"panel-w68c3e16f88569-0-0-8\" class=\"so-panel widget widget_sow-editor\" data-index=\"8\" ><div class=\"panel-widget-style panel-widget-style-for-w68c3e16f88569-0-0-8\" ><div\n\t\t\t\n\t\t\tclass=\"so-widget-sow-editor so-widget-sow-editor-base\"\n\t\t\t\n\t\t><h3 class=\"widget-title\"> 9\u00ba. Dia \u2013 PENANG \/ PORTUGAL<\/h3>\n<div class=\"siteorigin-widget-tinymce textwidget\">\n\t<p style=\"text-align: justify;\">Pequeno-almo\u00e7o no hotel. Em hora a indicar localmente, transporte ao aeroporto, formalidades de embarque e partida com destino a Portugal, com mudan\u00e7a de avi\u00e3o em rota. Noite a bordo.<\/p>\n<\/div>\n<\/div><\/div><\/div><div id=\"panel-w68c3e16f88569-0-0-9\" class=\"so-panel widget widget_sow-editor panel-last-child\" data-index=\"9\" ><div class=\"panel-widget-style panel-widget-style-for-w68c3e16f88569-0-0-9\" ><div\n\t\t\t\n\t\t\tclass=\"so-widget-sow-editor so-widget-sow-editor-base\"\n\t\t\t\n\t\t><h3 class=\"widget-title\">10\u00ba. Dia \u2013 Chegada a PORTUGAL<\/h3>\n<div class=\"siteorigin-widget-tinymce textwidget\">\n\t<p>Chegada a Portugal.<br \/>Fim dos nossos servi\u00e7os.<\/p>\n<\/div>\n<\/div><\/div><\/div><\/div><\/div><\/div>\t\t\t\t\t\t<\/div>\n\t\t\t\t\t\t\t\t\t\t\t<div class=\"tab-pane  fade\" id=\"tab-pre\u00e7os-e-condi\u00e7\u00f5es\" role=\"tabpanel\">\n\t\t\t\t\t\t\t<div id=\"pl-w68c3e16f8856d\"  class=\"panel-layout\" ><div id=\"pg-w68c3e16f8856d-0\"  class=\"panel-grid panel-no-style\" ><div id=\"pgc-w68c3e16f8856d-0-0\"  class=\"panel-grid-cell\" ><div id=\"panel-w68c3e16f8856d-0-0-0\" class=\"so-panel widget widget_sow-editor panel-first-child panel-last-child\" data-index=\"0\" ><div class=\"panel-widget-style panel-widget-style-for-w68c3e16f8856d-0-0-0\" ><div\n\t\t\t\n\t\t\tclass=\"so-widget-sow-editor so-widget-sow-editor-base\"\n\t\t\t\n\t\t>\n<div class=\"siteorigin-widget-tinymce textwidget\">\n\t<p><strong>DIAS de PARTIDA 2025\/2026:<br \/>\n<\/strong>S\u00e1bado de 04 de Janeiro 2025 a 28 de Mar\u00e7o 2026<\/p>\n<p>&nbsp;<\/p>\n<p><strong>Pre\u00e7o por pessoa segundo ocupa\u00e7\u00e3o no quarto<\/strong> (m\u00ednimo 2 participantes):<\/p>\n<p>&nbsp;<\/p>\n<p><strong>HOT\u00c9IS PREVISTOS ou SIMILARES:<\/strong><\/p>\n<p>&nbsp;<\/p>\n<p><strong>KUALA LUMPUR \u2013 <\/strong><a href=\"https:\/\/www.marriott.com\/en-us\/hotels\/kulsp-hotel-stripes-kuala-lumpur-autograph-collection\/overview\/?scid=f2ae0541-1279-4f24-b197-a979c79310b0\">Hotel Stripes<\/a> 4*<\/p>\n<p><strong>CAMERON HIGHLANDS \u2013 <\/strong><a href=\"https:\/\/strawberryparkresorts.com\/\">Hotel Strawberry Park Resort<\/a> 4*<\/p>\n<p><strong>BELUM \u2013 <\/strong><a href=\"https:\/\/www.belumrainforestresort.com\/\">Belum Rainforest Resort<\/a> 4*<\/p>\n<p><strong>PENANG \u2013 <\/strong><a href=\"https:\/\/www.royalechulan.com\/Penang\/Home.aspx\">Hotel Royal Chulan<\/a> 4*<\/p>\n<p>&nbsp;<\/p>\n<table>\n<tbody>\n<tr>\n<td>\n<p style=\"text-align: center;\"><strong>PER\u00cdODO<\/strong><\/p>\n<\/td>\n<td style=\"text-align: center;\" width=\"85\"><strong>TRIPLO<\/strong><\/td>\n<td style=\"text-align: center;\"><strong>DUPLO<\/strong><\/td>\n<td>\n<p style=\"text-align: center;\"><strong>SINGLE<\/strong><\/p>\n<\/td>\n<\/tr>\n<tr>\n<td>\n<p style=\"text-align: center;\"><strong>01\/01\/25 a 31\/03\/25<\/strong><\/p>\n<\/td>\n<td style=\"text-align: center;\" width=\"85\">2.260,00 \u20ac<\/td>\n<td style=\"text-align: center;\">2.265,00 \u20ac<\/td>\n<td>\n<p style=\"text-align: center;\">2.625,00 \u20ac<\/p>\n<\/td>\n<\/tr>\n<tr>\n<td>\n<p style=\"text-align: center;\"><strong>01\/04\/25 a 31\/05\/25<\/strong><\/p>\n<p style=\"text-align: center;\"><strong>01\/10\/25 a 31\/03\/26<\/strong><\/p>\n<\/td>\n<td style=\"text-align: center;\" width=\"85\">2.280,00 \u20ac<\/td>\n<td style=\"text-align: center;\">2.295,00 \u20ac<\/td>\n<td>\n<p style=\"text-align: center;\">2.665,00 \u20ac<\/p>\n<\/td>\n<\/tr>\n<tr>\n<td>\n<p style=\"text-align: center;\"><strong>01\/06\/25 a 30\/09\/25<\/strong><\/p>\n<\/td>\n<td style=\"text-align: center;\" width=\"85\">2.385,00 \u20ac<\/td>\n<td style=\"text-align: center;\">2.395,00 \u20ac<\/td>\n<td>\n<p style=\"text-align: center;\">2.810,00 \u20ac<\/p>\n<\/td>\n<\/tr>\n<\/tbody>\n<\/table>\n<p>&nbsp;<\/p>\n<p><strong>NOTA *:<\/strong>\u00a0Os quartos triplos, s\u00e3o compostos por 1 ou 2 camas, mais 1 cama extra. As condi\u00e7\u00f5es de conforto s\u00e3o menores do que as dos quartos duplos. A reserva de um quarto triplo, implica a aceita\u00e7\u00e3o deste facto.<\/p>\n<p>&nbsp;<\/p>\n<p><strong>NOTA 1<\/strong>: Este programa foi calculado com base na companhia Turkish Airlines em cabine econ\u00f3mica, tarifa em classe V. Caso n\u00e3o haja disponibilidade de lugares nessa tarifa, ser\u00e1 proposto em alternativa o escal\u00e3o tarif\u00e1rio seguinte dispon\u00edvel, ou outra companhia a\u00e9rea, mediante um suplemento a informar.<\/p>\n<p>&nbsp;<\/p>\n<p><strong>Suplemento de tarifa a\u00e9rea com a Turkish Airlines (Partidas do Porto ou Lisboa)<\/strong><\/p>\n<p>&nbsp;<\/p>\n<table>\n<tbody>\n<tr>\n<td>\n<p style=\"text-align: center;\"><strong>PER\u00cdODO<\/strong><\/p>\n<\/td>\n<td style=\"text-align: center;\"><strong>Classe V<\/strong><\/td>\n<td style=\"text-align: center;\"><strong>Classe L<\/strong><\/td>\n<td style=\"text-align: center;\"><strong>Classe T<\/strong><\/td>\n<td>\n<p style=\"text-align: center;\"><strong>Classe Q<\/strong><\/p>\n<\/td>\n<\/tr>\n<tr>\n<td>\n<p style=\"text-align: center;\"><strong>01\/01\/25 a 30\/06\/25<\/strong><\/p>\n<p style=\"text-align: center;\"><strong>21\/08\/25 a 28\/03\/26<\/strong><\/p>\n<\/td>\n<td style=\"text-align: center;\">Sem Supl.<\/td>\n<td style=\"text-align: center;\">75,00 \u20ac<\/td>\n<td style=\"text-align: center;\">160,00 \u20ac<\/td>\n<td>\n<p style=\"text-align: center;\">260,00 \u20ac<\/p>\n<\/td>\n<\/tr>\n<tr>\n<td>\n<p style=\"text-align: center;\"><strong>01\/07\/25 a 20\/08\/25<\/strong><\/p>\n<\/td>\n<td style=\"text-align: center;\">50,00 \u20ac<\/td>\n<td style=\"text-align: center;\">125,00 \u20ac<\/td>\n<td style=\"text-align: center;\">210,00 \u20ac<\/td>\n<td>\n<p style=\"text-align: center;\">310,00 \u20ac<\/p>\n<\/td>\n<\/tr>\n<\/tbody>\n<\/table>\n<p>&nbsp;<\/p>\n<p><strong>\u00a0<\/strong><\/p>\n<p><strong>O pre\u00e7o inclui:<\/strong><\/p>\n<p>- Passagem a\u00e9rea em voos regulares, em classe econ\u00f3mica para o percurso indicado, incluindo o transporte de bagagem de por\u00e3o;<\/p>\n<p>- Taxas de aeroporto, seguran\u00e7a e combust\u00edvel no valor de 460,00 \u20ac (sujeito a altera\u00e7\u00e3o, a reconfirmar no dia de emiss\u00e3o dos bilhetes);<\/p>\n<p>- Transporte aeroporto \/ hotel \/ aeroporto;<\/p>\n<p>- Alojamento nos hot\u00e9is previstos ou similares em quarto standard com pequeno-almo\u00e7o;<\/p>\n<p>- Refei\u00e7\u00f5es de acordo com o indicado no itiner\u00e1rio (bebidas n\u00e3o inclu\u00eddas);<\/p>\n<p>- Visitas de acordo com o indicado no itiner\u00e1rio, acompanhadas de motorista\/guia local de l\u00edngua inglesa.<\/p>\n<p>- Taxas de servi\u00e7o e IVA;<br \/>\n- Seguro de viagem.<\/p>\n<p>&nbsp;<\/p>\n<p><strong>O pre\u00e7o n\u00e3o inclui:<\/strong><strong><br \/>\n<\/strong>- Bebidas \u00e0s refei\u00e7\u00f5es;<\/p>\n<p>- Extras e actividades de car\u00e1cter pessoal;<br \/>\n- Todos os servi\u00e7os n\u00e3o indicados como inclu\u00eddos.<\/p>\n<p>- Taxa Tur\u00edstica Malaia: a pagar directamente no hotel, no valor de MYR 10 por quarto\/dia;<\/p>\n<p><strong>\u00a0<\/strong><\/p>\n<p><strong>Seguro de viagem:<\/strong><strong><br \/>\n<\/strong>- Todas as viagens organizadas pela MundoNovo Viagens est\u00e3o cobertas por um seguro de viagem (<a href=\"https:\/\/www.mundonovoviagens.pt\/wp-content\/uploads\/2025\/02\/MundoNovo-Multiviagens-Plus-1.pdf?x23938\" target=\"_blank\" rel=\"noopener\">Multiviagens Plus 1<\/a>);<br \/>\n- Adicionalmente propomos o seguro\u00a0<a href=\"https:\/\/www.mundonovoviagens.pt\/wp-content\/uploads\/2025\/02\/MundoNovo-Multiviagens-Premium.pdf?x23938\" target=\"_blank\" rel=\"noopener\">Multiviagens Premium<\/a>\u00a0(valor das coberturas superior), mediante um suplemento de 30\u20ac por pessoa<br \/>\n- As condi\u00e7\u00f5es gerais de cada seguro poder\u00e3o ser consultadas na p\u00e1gina inicial do nosso site.<\/p>\n<p>&nbsp;<\/p>\n<p><strong>Condi\u00e7\u00f5es gerais de reserva e cancelamento:<\/strong><strong><br \/>\n<\/strong>Consultar a ficha de informa\u00e7\u00e3o normalizada (<a href=\"https:\/\/www.mundonovoviagens.pt\/index.php\/ficha-de-informacao-normalizada\/\" target=\"_blank\" rel=\"noopener\">FIN<\/a>) e\u00a0<a href=\"https:\/\/www.mundonovoviagens.pt\/index.php\/condicoes-gerais\/\" target=\"_blank\" rel=\"noopener\">condi\u00e7\u00f5es gerais<\/a>\u00a0indicadas no site.<strong>\u00a0<\/strong><\/p>\n<\/div>\n<\/div><\/div><\/div><\/div><\/div><\/div>\t\t\t\t\t\t<\/div>\n\t\t\t\t\t\t\t\t\t\t\t<div class=\"tab-pane  fade\" id=\"tab-informa\u00e7\u00f5es-destino\" role=\"tabpanel\">\n\t\t\t\t\t\t\t<div id=\"pl-w68c3e16f88571\"  class=\"panel-layout\" ><div id=\"pg-w68c3e16f88571-0\"  class=\"panel-grid panel-no-style\" ><div id=\"pgc-w68c3e16f88571-0-0\"  class=\"panel-grid-cell\" ><div id=\"panel-w68c3e16f88571-0-0-0\" class=\"so-panel widget widget_sow-editor panel-first-child panel-last-child\" data-index=\"0\" ><div class=\"panel-widget-style panel-widget-style-for-w68c3e16f88571-0-0-0\" ><div\n\t\t\t\n\t\t\tclass=\"so-widget-sow-editor so-widget-sow-editor-base\"\n\t\t\t\n\t\t>\n<div class=\"siteorigin-widget-tinymce textwidget\">\n\t<p><strong><u>Mal\u00e1sia<\/u><\/strong><\/p>\n<p><strong>1 - Requisitos de entrada\u00a0<\/strong><\/p>\n<p>Os cidad\u00e3os portugueses necessitam de passaporte com validade m\u00ednima de seis meses \u00e0 data de sa\u00edda do pa\u00eds. N\u00e3o \u00e9 obrigat\u00f3rio visto para estadias inferiores a 90 dias.<\/p>\n<p>&nbsp;<\/p>\n<p><strong>2 \u2013 Vacinas \/ Sa\u00fade<\/strong><\/p>\n<p>Vacina obrigat\u00f3ria: nenhuma<\/p>\n<p>Verifica-se a ocorr\u00eancia de casos de dengue, pelo que devem ser tomadas as necess\u00e1rias medidas de protec\u00e7\u00e3o, nomeadamente o uso de repelente.<\/p>\n<p>Deve beber apenas \u00e1gua engarrafada e evitar fruta previamente descascada, bem como alimentos crus ou malcozinhados; evitar o contacto com aves e ingest\u00e3o de carne mal cozinhada das mesmas.<\/p>\n<p>Para mais informa\u00e7\u00f5es recomendamos \u201cconsulta do viajante \": <a href=\"https:\/\/www.sns24.gov.pt\/guia\/consulta-do-viajante\/\">https:\/\/www.sns24.gov.pt\/guia\/consulta-do-viajante\/<\/a>.<\/p>\n<p>&nbsp;<\/p>\n<p><strong>3 - Clima<\/strong><\/p>\n<p>Clima tropical, h\u00famido e quente ao longo de todo o ano; a precipita\u00e7\u00e3o \u00e9 uma constante e dificilmente pode ser evitada.\u00a0 Na costa ocidental, a \u00e9poca das chuvas ocorre de Maio a Outubro e \u00e9 moderada, com breves trovoadas sobretudo \u00e0 tarde. Na costa oriental, a mon\u00e7\u00e3o ocorre nos meses de Novembro a Fevereiro, devendo evitar-se este per\u00edodo.<\/p>\n<p><strong>\u00a0<\/strong><\/p>\n<p><strong>4 - Idioma<\/strong><\/p>\n<p>As l\u00ednguas oficiais s\u00e3o o malaio e o ingl\u00eas.<\/p>\n<p><strong>\u00a0<\/strong><\/p>\n<p><strong>5 - Moeda<\/strong><\/p>\n<p>A moeda oficial \u00e9 Ringgit. Os cart\u00f5es de cr\u00e9dito s\u00e3o amplamente aceites na generalidade dos hot\u00e9is, restaurantes e estabelecimentos comerciais nas cidades e nos locais tur\u00edsticos. Nestes locais, a rede ATM tem boa cobertura.<\/p>\n<p>&nbsp;<\/p>\n<p><strong>6 -\u00a0Diferen\u00e7a Hor\u00e1ria<\/strong><\/p>\n<p>UTC\/GMT +08<\/p>\n<p>&nbsp;<\/p>\n<p><strong>7 - Eletricidade<\/strong><\/p>\n<p>240 V \/ 50 Hz (tomadas tipo G)<\/p>\n<p>&nbsp;<\/p>\n<p><strong>8 - Representa\u00e7\u00e3o Diplom\u00e1tica \/ Consular<br \/>\n<\/strong>N\u00e3o existe representa\u00e7\u00e3o diplom\u00e1tica portuguesa na Mal\u00e1sia, sendo os assuntos deste pa\u00eds acompanhados pela Embaixada de Portugal em Banguecoque, Tail\u00e2ndia:<br \/>\nMais informa\u00e7\u00f5es: <a href=\"https:\/\/www.portaldascomunidades.mne.pt\/\">https:\/\/www.portaldascomunidades.mne.pt\/<\/a><\/p>\n<p><strong>\u00a0<\/strong><\/p>\n<p>&nbsp;<\/p>\n<\/div>\n<\/div><\/div><\/div><\/div><\/div><\/div>\t\t\t\t\t\t<\/div>\n\t\t\t\t\t\t\t\t\t\t<\/div>\n\t\t\t\t\t\t\t<\/div>\n\n\t\t\t<\/div><div id=\"panel-3687-0-0-1\" class=\"so-panel widget widget_sow-button panel-last-child\" data-index=\"1\" ><div\n\t\t\t\n\t\t\tclass=\"so-widget-sow-button so-widget-sow-button-flat-95cda3216a70-3687\"\n\t\t\t\n\t\t><div class=\"ow-button-base ow-button-align-center\">\n\t<a\n\thref=\"https:\/\/www.mundonovoviagens.pt\/index.php\/contactos\/?wpf62_6=Assunto:%20870%20\u2013%20O%20Melhor%20da%20Malasia%20-%2010%20dias\"\n\t\tclass=\"ow-icon-placement-left ow-button-hover\" \t>\n\t\t<span>\n\t\t\t\n\t\t\tCONTACTE-NOS\t\t<\/span>\n\t<\/a>\n<\/div>\n<\/div><\/div><\/div><\/div><\/div>","protected":false},"excerpt":{"rendered":"<p style=\"text-align: center;\"><strong>Circuito Regular com guia em Ingl\u00eas<\/strong><\/p>\n<p style=\"text-align: center;\">(Kuala Lumpur, Malaca, Cameron Highlands, Belum e Penang)<\/p>\n<p>&nbsp;<\/p>\n","protected":false},"featured_media":3690,"template":"","meta":[],"product_brand":[],"product_cat":[15],"product_tag":[1109,1106,1110,1107,1108,1111,1105],"class_list":{"0":"post-3687","1":"product","2":"type-product","3":"status-publish","4":"has-post-thumbnail","6":"product_cat-europa","7":"product_tag-belum","8":"product_tag-kuala-lumpur","9":"product_tag-malaca","10":"product_tag-malasia","11":"product_tag-penang","12":"product_tag-petronas","13":"product_tag-singapura","15":"first","16":"instock","17":"shipping-taxable","18":"product-type-simple"},"_links":{"self":[{"href":"https:\/\/www.mundonovoviagens.pt\/index.php\/wp-json\/wp\/v2\/product\/3687","targetHints":{"allow":["GET"]}}],"collection":[{"href":"https:\/\/www.mundonovoviagens.pt\/index.php\/wp-json\/wp\/v2\/product"}],"about":[{"href":"https:\/\/www.mundonovoviagens.pt\/index.php\/wp-json\/wp\/v2\/types\/product"}],"wp:featuredmedia":[{"embeddable":true,"href":"https:\/\/www.mundonovoviagens.pt\/index.php\/wp-json\/wp\/v2\/media\/3690"}],"wp:attachment":[{"href":"https:\/\/www.mundonovoviagens.pt\/index.php\/wp-json\/wp\/v2\/media?parent=3687"}],"wp:term":[{"taxonomy":"product_brand","embeddable":true,"href":"https:\/\/www.mundonovoviagens.pt\/index.php\/wp-json\/wp\/v2\/product_brand?post=3687"},{"taxonomy":"product_cat","embeddable":true,"href":"https:\/\/www.mundonovoviagens.pt\/index.php\/wp-json\/wp\/v2\/product_cat?post=3687"},{"taxonomy":"product_tag","embeddable":true,"href":"https:\/\/www.mundonovoviagens.pt\/index.php\/wp-json\/wp\/v2\/product_tag?post=3687"}],"curies":[{"name":"wp","href":"https:\/\/api.w.org\/{rel}","templated":true}]}}