{"id":444,"date":"2022-04-25T21:29:44","date_gmt":"2022-04-25T21:29:44","guid":{"rendered":"https:\/\/www.mundonovoviagens.pt\/?post_type=product&#038;p=444"},"modified":"2026-01-20T18:15:39","modified_gmt":"2026-01-20T17:15:39","slug":"172-encantos-da-suecia-e-dinamarca-8-dias","status":"publish","type":"product","link":"https:\/\/www.mundonovoviagens.pt\/index.php\/produto\/172-encantos-da-suecia-e-dinamarca-8-dias\/","title":{"rendered":"172 \u2013 Encantos da Su\u00e9cia e Dinamarca &#8211; 8 dias"},"content":{"rendered":"<div id=\"pl-444\"  class=\"panel-layout\" ><div id=\"pg-444-0\"  class=\"panel-grid panel-no-style\" ><div id=\"pgc-444-0-0\"  class=\"panel-grid-cell\" ><div id=\"panel-444-0-0-0\" class=\"so-panel widget widget_pt_tabs pt-widget-tabs panel-first-child\" data-index=\"0\" >\t\t\t<div class=\"pt-tabs\">\n\t\t\t\t\n\t\t\t\t\t\t\t\t\t<ul class=\"pt-tabs__navigation  nav  nav-tabs\" role=\"tablist\">\n\t\t\t\t\t\t\t\t\t\t\t\t\t<li class=\"nav-item\">\n\t\t\t\t\t\t\t\t<a class=\"nav-link  active\" data-toggle=\"tab\" href=\"#tab-itiner\u00c1rio\" role=\"tab\">ITINER\u00c1RIO<\/a>\n\t\t\t\t\t\t\t<\/li>\n\t\t\t\t\t\t\t\t\t\t\t\t\t<li class=\"nav-item\">\n\t\t\t\t\t\t\t\t<a class=\"nav-link\" data-toggle=\"tab\" href=\"#tab-pre\u00e7os-e-condi\u00e7\u00f5es\" role=\"tab\">Pre\u00e7os e Condi\u00e7\u00f5es<\/a>\n\t\t\t\t\t\t\t<\/li>\n\t\t\t\t\t\t\t\t\t\t\t\t\t<li class=\"nav-item\">\n\t\t\t\t\t\t\t\t<a class=\"nav-link\" data-toggle=\"tab\" href=\"#tab-informa\u00e7\u00f5es-destino\" role=\"tab\">Informa\u00e7\u00f5es Destino<\/a>\n\t\t\t\t\t\t\t<\/li>\n\t\t\t\t\t\t\t\t\t\t\t<\/ul>\n\n\t\t\t\t\t<div class=\"pt-tabs__content  tab-content\">\n\t\t\t\t\t\t\t\t\t\t\t<div class=\"tab-pane  fade  in  active\" id=\"tab-itiner\u00c1rio\" role=\"tabpanel\">\n\t\t\t\t\t\t\t<div id=\"pl-w696fb83b9e124\"  class=\"panel-layout\" ><div id=\"pg-w696fb83b9e124-0\"  class=\"panel-grid panel-no-style\" ><div id=\"pgc-w696fb83b9e124-0-0\"  class=\"panel-grid-cell\" ><div id=\"panel-w696fb83b9e124-0-0-0\" class=\"so-panel widget widget_sow-editor panel-first-child\" data-index=\"0\" ><div class=\"panel-widget-style panel-widget-style-for-w696fb83b9e124-0-0-0\" ><div\n\t\t\t\n\t\t\tclass=\"so-widget-sow-editor so-widget-sow-editor-base\"\n\t\t\t\n\t\t><h3 class=\"widget-title\">1\u00ba.\tDia \u2013 LISBOA \/ ESTOCOLMO<\/h3>\n<div class=\"siteorigin-widget-tinymce textwidget\">\n\t<p style=\"text-align: justify;\">Compar\u00eancia no aeroporto 120 minutos antes da hora prevista para a partida. Formalidades de embarque e partida com destino a Estocolmo. Chegada e transporte por conta pr\u00f3pria para o hotel. Alojamento.<\/p>\n<\/div>\n<\/div><\/div><\/div><div id=\"panel-w696fb83b9e124-0-0-1\" class=\"so-panel widget widget_sow-editor\" data-index=\"1\" ><div class=\"panel-widget-style panel-widget-style-for-w696fb83b9e124-0-0-1\" ><div\n\t\t\t\n\t\t\tclass=\"so-widget-sow-editor so-widget-sow-editor-base\"\n\t\t\t\n\t\t><h3 class=\"widget-title\">2\u00ba. Dia - ESTOCOLMO <\/h3>\n<div class=\"siteorigin-widget-tinymce textwidget\">\n\t<p style=\"text-align: justify;\">Pequeno-almo\u00e7o no hotel. Visita da cidade de Estocolmo pelas principais atra\u00e7\u00f5es tur\u00edsticas da cidade, destaque para a cidade velha, a Gamla Stan e os seus edif\u00edcios coloridos e ruas medievais. Visita exterior do Pal\u00e1cio Real, da Catedral, do Parlamento e da Casa dos Nobres. Tempo livre para almo\u00e7o (n\u00e3o inclu\u00eddo). Tarde livre. Alojamento no hotel.<\/p>\n<\/div>\n<\/div><\/div><\/div><div id=\"panel-w696fb83b9e124-0-0-2\" class=\"so-panel widget widget_sow-editor\" data-index=\"2\" ><div class=\"panel-widget-style panel-widget-style-for-w696fb83b9e124-0-0-2\" ><div\n\t\t\t\n\t\t\tclass=\"so-widget-sow-editor so-widget-sow-editor-base\"\n\t\t\t\n\t\t><h3 class=\"widget-title\">3\u00ba. Dia \u2013 ESTOCOLMO \/ CANAL DE G\u00d6TA \/ KARLSTAD (410Km)<\/h3>\n<div class=\"siteorigin-widget-tinymce textwidget\">\n\t<p style=\"text-align: justify;\">Pequeno-almo\u00e7o no hotel. Sa\u00edda em direc\u00e7\u00e3o a Borensberg para embarque num cruzeiro de 2 horas pelo Canal de G\u00f6ta. Durante muitos anos este canal artificial foi um dos mais importantes da Su\u00e9cia, a n\u00edvel econ\u00f3mico e estrat\u00e9gico. Hoje em dia \u00e9 utilizado como um canal de lazer pelos navegadores e ciclistas. Durante a navega\u00e7\u00e3o ser\u00e1 servido um almo\u00e7o a bordo. Desembarque em Motala e continua\u00e7\u00e3o em autocarro, percorrendo as margens de um dos maiores lagos da Su\u00e9cia, at\u00e9 Karlstad. Alojamento no hotel.<\/p>\n<\/div>\n<\/div><\/div><\/div><div id=\"panel-w696fb83b9e124-0-0-3\" class=\"so-panel widget widget_sow-editor\" data-index=\"3\" ><div class=\"panel-widget-style panel-widget-style-for-w696fb83b9e124-0-0-3\" ><div\n\t\t\t\n\t\t\tclass=\"so-widget-sow-editor so-widget-sow-editor-base\"\n\t\t\t\n\t\t><h3 class=\"widget-title\">4\u00ba Dia - KARLSTAD \/ ARQUIP\u00c9LAGO de BOHUSL\u00c4N \/ GOTEMBURGO (390Km)<\/h3>\n<div class=\"siteorigin-widget-tinymce textwidget\">\n\t<p style=\"text-align: justify;\">Pequeno-almo\u00e7o no hotel. Partida para a costa oeste da Su\u00e9cia e pelo arquip\u00e9lago de Bohusl\u00e4n com mais de mil ilhas fascinantes e povos encantadores. \u00c9 regi\u00e3o que tem as actividades como a pesca de lagosta ou o kayak de mar como parte do quotidiano e revelam a verdadeira alma costeira da Su\u00e9cia. Chegada a Sm\u00f6gen, um dos povoados mar\u00edtimos mais apaixonantes do pa\u00eds. O seu famoso passadi\u00e7o de madeira, ladeado por casas coloridas e pequenas lojas, transmite uma atmosfera irresist\u00edvel, onde cada recanto convida \u00e0 descoberta. Continua\u00e7\u00e3o para Marstrand, uma ilha elegante e hist\u00f3rica, onde o esp\u00edrito n\u00e1utico est\u00e1 sempre presente. A imponente fortaleza Carlsten vigia a povoa\u00e7\u00e3o do alto, oferecendo um cen\u00e1rio magn\u00edfico, repleto de casas de madeira, cais animados e um charme escandinavo \u00fanico. Almo\u00e7o livre em rota. Seguimos em direc\u00e7\u00e3o a Gotemburgo, uma importante cidade portu\u00e1ria com um ambiente cosmopolita. Chegada, alojamento no hotel.<\/p>\n<\/div>\n<\/div><\/div><\/div><div id=\"panel-w696fb83b9e124-0-0-4\" class=\"so-panel widget widget_sow-editor\" data-index=\"4\" ><div class=\"panel-widget-style panel-widget-style-for-w696fb83b9e124-0-0-4\" ><div\n\t\t\t\n\t\t\tclass=\"so-widget-sow-editor so-widget-sow-editor-base\"\n\t\t\t\n\t\t><h3 class=\"widget-title\">5\u00ba Dia - GOTEMBURGO \/ FREDERIKSHAVN \/ AARHUS  (380Km)<\/h3>\n<div class=\"siteorigin-widget-tinymce textwidget\">\n\t<p style=\"text-align: justify;\">Pequeno-almo\u00e7o no hotel. Sa\u00edda para uma visita panor\u00e2mica a Gotemburgo, contemplando a Pra\u00e7a da C\u00e2mara Municipal, onde se ergue o monumento ao rei Gustavo II Adolfo, a fachada da Igreja Alem\u00e3 de Gotemburgo, constru\u00edda em meados do s\u00e9c. XVII, e o Mercado do Peixe Fisktorget. De seguida, embarque num ferry para atravessar \u00e0 Dinamarca at\u00e9 \u00e0 cidade de Frederikshavn. Continua\u00e7\u00e3o at\u00e9 Aarhus, segunda cidade mais povoada da Dinamarca e foi nomeada Capital Europeia da Cultura em 2017. A sua localiza\u00e7\u00e3o estrat\u00e9gica f\u00ea-la destacar-se como uma importante cidade viquingue, tornando-se mais tarde num florescente centro comercial. Alojamento no hotel.<\/p>\n<\/div>\n<\/div><\/div><\/div><div id=\"panel-w696fb83b9e124-0-0-5\" class=\"so-panel widget widget_sow-editor\" data-index=\"5\" ><div class=\"panel-widget-style panel-widget-style-for-w696fb83b9e124-0-0-5\" ><div\n\t\t\t\n\t\t\tclass=\"so-widget-sow-editor so-widget-sow-editor-base\"\n\t\t\t\n\t\t><h3 class=\"widget-title\">6\u00ba Dia - AARHUS \/ ODENSE \/ ROSKILDE (315km) <\/h3>\n<div class=\"siteorigin-widget-tinymce textwidget\">\n\t<p style=\"text-align: justify;\">Pequeno-almo\u00e7o no hotel. Partida rumo \u00e0 encantadora cidade de Odense, cidade natal do c\u00e9lebre escritor Hans Christian Andersen. Chegada e tempo livre para almo\u00e7o e para explorar o animado centro hist\u00f3rico, repleto de caf\u00e9s, lojas e recantos que evocam os contos mais famosos do autor. De seguida, vamos em direc\u00e7\u00e3o \u00e0 Roskilde, antiga capital do reino dinamarqu\u00eas, onde realizaremos um curto passeio de barco viquingue, que nos transportar\u00e1 ao fascinante passado n\u00f3rdico. Visita \u00e0 imponente Catedral de Roskilde, declarada Patrim\u00f3nio da Humanidade pela UNESCO, onde repousam os reis e rainhas da Dinamarca \u2014 um lugar carregado de hist\u00f3ria e majestosidade. Alojamento no hotel.<\/p>\n<\/div>\n<\/div><\/div><\/div><div id=\"panel-w696fb83b9e124-0-0-6\" class=\"so-panel widget widget_sow-editor\" data-index=\"6\" ><div class=\"panel-widget-style panel-widget-style-for-w696fb83b9e124-0-0-6\" ><div\n\t\t\t\n\t\t\tclass=\"so-widget-sow-editor so-widget-sow-editor-base\"\n\t\t\t\n\t\t><h3 class=\"widget-title\">7\u00ba Dia - ROSKILDE \/ COPENHAGA (40km)<\/h3>\n<div class=\"siteorigin-widget-tinymce textwidget\">\n\t<p style=\"text-align: justify;\">Pequeno-almo\u00e7o no hotel. Sa\u00edda em direc\u00e7\u00e3o a Copenhaga. Chegada e visita panor\u00e2mica pela capital dinamarquesa, descobrindo alguns dos seus locais mais emblem\u00e1ticos, como a Pequena Sereia, a Fonte de Gefion, a resid\u00eancia real de Amalienborg, a moderna \u00d3pera, os encantadores canais de Nyhavn, a ilha do Parlamento, a Biblioteca Real, o Pa\u00e7os do Concelho e os famosos Jardins de Tivoli (visita exterior). Tarde livre para passear pelo centro desta cidade vibrante e cheia de vida. Alojamento no hotel<\/p>\n<\/div>\n<\/div><\/div><\/div><div id=\"panel-w696fb83b9e124-0-0-7\" class=\"so-panel widget widget_sow-editor panel-last-child\" data-index=\"7\" ><div class=\"panel-widget-style panel-widget-style-for-w696fb83b9e124-0-0-7\" ><div\n\t\t\t\n\t\t\tclass=\"so-widget-sow-editor so-widget-sow-editor-base\"\n\t\t\t\n\t\t><h3 class=\"widget-title\">8\u00ba. Dia \u2013 COPENHAGA \/ LISBOA<\/h3>\n<div class=\"siteorigin-widget-tinymce textwidget\">\n\t<p style=\"text-align: justify;\">Pequeno-almo\u00e7o no hotel. Transporte por conta pr\u00f3pria para o aeroporto de Copenhaga. Formalidades de embarque e partida com destino a Lisboa. Chegada e fim dos nossos servi\u00e7os.<\/p>\n<\/div>\n<\/div><\/div><\/div><\/div><\/div><\/div>\t\t\t\t\t\t<\/div>\n\t\t\t\t\t\t\t\t\t\t\t<div class=\"tab-pane  fade\" id=\"tab-pre\u00e7os-e-condi\u00e7\u00f5es\" role=\"tabpanel\">\n\t\t\t\t\t\t\t<div id=\"pl-w696fb83b9e127\"  class=\"panel-layout\" ><div id=\"pg-w696fb83b9e127-0\"  class=\"panel-grid panel-no-style\" ><div id=\"pgc-w696fb83b9e127-0-0\"  class=\"panel-grid-cell\" ><div id=\"panel-w696fb83b9e127-0-0-0\" class=\"so-panel widget widget_sow-editor panel-first-child panel-last-child\" data-index=\"0\" ><div class=\"panel-widget-style panel-widget-style-for-w696fb83b9e127-0-0-0\" ><div\n\t\t\t\n\t\t\tclass=\"so-widget-sow-editor so-widget-sow-editor-base\"\n\t\t\t\n\t\t>\n<div class=\"siteorigin-widget-tinymce textwidget\">\n\t<p><strong>DATAS de PARTIDA 2026:<\/strong><\/p>\n<p>&nbsp;<\/p>\n<p><strong>JULHO<\/strong>:\u00a018 e 25<strong><br \/>\nAGOSTO: <\/strong>01, 08 e 15<strong><br \/>\n<\/strong><\/p>\n<p>&nbsp;<\/p>\n<p><strong>Pre\u00e7o por pessoa segundo ocupa\u00e7\u00e3o do quarto (m\u00ednimo 2 participantes):\u00a0<\/strong><\/p>\n<p>&nbsp;<\/p>\n<p><strong>HOT\u00c9IS PREVISTOS ou SIMILARES:<\/strong><\/p>\n<p>&nbsp;<\/p>\n<p><strong>ESTOCOLMO <\/strong>\u2013 <a href=\"http:\/\/www.scandichotels.se\/malmen\" target=\"_blank\" rel=\"noopener\">Hotel Scandic Malmen<\/a> 4*<\/p>\n<p><strong>KARLSTAD <\/strong>\u2013 <a href=\"http:\/\/www.scandichotels.com\/hotels\/sweden\/karlstad\/scandic-karlstad-city\" target=\"_blank\" rel=\"noopener\">Hotel Scandic Karlstad<\/a> 3*<\/p>\n<p><strong>GOTEMBURGO<\/strong> \u2013 <a href=\"http:\/\/www.scandichotels.se\/europa\" target=\"_blank\" rel=\"noopener\">Hotel Scandic Europa<\/a> 4*<\/p>\n<p><strong>AARHUS<\/strong> \u2013 <a href=\"https:\/\/www.scandichotels.com\/da\/hoteller\/scandic-aarhus-city\" target=\"_blank\" rel=\"noopener\">Hotel Scandic Aarhus City<\/a> 4*<\/p>\n<p><strong>ROSKILDE<\/strong> \u2013 <a href=\"https:\/\/www.comwell.com\/hoteller\/comwell-hotel-roskilde\" target=\"_blank\" rel=\"noopener\">Hotel Comwell Roskilde<\/a> 4*<\/p>\n<p><strong>COPENHAGA<\/strong> \u2013 <a href=\"https:\/\/www.strawberry.dk\/hoteller\/danmark\/kopenhamn\/comfort-hotel-vesterbro\/?utm_campaign=gmb-listing&amp;utm_medium=organic&amp;utm_source=google\" target=\"_blank\" rel=\"noopener\">Hotel Comfort Vesterbro<\/a> 4*<\/p>\n<p>&nbsp;<\/p>\n<table>\n<tbody>\n<tr>\n<td>\n<p style=\"text-align: center;\"><strong>PER\u00cdODO<\/strong><\/p>\n<\/td>\n<td style=\"text-align: center;\"><strong>TRIPLO*<\/strong><\/td>\n<td style=\"text-align: center;\"><strong>DUPLO<\/strong><\/td>\n<td>\n<p style=\"text-align: center;\"><strong>SINGLE<\/strong><\/p>\n<\/td>\n<\/tr>\n<tr>\n<td>\n<p style=\"text-align: center;\"><strong>18\/07\/26 e 25\/07\/26 <\/strong><\/p>\n<\/td>\n<td style=\"text-align: center;\">1.830,00 \u20ac<\/td>\n<td style=\"text-align: center;\">1.875,00 \u20ac<\/td>\n<td>\n<p style=\"text-align: center;\">2.440,00 \u20ac<\/p>\n<\/td>\n<\/tr>\n<tr>\n<td>\n<p style=\"text-align: center;\"><strong>01\/08\/26 a 15\/08\/26<\/strong><\/p>\n<\/td>\n<td style=\"text-align: center;\">1.890,00 \u20ac<\/td>\n<td style=\"text-align: center;\">1.935,00 \u20ac<\/td>\n<td>\n<p style=\"text-align: center;\">2.500,00 \u20ac<\/p>\n<\/td>\n<\/tr>\n<\/tbody>\n<\/table>\n<p>&nbsp;<\/p>\n<p style=\"text-align: justify;\"><strong>Nota importante:<\/strong> No autocarro \u00e9 permitido o transporte de uma mala (m\u00e1ximo 20 kg), mais uma mala de m\u00e3o (m\u00e1ximo 10 kg). Por raz\u00f5es log\u00edsticas, o programa pode sofrer altera\u00e7\u00e3o na ordem das visitas, ou inclusive realizar-se em sentido inverso, n\u00e3o alterando nenhuma das condi\u00e7\u00f5es do mesmo.<\/p>\n<p>&nbsp;<\/p>\n<p style=\"text-align: justify;\"><strong>Nota 1:<\/strong>\u00a0Os quartos triplos, s\u00e3o compostos por 1 ou 2 camas, mais 1 cama extra. As condi\u00e7\u00f5es de conforto s\u00e3o menores do que as dos quartos duplos. A reserva de um quarto triplo, implica a aceita\u00e7\u00e3o deste facto.<\/p>\n<p>&nbsp;<\/p>\n<p style=\"text-align: justify;\"><strong>Nota 2:<\/strong> Este programa foi calculado com base na companhia a\u00e9rea TAP, em cabine econ\u00f3mica, tarifa em classe L. Caso n\u00e3o haja disponibilidade de lugares nessa tarifa, ser\u00e1 proposto em alternativa o escal\u00e3o tarif\u00e1rio seguinte dispon\u00edvel, ou outra companhia a\u00e9rea, mediante um suplemento a informar.<\/p>\n<p>&nbsp;<\/p>\n<p><strong>Suplemento de tarifa a\u00e9rea com a TAP (Partida do Porto \u2013 consulte-nos):<\/strong><\/p>\n<p>&nbsp;<\/p>\n<table>\n<tbody>\n<tr>\n<td>\n<p style=\"text-align: center;\"><strong>Per\u00edodo:<\/strong><\/p>\n<\/td>\n<td style=\"text-align: center;\"><strong>Classe E<\/strong><\/td>\n<td style=\"text-align: center;\"><strong>Classe U<\/strong><\/td>\n<td style=\"text-align: center;\"><strong>Classe L<\/strong><\/td>\n<td>\n<p style=\"text-align: center;\"><strong>Classe K<\/strong><\/p>\n<\/td>\n<\/tr>\n<tr>\n<td>\n<p style=\"text-align: center;\"><strong>18\/07\/26 a 15\/08\/26<\/strong><\/p>\n<\/td>\n<td style=\"text-align: center;\">Sem supl.<\/td>\n<td style=\"text-align: center;\">24,00 \u20ac<\/td>\n<td style=\"text-align: center;\">52,00 \u20ac<\/td>\n<td>\n<p style=\"text-align: center;\">84,00 \u20ac<\/p>\n<\/td>\n<\/tr>\n<\/tbody>\n<\/table>\n<p><strong>\u00a0<\/strong><\/p>\n<p><strong>O pre\u00e7o inclui:<\/strong><\/p>\n<p>- Passagem a\u00e9rea em voos regulares, em classe econ\u00f3mica, para o percurso indicado incluindo o transporte de bagagem de por\u00e3o;<\/p>\n<p>- Taxas de aeroporto, seguran\u00e7a e combust\u00edvel no valor de 110,00 \u20ac (sujeito a altera\u00e7\u00e3o, a reconfirmar na data da emiss\u00e3o dos bilhetes);<\/p>\n<p>- Alojamento nos hot\u00e9is previstos ou similares em quarto standard com pequeno-almo\u00e7o;<\/p>\n<p>- Refei\u00e7\u00f5es de acordo com o indicado no itiner\u00e1rio (01 almo\u00e7o);<\/p>\n<p>- Circuito em servi\u00e7o regular (em conjunto com outros participantes), acompanhado de guia local bilingue de l\u00edngua espanhola e italiana;<br \/>\n- Transporte em autocarro, minibus ou van (de acordo com o n\u00famero de participantes);<\/p>\n<p>- Visitas de acordo com o indicado no itiner\u00e1rio;<\/p>\n<p>- Cruzeiro no Canal G\u00f6ta;<\/p>\n<p>- Taxas de servi\u00e7o e IVA;<\/p>\n<p>- Seguro de viagem.<\/p>\n<p>&nbsp;<\/p>\n<p><strong>O pre\u00e7o n\u00e3o inclui:<br \/>\n<\/strong>- Transporte aeroporto \/ hotel \/aeroporto;<strong><br \/>\n<\/strong>- Bebidas \u00e0s refei\u00e7\u00f5es;<\/p>\n<p>- Servi\u00e7o de bagageiros;<br \/>\n- Gratifica\u00e7\u00f5es;<\/p>\n<p>- Extras e actividades de car\u00e1cter pessoal;<br \/>\n- Todos os servi\u00e7os n\u00e3o indicados como inclu\u00eddos.<\/p>\n<p>&nbsp;<\/p>\n<p><strong>Seguro de viagem:<\/strong><\/p>\n<p>- Todas as viagens organizadas pela MundoNovo Viagens est\u00e3o cobertas por um seguro de viagem (<a href=\"https:\/\/www.mundonovoviagens.pt\/wp-content\/uploads\/2025\/02\/MundoNovo-Multiviagens-Plus-1.pdf?x78457&amp;x70114&amp;x48172&amp;x23938&amp;x23938\" target=\"_blank\" rel=\"noopener\">Multiviagens Plus 1<\/a>);<br \/>\n- Adicionalmente propomos o seguro \u00a0<a href=\"https:\/\/www.mundonovoviagens.pt\/wp-content\/uploads\/2025\/02\/MundoNovo-Multiviagens-Premium.pdf?x78457&amp;x70114&amp;x48172&amp;x23938&amp;x23938\" target=\"_blank\" rel=\"noopener\">Multiviagens Premium<\/a>\u00a0(valor das coberturas superior), mediante um suplemento de 30\u20ac por pessoa;<br \/>\n- As condi\u00e7\u00f5es gerais de cada seguro poder\u00e3o ser consultadas na p\u00e1gina inicial do nosso site.<\/p>\n<p>&nbsp;<\/p>\n<p><strong>Condi\u00e7\u00f5es gerais de reserva e cancelamento:<\/strong><b><br \/>\n<\/b>Consultar a ficha de informa\u00e7\u00e3o normalizada (<a href=\"https:\/\/www.mundonovoviagens.pt\/index.php\/ficha-de-informacao-normalizada\/\" target=\"_blank\" rel=\"noopener\">FIN<\/a>) e\u00a0<a href=\"https:\/\/www.mundonovoviagens.pt\/index.php\/condicoes-gerais\/\" target=\"_blank\" rel=\"noopener\">condi\u00e7\u00f5es gerais<\/a>\u00a0indicadas no site.<\/p>\n<\/div>\n<\/div><\/div><\/div><\/div><\/div><\/div>\t\t\t\t\t\t<\/div>\n\t\t\t\t\t\t\t\t\t\t\t<div class=\"tab-pane  fade\" id=\"tab-informa\u00e7\u00f5es-destino\" role=\"tabpanel\">\n\t\t\t\t\t\t\t<div id=\"pl-w696fb83b9e12c\"  class=\"panel-layout\" ><div id=\"pg-w696fb83b9e12c-0\"  class=\"panel-grid panel-no-style\" ><div id=\"pgc-w696fb83b9e12c-0-0\"  class=\"panel-grid-cell\" ><div id=\"panel-w696fb83b9e12c-0-0-0\" class=\"so-panel widget widget_sow-editor panel-first-child panel-last-child\" data-index=\"0\" ><div class=\"panel-widget-style panel-widget-style-for-w696fb83b9e12c-0-0-0\" ><div\n\t\t\t\n\t\t\tclass=\"so-widget-sow-editor so-widget-sow-editor-base\"\n\t\t\t\n\t\t>\n<div class=\"siteorigin-widget-tinymce textwidget\">\n\t<p><span style=\"text-decoration: underline;\"><strong>Dinamarca<br \/>\n<\/strong><\/span><\/p>\n<p>&nbsp;<\/p>\n<p><strong>1 - Requisitos de entrada<br \/>\n<\/strong>Os cidad\u00e3os portugueses necessitam de Bilhete de Identidade\/Cart\u00e3o de Cidad\u00e3o ou passaporte v\u00e1lidos.<\/p>\n<p>&nbsp;<\/p>\n<p><strong>2 - Vacinas \/ Sa\u00fade<br \/>\n<\/strong>Vacina obrigat\u00f3ria: nenhuma<br \/>\nO Cart\u00e3o Europeu de Seguro de Doen\u00e7a \u00e9 aceite na rede de unidades de sa\u00fade e hospitais p\u00fablicos.<\/p>\n<p>&nbsp;<\/p>\n<p style=\"text-align: justify;\"><strong>3 - Clima<br \/>\n<\/strong>A Dinamarca encontra-se geograficamente situada no norte da Europa registando-se temperaturas negativas especialmente nos meses de Dezembro, Janeiro e Fevereiro. As temperaturas m\u00e9dias s\u00e3o de 16\u00baC no ver\u00e3o e 1\u00baCno Inverno.<\/p>\n<p>&nbsp;<\/p>\n<p><strong>4 - Idioma<br \/>\n<\/strong>A l\u00edngua oficial \u00e9 o dinamarqu\u00eas. Uma larga maioria da popula\u00e7\u00e3o fala ingl\u00eas.<\/p>\n<p>&nbsp;<\/p>\n<p><strong>5 - Moeda<br \/>\n<\/strong>A moeda oficial \u00e9 coroa dinamarquesa. S\u00e3o aceites a maioria dos cart\u00f5es de cr\u00e9dito.<\/p>\n<p>&nbsp;<\/p>\n<p><strong>6 - Diferen\u00e7a hor\u00e1ria<br \/>\n<\/strong>GMT\/UTC +01<\/p>\n<p>&nbsp;<\/p>\n<p><strong>7 - Eletricidade<br \/>\n<\/strong>230 V \/ 50 Hz (tomadas tipo E e K)<\/p>\n<p>&nbsp;<\/p>\n<p><strong>8 - Representa\u00e7\u00e3o Diplom\u00e1tica \/ Consular<br \/>\n<\/strong>Embaixada de Portugal em Copenhaga<br \/>\nMais informa\u00e7\u00f5es: <a href=\"https:\/\/portaldascomunidades.mne.gov.pt\/pt\/\" target=\"_blank\" rel=\"noopener\">www.portaldascomunidades.mne.pt\/<\/a><\/p>\n<p>&nbsp;<\/p>\n<p><strong>9 - Site oficial do turismo:<\/strong> <a href=\"https:\/\/www.visitdenmark.com\/\" target=\"_blank\" rel=\"noopener\">www.visitdenmark.com\/<\/a><\/p>\n<p>&nbsp;<\/p>\n<p><strong><u>Su\u00e9cia<\/u><\/strong><strong><u>\u00a0<\/u><\/strong><\/p>\n<p>&nbsp;<\/p>\n<p><strong>1 - Requisitos de entrada<br \/>\n<\/strong>Os cidad\u00e3os portugueses necessitam de bilhete de identidade\/ cart\u00e3o de cidad\u00e3o ou passaporte v\u00e1lidos. N\u00e3o \u00e9 obrigat\u00f3rio visto.<\/p>\n<p>&nbsp;<\/p>\n<p><strong>2 - Vacinas \/ Sa\u00fade<br \/>\n<\/strong>Vacina obrigat\u00f3ria: nenhuma<br \/>\nO Cart\u00e3o Europeu de Seguro de Doen\u00e7a \u00e9 aceite na rede hospitalar e cuidados de sa\u00fade.<\/p>\n<p>&nbsp;<\/p>\n<p style=\"text-align: justify;\"><strong>3 - Clima<br \/>\n<\/strong>O clima da \u00e9 temperado continental, com ver\u00f5es amenos e invernos rigorosos, com nev\u00f5es e temperaturas negativas frequentes. \u00a0As zonas alpinas s\u00e3o mais frias e chuvosas que o resto do pa\u00eds. O m\u00eas mais quente \u00e9 Julho, \u00e9poca do ano em que a temperatura pode atingir os 30\u00baC.<\/p>\n<p>&nbsp;<\/p>\n<p><strong>4 - Idioma<br \/>\n<\/strong>A l\u00edngua oficial \u00e9 o sueco.<\/p>\n<p>&nbsp;<\/p>\n<p><strong>5 - Moeda<br \/>\n<\/strong>A moeda oficial \u00e9 a coroa sueca. \u00a0Os grandes centros urbanos disp\u00f5em de caixas autom\u00e1ticas ATM, sendo poss\u00edvel utilizar a maior parte dos cart\u00f5es e portugueses.<\/p>\n<p>&nbsp;<\/p>\n<p><strong>6 - Diferen\u00e7a Hor\u00e1ria<br \/>\n<\/strong>UTC\/GMT +01<\/p>\n<p>&nbsp;<\/p>\n<p><strong>7 - Eletricidade<br \/>\n<\/strong>230 V \/ 50 Hz (tomadas tipo C e F)<\/p>\n<p>&nbsp;<\/p>\n<p><strong>8 - Representa\u00e7\u00e3o Diplom\u00e1tica \/ Consular<br \/>\n<\/strong>Embaixada de Portugal em Estocolmo<br \/>\nMais informa\u00e7\u00f5es: <a href=\"https:\/\/portaldascomunidades.mne.gov.pt\/pt\/\" target=\"_blank\" rel=\"noopener\">www.portaldascomunidades.mne.pt\/<\/a><\/p>\n<p>&nbsp;<\/p>\n<p><strong>9 - Site oficial do turismo:<\/strong>\u00a0<a href=\"https:\/\/visitsweden.com\/\" target=\"_blank\" rel=\"noopener\">www.visitsweden.com\/<\/a><\/p>\n<\/div>\n<\/div><\/div><\/div><\/div><\/div><\/div>\t\t\t\t\t\t<\/div>\n\t\t\t\t\t\t\t\t\t\t<\/div>\n\t\t\t\t\t\t\t<\/div>\n\n\t\t\t<\/div><div id=\"panel-444-0-0-1\" class=\"so-panel widget widget_sow-button panel-last-child\" data-index=\"1\" ><div\n\t\t\t\n\t\t\tclass=\"so-widget-sow-button so-widget-sow-button-flat-95cda3216a70-444\"\n\t\t\t\n\t\t><div class=\"ow-button-base ow-button-align-center\">\n\t<a\n\thref=\"https:\/\/www.mundonovoviagens.pt\/index.php\/contactos\/?wpf62_6=Assunto:%20172%20\u2013%20Encantos%20da%20Suecia%20e%20Dinamarca%20-%208%20dias\"\n\t\tclass=\"ow-icon-placement-left ow-button-hover\" \t>\n\t\t<span>\n\t\t\t\n\t\t\tCONTACTE-NOS\t\t<\/span>\n\t<\/a>\n<\/div>\n<\/div><\/div><\/div><\/div><\/div>","protected":false},"excerpt":{"rendered":"<p style=\"text-align: center;\"><strong>Circuito Regular com guia Bilingue em Espanhol\/Italiano<br \/>\n<\/strong><\/p>\n<p style=\"text-align: center;\">(Estocolmo, Canal de G\u00f6ta, Karlstad, Arquip\u00e9lago de Bohusl\u00e4n, Gotemburgo, Frederikshavn, Aarhus, Odense, Roskilde e Copenhaga)<\/p>\n","protected":false},"featured_media":2340,"template":"","meta":[],"product_brand":[],"product_cat":[15],"product_tag":[370,369,368,364,365,367,366,363],"class_list":{"0":"post-444","1":"product","2":"type-product","3":"status-publish","4":"has-post-thumbnail","6":"product_cat-europa","7":"product_tag-arquipelago-bohuslan","8":"product_tag-canal-gota","9":"product_tag-copenhaga","10":"product_tag-dinamarca","11":"product_tag-estocolmo","12":"product_tag-gotemburgo","13":"product_tag-karlstad","14":"product_tag-suecia","16":"first","17":"instock","18":"shipping-taxable","19":"product-type-simple"},"_links":{"self":[{"href":"https:\/\/www.mundonovoviagens.pt\/index.php\/wp-json\/wp\/v2\/product\/444","targetHints":{"allow":["GET"]}}],"collection":[{"href":"https:\/\/www.mundonovoviagens.pt\/index.php\/wp-json\/wp\/v2\/product"}],"about":[{"href":"https:\/\/www.mundonovoviagens.pt\/index.php\/wp-json\/wp\/v2\/types\/product"}],"wp:featuredmedia":[{"embeddable":true,"href":"https:\/\/www.mundonovoviagens.pt\/index.php\/wp-json\/wp\/v2\/media\/2340"}],"wp:attachment":[{"href":"https:\/\/www.mundonovoviagens.pt\/index.php\/wp-json\/wp\/v2\/media?parent=444"}],"wp:term":[{"taxonomy":"product_brand","embeddable":true,"href":"https:\/\/www.mundonovoviagens.pt\/index.php\/wp-json\/wp\/v2\/product_brand?post=444"},{"taxonomy":"product_cat","embeddable":true,"href":"https:\/\/www.mundonovoviagens.pt\/index.php\/wp-json\/wp\/v2\/product_cat?post=444"},{"taxonomy":"product_tag","embeddable":true,"href":"https:\/\/www.mundonovoviagens.pt\/index.php\/wp-json\/wp\/v2\/product_tag?post=444"}],"curies":[{"name":"wp","href":"https:\/\/api.w.org\/{rel}","templated":true}]}}