{"id":567,"date":"2022-05-29T17:19:18","date_gmt":"2022-05-29T17:19:18","guid":{"rendered":"https:\/\/www.mundonovoviagens.pt\/?post_type=product&#038;p=567"},"modified":"2026-02-19T10:56:35","modified_gmt":"2026-02-19T09:56:35","slug":"006-o-encanto-do-norte-da-alemanha-8-dias","status":"publish","type":"product","link":"https:\/\/www.mundonovoviagens.pt\/index.php\/produto\/006-o-encanto-do-norte-da-alemanha-8-dias\/","title":{"rendered":"006 &#8211; O Encanto do Norte da Alemanha \u2013 8 dias"},"content":{"rendered":"<div id=\"pl-567\"  class=\"panel-layout\" ><div id=\"pg-567-0\"  class=\"panel-grid panel-no-style\" ><div id=\"pgc-567-0-0\"  class=\"panel-grid-cell\" ><div id=\"panel-567-0-0-0\" class=\"so-panel widget widget_pt_tabs pt-widget-tabs panel-first-child\" data-index=\"0\" >\t\t\t<div class=\"pt-tabs\">\n\t\t\t\t\n\t\t\t\t\t\t\t\t\t<ul class=\"pt-tabs__navigation  nav  nav-tabs\" role=\"tablist\">\n\t\t\t\t\t\t\t\t\t\t\t\t\t<li class=\"nav-item\">\n\t\t\t\t\t\t\t\t<a class=\"nav-link  active\" data-toggle=\"tab\" href=\"#tab-itiner\u00c1rio\" role=\"tab\">ITINER\u00c1RIO<\/a>\n\t\t\t\t\t\t\t<\/li>\n\t\t\t\t\t\t\t\t\t\t\t\t\t<li class=\"nav-item\">\n\t\t\t\t\t\t\t\t<a class=\"nav-link\" data-toggle=\"tab\" href=\"#tab-pre\u00e7os-e-condi\u00e7\u00f5es\" role=\"tab\">Pre\u00e7os e Condi\u00e7\u00f5es<\/a>\n\t\t\t\t\t\t\t<\/li>\n\t\t\t\t\t\t\t\t\t\t\t\t\t<li class=\"nav-item\">\n\t\t\t\t\t\t\t\t<a class=\"nav-link\" data-toggle=\"tab\" href=\"#tab-informa\u00e7\u00f5es-destino\" role=\"tab\">Informa\u00e7\u00f5es Destino<\/a>\n\t\t\t\t\t\t\t<\/li>\n\t\t\t\t\t\t\t\t\t\t\t<\/ul>\n\n\t\t\t\t\t<div class=\"pt-tabs__content  tab-content\">\n\t\t\t\t\t\t\t\t\t\t\t<div class=\"tab-pane  fade  in  active\" id=\"tab-itiner\u00c1rio\" role=\"tabpanel\">\n\t\t\t\t\t\t\t<div id=\"pl-w6996de535ab5e\"  class=\"panel-layout\" ><div id=\"pg-w6996de535ab5e-0\"  class=\"panel-grid panel-no-style\" ><div id=\"pgc-w6996de535ab5e-0-0\"  class=\"panel-grid-cell\" ><div id=\"panel-w6996de535ab5e-0-0-0\" class=\"so-panel widget widget_sow-editor panel-first-child\" data-index=\"0\" ><div class=\"panel-widget-style panel-widget-style-for-w6996de535ab5e-0-0-0\" ><div\n\t\t\t\n\t\t\tclass=\"so-widget-sow-editor so-widget-sow-editor-base\"\n\t\t\t\n\t\t><h3 class=\"widget-title\">1\u00ba. Dia - PORTUGAL \/ FRANKFURT<\/h3>\n<div class=\"siteorigin-widget-tinymce textwidget\">\n\t<p style=\"text-align: justify;\">Compar\u00eancia no aeroporto 120 minutos antes da hora prevista para a partida. Formalidades de embarque e partida com destino a Frankfurt. Chegada e transporte para o hotel. Alojamento.<\/p>\n<\/div>\n<\/div><\/div><\/div><div id=\"panel-w6996de535ab5e-0-0-1\" class=\"so-panel widget widget_sow-editor\" data-index=\"1\" ><div class=\"panel-widget-style panel-widget-style-for-w6996de535ab5e-0-0-1\" ><div\n\t\t\t\n\t\t\tclass=\"so-widget-sow-editor so-widget-sow-editor-base\"\n\t\t\t\n\t\t><h3 class=\"widget-title\">2\u00ba. Dia \u2013 FRANKFURT \/ R\u00dcDESHEIM \/ ST. GOAR \/ COL\u00d3NIA <\/h3>\n<div class=\"siteorigin-widget-tinymce textwidget\">\n\t<p style=\"text-align: justify;\">Pequeno-almo\u00e7o no hotel. De manh\u00e3, sa\u00edda para R\u00fcdesheim. Breve visita pelo centro hist\u00f3rico da cidade. De seguida, faremos um pequeno cruzeiro pelo percurso mais pitoresco do rio Reno: o vale de Loreley. Desembarque em St. Goar e continua\u00e7\u00e3o da viagem at\u00e9 \u00e0 cidade de Col\u00f3nia. Chegada e passeio pela cidade. Alojamento.<\/p>\n<\/div>\n<\/div><\/div><\/div><div id=\"panel-w6996de535ab5e-0-0-2\" class=\"so-panel widget widget_sow-editor\" data-index=\"2\" ><div class=\"panel-widget-style panel-widget-style-for-w6996de535ab5e-0-0-2\" ><div\n\t\t\t\n\t\t\tclass=\"so-widget-sow-editor so-widget-sow-editor-base\"\n\t\t\t\n\t\t><h3 class=\"widget-title\">3\u00ba. Dia \u2013 COL\u00d3NIA \/ HAMBURGO <\/h3>\n<div class=\"siteorigin-widget-tinymce textwidget\">\n\t<p style=\"text-align: justify;\">Pequeno-almo\u00e7o no hotel. Partida a Hamburgo. Chegada e visita panor\u00e2mica da cidade, conhecida mundialmente pelas suas elegantes avenidas, o seu porto - o segundo maior da Europa e pelo conhecido bairro de St. Pauli. Alojamento.<\/p>\n<\/div>\n<\/div><\/div><\/div><div id=\"panel-w6996de535ab5e-0-0-3\" class=\"so-panel widget widget_sow-editor\" data-index=\"3\" ><div class=\"panel-widget-style panel-widget-style-for-w6996de535ab5e-0-0-3\" ><div\n\t\t\t\n\t\t\tclass=\"so-widget-sow-editor so-widget-sow-editor-base\"\n\t\t\t\n\t\t><h3 class=\"widget-title\">4\u00ba. Dia - HAMBURGO \/ BERLIM<\/h3>\n<div class=\"siteorigin-widget-tinymce textwidget\">\n\t<p style=\"text-align: justify;\">Pequeno-almo\u00e7o no hotel. Manh\u00e3 livre. De tarde, partida para Berlim. Chegada e tempo livre para desfrutar desta cosmopolita cidade, que apesar de n\u00e3o ter um centro hist\u00f3rico t\u00edpico, fascina pela sua multiplicidade dos seus monumentos e atra\u00e7\u00f5es, que refletem a longa hist\u00f3ria da capital alem\u00e3. Alojamento.<\/p>\n<\/div>\n<\/div><\/div><\/div><div id=\"panel-w6996de535ab5e-0-0-4\" class=\"so-panel widget widget_sow-editor\" data-index=\"4\" ><div class=\"panel-widget-style panel-widget-style-for-w6996de535ab5e-0-0-4\" ><div\n\t\t\t\n\t\t\tclass=\"so-widget-sow-editor so-widget-sow-editor-base\"\n\t\t\t\n\t\t><h3 class=\"widget-title\">5\u00ba. Dia \u2013 BERLIM <\/h3>\n<div class=\"siteorigin-widget-tinymce textwidget\">\n\t<p style=\"text-align: justify;\">Pequeno-almo\u00e7o no hotel. De manh\u00e3, sa\u00edda para visita desta magn\u00edfica cidade e a sua fascinante hist\u00f3ria do s\u00e9culo XX. A capital da Rep\u00fablica de Weimar e do Terceiro Reich foi dividida em duas partes por um muro que anos depois se reencontraram marcando o fim da guerra fria. Durante a visita, subida \u00e0 torre da televis\u00e3o, onde desfrutar\u00e1 de uma vista sobre toda a cidade. De seguida, ir\u00e1 conhecer locais hist\u00f3ricos como a Avenida \u201cUnter den Linden\u201c, o Port\u00e3o de Brandemburgo e o Memorial do Holocausto. Passagem ainda pela parte mais moderna da capital como o Parlamento Alem\u00e3o e a Pra\u00e7a \u201cPotsdamer Platz\u201d. Tarde livre. Alojamento.<\/p>\n<\/div>\n<\/div><\/div><\/div><div id=\"panel-w6996de535ab5e-0-0-5\" class=\"so-panel widget widget_sow-editor\" data-index=\"5\" ><div class=\"panel-widget-style panel-widget-style-for-w6996de535ab5e-0-0-5\" ><div\n\t\t\t\n\t\t\tclass=\"so-widget-sow-editor so-widget-sow-editor-base\"\n\t\t\t\n\t\t><h3 class=\"widget-title\">6\u00ba. Dia \u2013 BERLIM \/ POTSDAM \/ ERFURT<\/h3>\n<div class=\"siteorigin-widget-tinymce textwidget\">\n\t<p style=\"text-align: justify;\">Pequeno-almo\u00e7o no hotel. Partida para Potsdam a cidade dos Reis da Pr\u00fassia, onde visitar\u00e1 o parque e o Pal\u00e1cio de Sanssouci (UNESCO). Continua\u00e7\u00e3o para Erfurt, cidade conhecida como a \u201cRoma da Tur\u00edngia\u201d pela sua beleza arquitect\u00f3nica. Chegada e alojamento.<\/p>\n<\/div>\n<\/div><\/div><\/div><div id=\"panel-w6996de535ab5e-0-0-6\" class=\"so-panel widget widget_sow-editor\" data-index=\"6\" ><div class=\"panel-widget-style panel-widget-style-for-w6996de535ab5e-0-0-6\" ><div\n\t\t\t\n\t\t\tclass=\"so-widget-sow-editor so-widget-sow-editor-base\"\n\t\t\t\n\t\t><h3 class=\"widget-title\">7\u00ba. Dia \u2013 ERFURT \/ FRANKFURT <\/h3>\n<div class=\"siteorigin-widget-tinymce textwidget\">\n\t<p>Pequeno-almo\u00e7o no hotel. De manh\u00e3, tempo livre para desfrutar da cidade. Continua\u00e7\u00e3o para Frankfurt. Chegada e alojamento.<\/p>\n<\/div>\n<\/div><\/div><\/div><div id=\"panel-w6996de535ab5e-0-0-7\" class=\"so-panel widget widget_sow-editor panel-last-child\" data-index=\"7\" ><div class=\"panel-widget-style panel-widget-style-for-w6996de535ab5e-0-0-7\" ><div\n\t\t\t\n\t\t\tclass=\"so-widget-sow-editor so-widget-sow-editor-base\"\n\t\t\t\n\t\t><h3 class=\"widget-title\">8\u00ba. Dia - FRANKFURT \/ PORTUGAL<\/h3>\n<div class=\"siteorigin-widget-tinymce textwidget\">\n\t<p style=\"text-align: justify;\">Pequeno-almo\u00e7o no hotel. Transporte por conta pr\u00f3pria para o aeroporto. Formalidades de embarque e partida com destino a Portugal. Chegada.<br \/>\nFim dos nossos servi\u00e7os.<\/p>\n<\/div>\n<\/div><\/div><\/div><\/div><\/div><\/div>\t\t\t\t\t\t<\/div>\n\t\t\t\t\t\t\t\t\t\t\t<div class=\"tab-pane  fade\" id=\"tab-pre\u00e7os-e-condi\u00e7\u00f5es\" role=\"tabpanel\">\n\t\t\t\t\t\t\t<div id=\"pl-w6996de535ab62\"  class=\"panel-layout\" ><div id=\"pg-w6996de535ab62-0\"  class=\"panel-grid panel-no-style\" ><div id=\"pgc-w6996de535ab62-0-0\"  class=\"panel-grid-cell\" ><div id=\"panel-w6996de535ab62-0-0-0\" class=\"so-panel widget widget_sow-editor panel-first-child panel-last-child\" data-index=\"0\" ><div class=\"panel-widget-style panel-widget-style-for-w6996de535ab62-0-0-0\" ><div\n\t\t\t\n\t\t\tclass=\"so-widget-sow-editor so-widget-sow-editor-base\"\n\t\t\t\n\t\t>\n<div class=\"siteorigin-widget-tinymce textwidget\">\n\t<p><strong>DATAS de PARTIDA 2026:<\/strong><\/p>\n<p>&nbsp;<\/p>\n<p><strong>ABRIL: <\/strong>20<strong>;<\/strong><span style=\"color: #0000ff;\">\u00a0 \u00a0<\/span><strong>JUNHO: <\/strong>01;\u00a0 \u00a0<strong>JULHO:\u00a0<\/strong>06<\/p>\n<p><strong>AGOSTO: <\/strong>03;\u00a0 \u00a0<strong>SETEMBRO: <\/strong>14<strong>;\u00a0 \u00a0<\/strong><strong>OUTUBRO:<\/strong> 12<\/p>\n<p>&nbsp;<\/p>\n<p><strong>Pre\u00e7os por pessoa segundo ocupa\u00e7\u00e3o do quarto (m\u00ednimo 2 participantes):<\/strong><\/p>\n<p>&nbsp;<\/p>\n<p><strong>HOT\u00c9IS PREVISTOS ou SIMILARES:<\/strong><\/p>\n<p>&nbsp;<\/p>\n<p><strong>FRANKFURT <\/strong>\u2013 <a href=\"https:\/\/www.movenpick.com\/en\/europe\/germany\/frankfurt\/hotel-frankfurt-city.html?utm_source=google&amp;utm_medium=local&amp;utm_campaign=hotel-MHR-Frankfurt-City&amp;y_source=1_MTUzNjI2OTQtNzE1LWxvY2F0aW9uLndlYnNpdGU%3D\" target=\"_blank\" rel=\"noopener\">Hotel Movenpick Frankfurt<\/a> 4*<\/p>\n<p><strong>COL\u00d3NIA <\/strong>\u2013 <a href=\"https:\/\/www.maritim.de\/de\/hotels\/deutschland\/hotel-koeln\/unser-hotel?utm_campaign=yext&amp;utm_source=kol&amp;utm_medium=local\" target=\"_blank\" rel=\"noopener\">Maritim Hotel Koln<\/a>\u00a04*<\/p>\n<p><strong>HAMBURGO<\/strong> \u2013 <a href=\"https:\/\/www.ihg.com\/holidayinn\/hotels\/gb\/en\/hamburg\/hamef\/hoteldetail?cm_mmc=GoogleMaps-_-HI-_-DE-_-HAMEF\" target=\"_blank\" rel=\"noopener\">Hotel Holiday Inn Hamburg Berliner Tor<\/a> 4*<\/p>\n<p><strong>BERLIM<\/strong> \u2013 <a href=\"https:\/\/plazahotels.de\/hotel-berlin\/\" target=\"_blank\" rel=\"noopener\">Best Western Plus Berlin<\/a> 4*<\/p>\n<p><strong>ERFURT<\/strong> \u2013 <a href=\"https:\/\/www.bestwestern.pt\/booking-path\/hotel-details\/best-western-plus-hotel-excelsior-erfurt-95197\" target=\"_blank\" rel=\"noopener\">Best Western Plus Hotel Excelsior<\/a> 4*<\/p>\n<p>&nbsp;<\/p>\n<table>\n<tbody>\n<tr>\n<td>\n<p style=\"text-align: center;\"><strong>PER\u00cdODO<\/strong><\/p>\n<\/td>\n<td style=\"text-align: center;\"><strong>TRIPLO<\/strong><\/td>\n<td style=\"text-align: center;\"><strong>DUPLO<\/strong><\/td>\n<td>\n<p style=\"text-align: center;\"><strong>SINGLE<\/strong><\/p>\n<\/td>\n<\/tr>\n<tr>\n<td>\n<p style=\"text-align: center;\"><strong>20\/04\/26<br \/>\n01\/06\/26<\/strong><\/p>\n<p style=\"text-align: center;\"><strong>06\/07\/26<\/strong><\/p>\n<p style=\"text-align: center;\"><strong>03\/08\/26<\/strong><\/p>\n<p style=\"text-align: center;\"><strong>14\/09\/26<\/strong><\/p>\n<p style=\"text-align: center;\"><strong>12\/10\/26<\/strong><\/p>\n<\/td>\n<td style=\"text-align: center;\">1.850,00 \u20ac<\/td>\n<td style=\"text-align: center;\">1.880,00 \u20ac<\/td>\n<td>\n<p style=\"text-align: center;\">2.390,00 \u20ac<\/p>\n<\/td>\n<\/tr>\n<\/tbody>\n<\/table>\n<p>&nbsp;<\/p>\n<p style=\"text-align: justify;\"><strong>NOTA*:<\/strong> Os quartos triplos, s\u00e3o compostos por 1 ou 2 camas, mais 1 cama extra. As condi\u00e7\u00f5es de conforto s\u00e3o menores do que as dos quartos duplos. A reserva de um quarto triplo, implica a aceita\u00e7\u00e3o deste facto.<\/p>\n<p><strong>\u00a0<\/strong><\/p>\n<p style=\"text-align: justify;\"><strong>NOTA 1:<\/strong> \u00a0Este programa foi calculado com base na companhia a\u00e9rea Lufthansa em cabine econ\u00f3mica, tarifa em classe K. Caso n\u00e3o haja disponibilidade de lugares nessa tarifa, ser\u00e1 proposto em alternativa o escal\u00e3o tarif\u00e1rio seguinte dispon\u00edvel, ou outra companhia a\u00e9rea, mediante um suplemento a informar.<\/p>\n<p>&nbsp;<\/p>\n<p><strong>Suplemento de tarifa a\u00e9rea com a Lufthansa (Porto ou Lisboa):<\/strong><\/p>\n<p>&nbsp;<\/p>\n<table>\n<tbody>\n<tr>\n<td>\n<p style=\"text-align: center;\"><strong>Per\u00edodo:<\/strong><\/p>\n<\/td>\n<td style=\"text-align: center;\"><strong>Classe K<\/strong><\/td>\n<td style=\"text-align: center;\"><strong>Classe L<\/strong><\/td>\n<td style=\"text-align: center;\"><strong>Classe T<\/strong><\/td>\n<td>\n<p style=\"text-align: center;\"><strong>Classe S<\/strong><\/p>\n<\/td>\n<\/tr>\n<tr>\n<td>\n<p style=\"text-align: center;\"><strong>20\/04\/26 a 12\/10\/26<\/strong><\/p>\n<\/td>\n<td style=\"text-align: center;\">Sem supl.<\/td>\n<td style=\"text-align: center;\">40,00 \u20ac<\/td>\n<td style=\"text-align: center;\">87,00 \u20ac<\/td>\n<td>\n<p style=\"text-align: center;\">150,00 \u20ac<\/p>\n<\/td>\n<\/tr>\n<\/tbody>\n<\/table>\n<p>&nbsp;<\/p>\n<p>&nbsp;<\/p>\n<p><strong>O pre\u00e7o inclui:<\/strong><\/p>\n<p>- Passagem a\u00e9rea em voos regulares, em classe econ\u00f3mica, para o percurso indicado, incluindo o transporte de bagagem de por\u00e3o;<\/p>\n<p>- Taxas de aeroporto, seguran\u00e7a e combust\u00edvel no valor de 120,00 \u20ac (sujeito a altera\u00e7\u00e3o, a reconfirmar na data da emiss\u00e3o dos bilhetes);<br \/>\n- Transporte aeroporto de Frankfurt \/ hotel;<\/p>\n<p>- Alojamento nos hot\u00e9is previstos ou similares em quarto standard com pequeno-almo\u00e7o;<\/p>\n<p>- Circuito em servi\u00e7o regular (em conjunto com outros participantes), acompanhado de guia local bilingue espanhol\/portugu\u00eas;<\/p>\n<p>- Transporte em autocarro, minibus ou van (de acordo com o n\u00famero de participantes) ;<\/p>\n<p>- Visitas de acordo com o indicado no itiner\u00e1rio, incluindo entrada no Pal\u00e1cio Sanssouci em Potsdam;<\/p>\n<p>- Passeio de barco pelo rio Reno;<\/p>\n<p>- Subida \u00e0 torre da televis\u00e3o em Berlim;<\/p>\n<p>- Taxas de servi\u00e7o e IVA;<\/p>\n<p>- Seguro de viagem.<\/p>\n<p>&nbsp;<\/p>\n<p><strong>O pre\u00e7o n\u00e3o inclui:<\/strong><\/p>\n<p>- Transporte hotel \/ aeroporto de Frankfurt<strong>;<\/strong><strong><br \/>\n<\/strong>- Servi\u00e7o de bagageiros;<br \/>\n- Gratifica\u00e7\u00f5es;<br \/>\n- Taxas tur\u00edsticas e\/ou municipais (pagamento local nos hot\u00e9is);<br \/>\n- Extras e actividades de car\u00e1cter pessoal;<br \/>\n- Todos os servi\u00e7os n\u00e3o indicados como inclu\u00eddos.<\/p>\n<p>&nbsp;<\/p>\n<p><strong>Seguro de viagem:<\/strong><\/p>\n<p>- Todas as viagens organizadas pela MundoNovo Viagens est\u00e3o cobertas por um seguro de viagem (<a href=\"https:\/\/www.mundonovoviagens.pt\/wp-content\/uploads\/2025\/02\/MundoNovo-Multiviagens-Plus-1.pdf?x78457&amp;x70114&amp;x48172&amp;x23938&amp;x23938\" target=\"_blank\" rel=\"noopener\">Multiviagens Plus 1<\/a>);<br \/>\n- Adicionalmente propomos o seguro <a href=\"https:\/\/www.mundonovoviagens.pt\/wp-content\/uploads\/2025\/02\/MundoNovo-Multiviagens-Premium.pdf?x78457&amp;x70114&amp;x48172&amp;x23938&amp;x23938\" target=\"_blank\" rel=\"noopener\">Multiviagens Premium<\/a>\u00a0(valor das coberturas superior), mediante um suplemento de 30\u20ac por pessoa;<br \/>\n- As condi\u00e7\u00f5es gerais de cada seguro poder\u00e3o ser consultadas na p\u00e1gina inicial do nosso site.<\/p>\n<p>&nbsp;<\/p>\n<p><strong>Condi\u00e7\u00f5es gerais de reserva e cancelamento:<\/strong><b><br \/>\n<\/b>Consultar a ficha de informa\u00e7\u00e3o normalizada (<a href=\"https:\/\/www.mundonovoviagens.pt\/index.php\/ficha-de-informacao-normalizada\/\" target=\"_blank\" rel=\"noopener\">FIN<\/a>) e\u00a0<a href=\"https:\/\/www.mundonovoviagens.pt\/index.php\/condicoes-gerais\/\" target=\"_blank\" rel=\"noopener\">condi\u00e7\u00f5es gerais<\/a>\u00a0indicadas no site.<\/p>\n<\/div>\n<\/div><\/div><\/div><\/div><\/div><\/div>\t\t\t\t\t\t<\/div>\n\t\t\t\t\t\t\t\t\t\t\t<div class=\"tab-pane  fade\" id=\"tab-informa\u00e7\u00f5es-destino\" role=\"tabpanel\">\n\t\t\t\t\t\t\t<div id=\"pl-w6996de535ab64\"  class=\"panel-layout\" ><div id=\"pg-w6996de535ab64-0\"  class=\"panel-grid panel-no-style\" ><div id=\"pgc-w6996de535ab64-0-0\"  class=\"panel-grid-cell\" ><div id=\"panel-w6996de535ab64-0-0-0\" class=\"so-panel widget widget_sow-editor panel-first-child panel-last-child\" data-index=\"0\" ><div class=\"panel-widget-style panel-widget-style-for-w6996de535ab64-0-0-0\" ><div\n\t\t\t\n\t\t\tclass=\"so-widget-sow-editor so-widget-sow-editor-base\"\n\t\t\t\n\t\t>\n<div class=\"siteorigin-widget-tinymce textwidget\">\n\t<p><strong>1 - Requisitos de entrada<\/strong><br \/>\nOs cidad\u00e3os portugueses necessitam de Bilhete de Identidade\/Cart\u00e3o de Cidad\u00e3o ou passaporte v\u00e1lidos.<\/p>\n<p>&nbsp;<\/p>\n<p style=\"text-align: justify;\"><strong>2 \u2013 Vacinas \/ Sa\u00fade<\/strong><br \/>\nVacina obrigat\u00f3ria: nenhuma.<br \/>\nRecomenda-se que obtenha o Cart\u00e3o Europeu de Seguro de Doen\u00e7a, que assegura aos viajantes a presta\u00e7\u00e3o de tratamentos e actos m\u00e9dicos urgentes, em estabelecimento da rede p\u00fablica, imediatamente necess\u00e1rios em situa\u00e7\u00e3o de doen\u00e7a s\u00fabita, acidente ou maternidade.<\/p>\n<p>&nbsp;<\/p>\n<p style=\"text-align: justify;\"><strong>3 - Clima<\/strong><br \/>\nClima continental moderado com ver\u00f5es quentes e h\u00famidos e invernos frios e secos, com algumas excep\u00e7\u00f5es nas zonas costeiras. Nos meses de Inverno, neve e gelo n\u00e3o apenas nas regi\u00f5es montanhosas, mas tamb\u00e9m nas grandes cidades e at\u00e9 na capital, Berlim. Entre outras, \u00e9 aconselh\u00e1vel o uso de roupas e cal\u00e7ado adequados a temperaturas negativas durante os meses de dezembro a mar\u00e7o.<\/p>\n<p>&nbsp;<\/p>\n<p><strong>4 - Idioma<\/strong><br \/>\nA l\u00edngua oficial \u00e9 o alem\u00e3o; ingl\u00eas \u00e9 a principal l\u00edngua estrangeira utilizada.<\/p>\n<p>&nbsp;<\/p>\n<p><strong>5 - Moeda<\/strong><br \/>\nA divisa \u00e9 o Euro. Os cart\u00f5es de cr\u00e9dito s\u00e3o bem aceites; o pa\u00eds tem uma vasta rede ATM\u00b4s.<\/p>\n<p>&nbsp;<\/p>\n<p><strong>6 - Diferen\u00e7a hor\u00e1ria<\/strong><br \/>\nGMT\/UTC +01<\/p>\n<p>&nbsp;<\/p>\n<p><strong>7 - Eletricidade<\/strong><br \/>\n230 V\/ 50 Hz (tomadas tipo C e F)<\/p>\n<p>&nbsp;<\/p>\n<p><strong>8 \u2013 Representa\u00e7\u00e3o diplom\u00e1tica\/ consular<br \/>\n<\/strong>Embaixada de Portugal em Berlim.<br \/>\nMais informa\u00e7\u00f5es:\u00a0<a href=\"https:\/\/portaldascomunidades.mne.gov.pt\/pt\/\" target=\"_blank\" rel=\"noopener\">www.portaldascomunidades.mne.pt<\/a><\/p>\n<p>&nbsp;<\/p>\n<p><strong>9 \u2013 Site oficial do turismo: <\/strong><a href=\"http:\/\/www.germany.travel\/en\/home.html\" target=\"_blank\" rel=\"noopener\">www.germany.travel\/en\/home.html<\/a><\/p>\n<\/div>\n<\/div><\/div><\/div><\/div><\/div><\/div>\t\t\t\t\t\t<\/div>\n\t\t\t\t\t\t\t\t\t\t<\/div>\n\t\t\t\t\t\t\t<\/div>\n\n\t\t\t<\/div><div id=\"panel-567-0-0-1\" class=\"so-panel widget widget_sow-button panel-last-child\" data-index=\"1\" ><div\n\t\t\t\n\t\t\tclass=\"so-widget-sow-button so-widget-sow-button-flat-95cda3216a70-567\"\n\t\t\t\n\t\t><div class=\"ow-button-base ow-button-align-center\">\n\t<a\n\thref=\"https:\/\/www.mundonovoviagens.pt\/index.php\/contactos\/?wpf62_6=Assunto:%20006%20-%20O%20Encanto%20do%20Norte%20da%20Alemanha%20\u2013%208%20dias\"\n\t\tclass=\"ow-icon-placement-left ow-button-hover\" \t>\n\t\t<span>\n\t\t\t\n\t\t\tCONTACTE-NOS\t\t<\/span>\n\t<\/a>\n<\/div>\n<\/div><\/div><\/div><\/div><\/div>","protected":false},"excerpt":{"rendered":"<p style=\"text-align: center;\"><strong>Circuito Regular com guia bilingue em Espanhol \/ Portugu\u00eas<br \/>\n<\/strong>(Frankfurt, R\u00fcdesheim, St. Goar, Col\u00f3nia, Hamburgo, Berlim, Potsdam e Erfurt)<\/p>\n","protected":false},"featured_media":2390,"template":"","meta":[],"product_brand":[],"product_cat":[15],"product_tag":[253,263,261,265,262,264,260],"class_list":{"0":"post-567","1":"product","2":"type-product","3":"status-publish","4":"has-post-thumbnail","6":"product_cat-europa","7":"product_tag-alemanha","8":"product_tag-berlim","9":"product_tag-colonia","10":"product_tag-frankfurt","11":"product_tag-hamburgo","12":"product_tag-postdam","13":"product_tag-rio-reno","15":"first","16":"instock","17":"shipping-taxable","18":"product-type-simple"},"_links":{"self":[{"href":"https:\/\/www.mundonovoviagens.pt\/index.php\/wp-json\/wp\/v2\/product\/567","targetHints":{"allow":["GET"]}}],"collection":[{"href":"https:\/\/www.mundonovoviagens.pt\/index.php\/wp-json\/wp\/v2\/product"}],"about":[{"href":"https:\/\/www.mundonovoviagens.pt\/index.php\/wp-json\/wp\/v2\/types\/product"}],"wp:featuredmedia":[{"embeddable":true,"href":"https:\/\/www.mundonovoviagens.pt\/index.php\/wp-json\/wp\/v2\/media\/2390"}],"wp:attachment":[{"href":"https:\/\/www.mundonovoviagens.pt\/index.php\/wp-json\/wp\/v2\/media?parent=567"}],"wp:term":[{"taxonomy":"product_brand","embeddable":true,"href":"https:\/\/www.mundonovoviagens.pt\/index.php\/wp-json\/wp\/v2\/product_brand?post=567"},{"taxonomy":"product_cat","embeddable":true,"href":"https:\/\/www.mundonovoviagens.pt\/index.php\/wp-json\/wp\/v2\/product_cat?post=567"},{"taxonomy":"product_tag","embeddable":true,"href":"https:\/\/www.mundonovoviagens.pt\/index.php\/wp-json\/wp\/v2\/product_tag?post=567"}],"curies":[{"name":"wp","href":"https:\/\/api.w.org\/{rel}","templated":true}]}}