{"id":593,"date":"2022-05-29T21:18:43","date_gmt":"2022-05-29T21:18:43","guid":{"rendered":"https:\/\/www.mundonovoviagens.pt\/?post_type=product&#038;p=593"},"modified":"2026-02-19T13:28:47","modified_gmt":"2026-02-19T12:28:47","slug":"01-terra-dos-fiordes-e-stavanger-8-dias","status":"publish","type":"product","link":"https:\/\/www.mundonovoviagens.pt\/index.php\/produto\/01-terra-dos-fiordes-e-stavanger-8-dias\/","title":{"rendered":"130 &#8211; Terra dos Fiordes e Stavanger \u2013 8 dias"},"content":{"rendered":"<div id=\"pl-593\"  class=\"panel-layout\" ><div id=\"pg-593-0\"  class=\"panel-grid panel-no-style\" ><div id=\"pgc-593-0-0\"  class=\"panel-grid-cell\" ><div id=\"panel-593-0-0-0\" class=\"so-panel widget widget_pt_tabs pt-widget-tabs panel-first-child\" data-index=\"0\" >\t\t\t<div class=\"pt-tabs\">\n\t\t\t\t\n\t\t\t\t\t\t\t\t\t<ul class=\"pt-tabs__navigation  nav  nav-tabs\" role=\"tablist\">\n\t\t\t\t\t\t\t\t\t\t\t\t\t<li class=\"nav-item\">\n\t\t\t\t\t\t\t\t<a class=\"nav-link  active\" data-toggle=\"tab\" href=\"#tab-itiner\u00c1rio\" role=\"tab\">ITINER\u00c1RIO<\/a>\n\t\t\t\t\t\t\t<\/li>\n\t\t\t\t\t\t\t\t\t\t\t\t\t<li class=\"nav-item\">\n\t\t\t\t\t\t\t\t<a class=\"nav-link\" data-toggle=\"tab\" href=\"#tab-pre\u00e7os-e-condi\u00e7\u00f5es\" role=\"tab\">Pre\u00e7os e Condi\u00e7\u00f5es<\/a>\n\t\t\t\t\t\t\t<\/li>\n\t\t\t\t\t\t\t\t\t\t\t\t\t<li class=\"nav-item\">\n\t\t\t\t\t\t\t\t<a class=\"nav-link\" data-toggle=\"tab\" href=\"#tab-informa\u00e7\u00f5es-destino\" role=\"tab\">Informa\u00e7\u00f5es Destino<\/a>\n\t\t\t\t\t\t\t<\/li>\n\t\t\t\t\t\t\t\t\t\t\t<\/ul>\n\n\t\t\t\t\t<div class=\"pt-tabs__content  tab-content\">\n\t\t\t\t\t\t\t\t\t\t\t<div class=\"tab-pane  fade  in  active\" id=\"tab-itiner\u00c1rio\" role=\"tabpanel\">\n\t\t\t\t\t\t\t<div id=\"pl-w699701ff12f14\"  class=\"panel-layout\" ><div id=\"pg-w699701ff12f14-0\"  class=\"panel-grid panel-no-style\" ><div id=\"pgc-w699701ff12f14-0-0\"  class=\"panel-grid-cell\" ><div id=\"panel-w699701ff12f14-0-0-0\" class=\"so-panel widget widget_sow-editor panel-first-child\" data-index=\"0\" ><div class=\"panel-widget-style panel-widget-style-for-w699701ff12f14-0-0-0\" ><div\n\t\t\t\n\t\t\tclass=\"so-widget-sow-editor so-widget-sow-editor-base\"\n\t\t\t\n\t\t><h3 class=\"widget-title\">1\u00ba. Dia \u2013 LISBOA \/ OSLO <\/h3>\n<div class=\"siteorigin-widget-tinymce textwidget\">\n\t<p>Compar\u00eancia o aeroporto 120 minutos antes da hora prevista para a partida. Formalidades de embarque e partida com destino a Oslo. Chegada e transporte por conta pr\u00f3pria para o hotel. Alojamento.<\/p>\n<\/div>\n<\/div><\/div><\/div><div id=\"panel-w699701ff12f14-0-0-1\" class=\"so-panel widget widget_sow-editor\" data-index=\"1\" ><div class=\"panel-widget-style panel-widget-style-for-w699701ff12f14-0-0-1\" ><div\n\t\t\t\n\t\t\tclass=\"so-widget-sow-editor so-widget-sow-editor-base\"\n\t\t\t\n\t\t><h3 class=\"widget-title\">2\u00ba Dia \u2013 OSLO \/ HOVDEN ou TELEMARK (285 Km)<\/h3>\n<div class=\"siteorigin-widget-tinymce textwidget\">\n\t<p style=\"text-align: justify;\">Pequeno-almo\u00e7o no hotel. Visita panor\u00e2mica a Oslo, incluindo o Parque Frogner com o conjunto escultural de Vigeland, a C\u00e2mara Municipal, o Pal\u00e1cio Real, e a moderna \u00d3pera. Tempo livre para almo\u00e7o (n\u00e3o inclu\u00eddo). Sa\u00edda para a prov\u00edncia de Telemark, conhecida pela sua cultura, aldeias tradicionais, museus e igrejas. Breve paragem para visita exterior da igreja tradicional de madeira de Heddal (entrada n\u00e3o inclu\u00edda). Chegada a Hoven ou Telemark, jantar e alojamento no hotel.<\/p>\n<\/div>\n<\/div><\/div><\/div><div id=\"panel-w699701ff12f14-0-0-2\" class=\"so-panel widget widget_sow-editor\" data-index=\"2\" ><div class=\"panel-widget-style panel-widget-style-for-w699701ff12f14-0-0-2\" ><div\n\t\t\t\n\t\t\tclass=\"so-widget-sow-editor so-widget-sow-editor-base\"\n\t\t\t\n\t\t><h3 class=\"widget-title\"> 3\u00ba Dia - HOVDEN ou TELEMARK \/ LYSEFJORD \/ STAVANGER (170 Km)<\/h3>\n<div class=\"siteorigin-widget-tinymce textwidget\">\n\t<p style=\"text-align: justify;\">Pequeno-almo\u00e7o no hotel. De manh\u00e3 cedo, sa\u00edda para Lysebotn e embarque em minicruzeiro pelo imponente Fiorde de Lyse, para admirar a famosa rocha Preikestolen, tamb\u00e9m conhecida como o \u201cp\u00falpito\u201d e um dos lugares mais impressionantes da Noruega. Neste dia n\u00e3o teremos muito tempo livre para o almo\u00e7o, pelo que, recomendamos que leve consigo um almo\u00e7o ligeiro. Chegada \u00e0 cidade de Stavanger e alojamento no hotel.<\/p>\n<\/div>\n<\/div><\/div><\/div><div id=\"panel-w699701ff12f14-0-0-3\" class=\"so-panel widget widget_sow-editor\" data-index=\"3\" ><div class=\"panel-widget-style panel-widget-style-for-w699701ff12f14-0-0-3\" ><div\n\t\t\t\n\t\t\tclass=\"so-widget-sow-editor so-widget-sow-editor-base\"\n\t\t\t\n\t\t><h3 class=\"widget-title\">4\u00ba. Dia \u2013 STAVANGER \/ BERGEN (210 Km)<\/h3>\n<div class=\"siteorigin-widget-tinymce textwidget\">\n\t<p style=\"text-align: justify;\">Pequeno-almo\u00e7o no hotel. Sa\u00edda de ferry desde Mortavika at\u00e9 Arsvagen e desde Sandvikvag at\u00e9 Halhjem at\u00e9 chegarmos \u00e0 cidade de Bergen. Chegada e tempo livre para almo\u00e7o (n\u00e3o inclu\u00eddo). De tarde, visita panor\u00e2mica da cidade de Bergen para ficarmos a conhecer os locais mais emblem\u00e1ticos da cidade, incluindo o famoso Mercado de peixe e o Bairro Hanse\u00e1tico, declarado como Patrim\u00f3nio da Humanidade pela UNESCO. Alojamento no hotel.<\/p>\n<\/div>\n<\/div><\/div><\/div><div id=\"panel-w699701ff12f14-0-0-4\" class=\"so-panel widget widget_sow-editor\" data-index=\"4\" ><div class=\"panel-widget-style panel-widget-style-for-w699701ff12f14-0-0-4\" ><div\n\t\t\t\n\t\t\tclass=\"so-widget-sow-editor so-widget-sow-editor-base\"\n\t\t\t\n\t\t><h3 class=\"widget-title\">5\u00ba. Dia \u2013 BERGEN \/ VOSS \/ FIORDE dos SONHOS - SOGN og FJORDANE (345 Km)<\/h3>\n<div class=\"siteorigin-widget-tinymce textwidget\">\n\t<p style=\"text-align: justify;\">Pequeno-almo\u00e7o no hotel. Sa\u00edda para o vale de Voss, um importante centro de f\u00e9rias, localizado junto ao lago, antes de chegarmos a Fl\u00e4m. Sugerimos uma visita opcional de dia inteiro: um fant\u00e1stico passeio de ferry pelo Fiorde dos Sonhos - \u201cSogn og Fjordane\u201d e uma espectacular viagem de comboio, subindo quase 900 metros com vistas incr\u00edveis do \u00a0fiorde. Nota: Para os participantes que optem por n\u00e3o realizar esta excurs\u00e3o, o circuito realiza-se de autocarro entre Voss e Fl\u00e4m. O tempo de espera em Fl\u00e4m, ser\u00e1 de aproximadamente 4 horas.<br \/>\nContinua\u00e7\u00e3o para a zona de Sogn of Fjordane, uma regi\u00e3o que se localiza no meio de dois magn\u00edficos fiordes. Jantar e alojamento no hotel.<\/p>\n<p>&nbsp;<\/p>\n<p style=\"text-align: justify;\">Sugerimos a\u00a0<strong><span style=\"color: #20b2aa;\">visita opcional: \u201cComboio panor\u00e2mico e Cruzeiro no Fiorde Sognefjord\u201d<\/span>\u00a0<\/strong>(Pre\u00e7o por pessoa: 165,00 \u20ac)<strong><br \/>\n<\/strong>Embarque em comboio panor\u00e2mico atravessando as incr\u00edveis paisagens dos fiordes, desde Voss at\u00e9 \u00e0 pequena cidade de Myrdal. Chegada a Myrdal e mudan\u00e7a de comboio. Embarque no famoso comboio panor\u00e2mico de Fl\u00e4m (Fl\u00e4msbana), considerada uma das mais incr\u00edveis viagens de comboio do mundo. \u00c9 tamb\u00e9m uma das linhas ferrovi\u00e1rias mais \u00edngremes do mundo, com uma inclina\u00e7\u00e3o de 5,5% em quase todo o percurso da viagem. Ao longo do percurso passaremos por v\u00e1rios t\u00faneis e ter\u00e1 a oportunidade de conhecer magn\u00edficas paisagens naturais, montanhas \u00edngremes e cascatas impressionantes. Chegada a Fl\u00e4m e fim da viagem. Fl\u00e4m \u00e9 uma pitoresca e bonita cidade da Noruega, que o ir\u00e1 impressionar pelas suas fant\u00e1sticas paisagens.<\/p>\n<p style=\"text-align: justify;\">Embarque num cruzeiro panor\u00e2mico atravessando um dos fiordes mais bonitos da Noruega, o fiorde N\u00e6r\u00f8y, considerado como o \u201cbra\u00e7o\u201d mais bonito e selvagem do fiorde de Sognefjord e classificado como Patrim\u00f3nio da Humanidade pela UNESCO. Durante o percurso ter\u00e1 a oportunidade de ver paisagens impressionantes de montanhas cobertas de neve que se estendem at\u00e9 1800 metros acima do n\u00edvel do mar, cascatas e v\u00e1rias aldeias que marcam a paisagem ao longo deste cruzeiro. Esta \u00e9 tamb\u00e9m uma \u00e1rea considerada, como uma das mais bonitas paisagens de fiordes do mundo. Regresso a Flam e continua\u00e7\u00e3o em autocarro para a zona de Sogn of Fjordane.<\/p>\n<p>&nbsp;<\/p>\n<p style=\"text-align: justify;\"><strong>Nota:\u00a0<\/strong>Por raz\u00f5es log\u00edsticas do programa, o local de partida\/chegada e a rota do cruzeiro poder\u00e3o sofrer altera\u00e7\u00f5es; n\u00e3o inclui almo\u00e7o nem acompanhamento de guia;<\/p>\n<\/div>\n<\/div><\/div><\/div><div id=\"panel-w699701ff12f14-0-0-5\" class=\"so-panel widget widget_sow-editor\" data-index=\"5\" ><div class=\"panel-widget-style panel-widget-style-for-w699701ff12f14-0-0-5\" ><div\n\t\t\t\n\t\t\tclass=\"so-widget-sow-editor so-widget-sow-editor-base\"\n\t\t\t\n\t\t><h3 class=\"widget-title\">6\u00ba. Dia \u2013 SOGN og FJORDANE \/ BRIKSDAL \/ GEIRANGERFJORD \/ OPPLAND (390 Km)<\/h3>\n<div class=\"siteorigin-widget-tinymce textwidget\">\n\t<p style=\"text-align: justify;\">Pequeno-almo\u00e7o no hotel. Sa\u00edda em direc\u00e7\u00e3o ao Glaciar de Briksdal. Chegada a Briksdal e tempo livre para almo\u00e7o (n\u00e3o inclu\u00eddo). De tarde, viagem de ferry pelo famoso fiorde de Geiranger, para admirar as enormes \u201cparedes\u201d de rocha que se fundem nas profundas \u00e1guas do fiorde. Chegada a Geiranger e continua\u00e7\u00e3o para a regi\u00e3o de Oppland. Em rota faremos uma paragem para admirar uma das mais famosas igrejas de madeira da Noruega \u2013 a igreja de Lom e tempo livre para tirar fotografias (visita exterior). Chegada ao final do dia a Oppland. Jantar e alojamento no hotel.<\/p>\n<\/div>\n<\/div><\/div><\/div><div id=\"panel-w699701ff12f14-0-0-6\" class=\"so-panel widget widget_sow-editor\" data-index=\"6\" ><div class=\"panel-widget-style panel-widget-style-for-w699701ff12f14-0-0-6\" ><div\n\t\t\t\n\t\t\tclass=\"so-widget-sow-editor so-widget-sow-editor-base\"\n\t\t\t\n\t\t><h3 class=\"widget-title\">7\u00ba. Dia \u2013 OPPLAND \/ LILLEHAMMER \/ OSLO (289 Km)<\/h3>\n<div class=\"siteorigin-widget-tinymce textwidget\">\n\t<p style=\"text-align: justify;\">Pequeno-almo\u00e7o no hotel. Sa\u00edda em direc\u00e7\u00e3o a Lillehammer, uma cidade situada nas margens do lago Mjosa e internacionalmente conhecida pelas olimp\u00edadas de Inverno de 1994. Tempo livre para o almo\u00e7o (n\u00e3o inclu\u00eddo) e para conhecer a cidade por conta pr\u00f3pria. Continua\u00e7\u00e3o da viagem para Oslo. Chegada e alojamento no hotel.<\/p>\n<\/div>\n<\/div><\/div><\/div><div id=\"panel-w699701ff12f14-0-0-7\" class=\"so-panel widget widget_sow-editor panel-last-child\" data-index=\"7\" ><div class=\"panel-widget-style panel-widget-style-for-w699701ff12f14-0-0-7\" ><div\n\t\t\t\n\t\t\tclass=\"so-widget-sow-editor so-widget-sow-editor-base\"\n\t\t\t\n\t\t><h3 class=\"widget-title\">8\u00ba. Dia \u2013 OSLO \/ LISBOA<\/h3>\n<div class=\"siteorigin-widget-tinymce textwidget\">\n\t<p style=\"text-align: justify;\">Pequeno-almo\u00e7o no hotel. Transporte por conta pr\u00f3pria para o aeroporto. Formalidades de embarque e partida com destino a Lisboa. Chegada a Lisboa.<br \/>\nFim dos nossos servi\u00e7os.<\/p>\n<\/div>\n<\/div><\/div><\/div><\/div><\/div><\/div>\t\t\t\t\t\t<\/div>\n\t\t\t\t\t\t\t\t\t\t\t<div class=\"tab-pane  fade\" id=\"tab-pre\u00e7os-e-condi\u00e7\u00f5es\" role=\"tabpanel\">\n\t\t\t\t\t\t\t<div id=\"pl-w699701ff12f18\"  class=\"panel-layout\" ><div id=\"pg-w699701ff12f18-0\"  class=\"panel-grid panel-no-style\" ><div id=\"pgc-w699701ff12f18-0-0\"  class=\"panel-grid-cell\" ><div id=\"panel-w699701ff12f18-0-0-0\" class=\"so-panel widget widget_sow-editor panel-first-child panel-last-child\" data-index=\"0\" ><div class=\"panel-widget-style panel-widget-style-for-w699701ff12f18-0-0-0\" ><div\n\t\t\t\n\t\t\tclass=\"so-widget-sow-editor so-widget-sow-editor-base\"\n\t\t\t\n\t\t>\n<div class=\"siteorigin-widget-tinymce textwidget\">\n\t<p><strong>DATAS de PARTIDA 2026:<\/strong><\/p>\n<p>&nbsp;<\/p>\n<p><strong>JUNHO: <\/strong>06, 13, 20 e 27<strong><br \/>\n<\/strong><strong>JULHO:<\/strong>\u00a004, 11, 18 e 25<strong><br \/>\n<\/strong><strong>AGOSTO:\u00a0<\/strong>01, 02, 08, 09, 15, 16, 22, 23, 29 e 30<strong><br \/>\n<\/strong><strong>SETEMBRO:\u00a0<\/strong>05 e 12<\/p>\n<p>&nbsp;<\/p>\n<p><strong>Pre\u00e7o por pessoa segundo ocupa\u00e7\u00e3o do quarto (m\u00ednimo 2 participantes):\u00a0<\/strong><\/p>\n<p><strong>\u00a0<\/strong><\/p>\n<p><strong>HOT\u00c9IS PREVISTOS ou SIMILARES:<\/strong><\/p>\n<p>&nbsp;<\/p>\n<p><strong>OSLO <\/strong>\u2013 <a href=\"https:\/\/www.strawberry.no\/hotell\/norge\/oslo\/comfort-hotel-borsparken\/?utm_campaign=gmb-listing&amp;utm_medium=organic&amp;utm_source=google\" target=\"_blank\" rel=\"noopener\">Hotel Comfort Borsparken<\/a> 3*<\/p>\n<p>\u200e<strong>TELEMARK ou<\/strong> <strong>HOVDEN <\/strong>\u2013 <a href=\"https:\/\/straand.no\/en\/\" target=\"_blank\" rel=\"noopener\">Straand Hotel<\/a> 3* ou <a href=\"https:\/\/hovden.com\/tellus\/hovdestoylen-hotel\/?lang=en\" target=\"_blank\" rel=\"noopener\">Hotel Hovden Resort<\/a> 3*<\/p>\n<p><strong>STAVANGER <\/strong>\u2013 <a href=\"https:\/\/www.strawberryhotels.com\/hotels\/norway\/stavanger\/comfort-hotel-square\/\" target=\"_blank\" rel=\"noopener\">Hotel Comfort Square<\/a> 3*<\/p>\n<p><strong>BERGEN<\/strong> - <a href=\"http:\/\/www.zanderk.no\/en\/\" target=\"_blank\" rel=\"noopener\">Hotel Zander K<\/a> 4*<\/p>\n<p><strong>SOGN og FJORDANE<\/strong> - <a href=\"http:\/\/www.scandichotels.no\/hotell\/norge\/forde\/scandic-sunnfjord-hotel-og-spa\" target=\"_blank\" rel=\"noopener\">Hotel Scandic Sunnfjord<\/a> 4*<\/p>\n<p><strong>OPPLAND <\/strong>\u2013 <a href=\"http:\/\/www.thonhotels.no\/hoteller\/norge\/otta\/hotel-otta\" target=\"_blank\" rel=\"noopener\">Hotel Thon Otta<\/a> 3*<\/p>\n<p>&nbsp;<\/p>\n<table>\n<tbody>\n<tr>\n<td>\n<p style=\"text-align: center;\"><strong>PER\u00cdODO<\/strong><\/p>\n<\/td>\n<td style=\"text-align: center;\"><strong>TRIPLO<\/strong><\/td>\n<td style=\"text-align: center;\"><strong>DUPLO<\/strong><\/td>\n<td>\n<p style=\"text-align: center;\"><strong>SINGLE<\/strong><\/p>\n<\/td>\n<\/tr>\n<tr>\n<td>\n<p style=\"text-align: center;\"><strong>0<\/strong><strong>6\/06\/26 a 27\/06\/26<br \/>\n04\/07\/26 a 25\/07\/26<br \/>\n05\/09\/26 e 12\/09\/26<\/strong><\/p>\n<\/td>\n<td style=\"text-align: center;\">1.995,00 \u20ac<\/td>\n<td style=\"text-align: center;\">2.045,00 \u20ac<\/td>\n<td>\n<p style=\"text-align: center;\">\n<p style=\"text-align: center;\">2.660,00 \u20ac<\/p>\n<p style=\"text-align: center;\">\n<\/td>\n<\/tr>\n<tr>\n<td>\n<p style=\"text-align: center;\"><strong>0<\/strong><strong>1\/08\/26 a 30\/08\/26<\/strong><\/p>\n<\/td>\n<td style=\"text-align: center;\">2.055,00 \u20ac<\/td>\n<td style=\"text-align: center;\">2.110,00 \u20ac<\/td>\n<td>\n<p style=\"text-align: center;\">2.720,00 \u20ac<\/p>\n<\/td>\n<\/tr>\n<\/tbody>\n<\/table>\n<p><strong>\u00a0<\/strong><\/p>\n<p style=\"text-align: justify;\"><strong>Notas importantes:<\/strong><br \/>\n- No autocarro \u00e9 permitido o transporte de uma mala (m\u00e1ximo 20 kg), mais uma mala de m\u00e3o (m\u00e1ximo 10 kg).<br \/>\n- Por raz\u00f5es log\u00edsticas, o programa pode sofrer altera\u00e7\u00e3o na ordem das visitas, ou inclusive realizar-se em sentido inverso, n\u00e3o alterando nenhuma das condi\u00e7\u00f5es do mesmo.<\/p>\n<p style=\"text-align: justify;\">- O 3\u00ba dia do circuito ser\u00e1 um dia longo e possivelmente com alguns per\u00edodos de espera. Os participantes que pretendam realizar a excurs\u00e3o ao \u201cP\u00falpito\u201d chegar\u00e3o muito tarde ao hotel, pelo que, recomendamos que providenciem algo para jantar com anteced\u00eancia.<\/p>\n<p>&nbsp;<\/p>\n<p style=\"text-align: justify;\"><strong>NOTA 1:<\/strong>\u00a0Os quartos triplos, s\u00e3o compostos por 1 ou 2 camas, mais 1 cama extra. As condi\u00e7\u00f5es de conforto s\u00e3o menores do que as dos quartos duplos. A reserva de um quarto triplo, implica a aceita\u00e7\u00e3o deste facto.<\/p>\n<p>&nbsp;<\/p>\n<p style=\"text-align: justify;\"><strong>NOTA 2:<\/strong>\u00a0Este programa foi calculado com base na companhia a\u00e9rea TAP, em cabine econ\u00f3mica, tarifa em classe E. Caso n\u00e3o haja disponibilidade de lugares nessa tarifa, ser\u00e1 proposto em alternativa o escal\u00e3o tarif\u00e1rio seguinte dispon\u00edvel, ou outra companhia a\u00e9rea, mediante um suplemento a informar.<\/p>\n<p>&nbsp;<\/p>\n<p><strong>Suplemento de tarifa a\u00e9rea com a TAP (Partida do Porto \u2013 consulte-nos):<\/strong><\/p>\n<p>&nbsp;<\/p>\n<table>\n<tbody>\n<tr>\n<td>\n<p style=\"text-align: center;\"><strong>Per\u00edodo<\/strong><\/p>\n<\/td>\n<td style=\"text-align: center;\"><strong>Classe E<\/strong><\/td>\n<td style=\"text-align: center;\"><strong>Classe U<\/strong><\/td>\n<td style=\"text-align: center;\"><strong>Classe L<\/strong><\/td>\n<td>\n<p style=\"text-align: center;\"><strong>Classe K<\/strong><\/p>\n<\/td>\n<\/tr>\n<tr>\n<td>\n<p style=\"text-align: center;\"><strong>\u00a0<\/strong><strong>06\/06\/26 A 12\/09\/26\u00a0 <\/strong><\/p>\n<\/td>\n<td style=\"text-align: center;\">Sem supl<\/td>\n<td style=\"text-align: center;\">24,00 \u20ac<\/td>\n<td style=\"text-align: center;\">48,00 \u20ac<\/td>\n<td>\n<p style=\"text-align: center;\">84,00 \u20ac<\/p>\n<\/td>\n<\/tr>\n<\/tbody>\n<\/table>\n<p>&nbsp;<\/p>\n<p><strong>O pre\u00e7o inclui:<\/strong><\/p>\n<p>- Passagem a\u00e9rea em voos regulares, em classe econ\u00f3mica, para o percurso indicado incluindo o transporte de bagagem de por\u00e3o;<\/p>\n<p>- Taxas de aeroporto, seguran\u00e7a e combust\u00edvel no valor de 105.00\u20ac (sujeito a altera\u00e7\u00e3o, a reconfirmar na data da emiss\u00e3o dos bilhetes);<\/p>\n<p>- Alojamento nos hot\u00e9is previstos ou similares em quarto standard com pequeno-almo\u00e7o;<\/p>\n<p>- Refei\u00e7\u00f5es de acordo com o indicado no itiner\u00e1rio (03 jantares);<\/p>\n<p>- Circuito em servi\u00e7o regular (em conjunto com outros participantes), acompanhado de guia local de l\u00edngua espanhola;<br \/>\n- Transporte em autocarro, minibus ou van (de acordo com o n\u00famero de participantes);<br \/>\n- Visitas de acordo com o indicado no itiner\u00e1rio;<br \/>\n- Minicruzeiros em Lysefjord e Geirangerfjord;<br \/>\n- Transporte em Ferrys de acordo com o indicado no itiner\u00e1rio;<br \/>\n- Taxas de servi\u00e7o e IVA;<br \/>\n- Seguro de viagem.<\/p>\n<p>&nbsp;<\/p>\n<p><strong>O pre\u00e7o n\u00e3o inclui:<\/strong><\/p>\n<p>- Transporte aeroporto \/ hotel \/ aeroporto;<strong><br \/>\n<\/strong>- Bebidas \u00e0s refei\u00e7\u00f5es;<br \/>\n- Servi\u00e7o de bagageiros;<br \/>\n- Gratifica\u00e7\u00f5es;<br \/>\n- Extras e actividades de car\u00e1cter pessoal;<br \/>\n- Todos os servi\u00e7os n\u00e3o indicados como inclu\u00eddos.<\/p>\n<p>&nbsp;<\/p>\n<p><strong>Seguro de viagem:<\/strong><\/p>\n<p>- Todas as viagens organizadas pela MundoNovo Viagens est\u00e3o cobertas por um seguro de viagem (<a href=\"https:\/\/www.mundonovoviagens.pt\/wp-content\/uploads\/2025\/02\/MundoNovo-Multiviagens-Plus-1.pdf?x78457&amp;x70114&amp;x48172&amp;x23938&amp;x23938\" target=\"_blank\" rel=\"noopener\">Multiviagens Plus 1<\/a>);<br \/>\n- Adicionalmente propomos o seguro \u00a0<a href=\"https:\/\/www.mundonovoviagens.pt\/wp-content\/uploads\/2025\/02\/MundoNovo-Multiviagens-Premium.pdf?x78457&amp;x70114&amp;x48172&amp;x23938&amp;x23938\" target=\"_blank\" rel=\"noopener\">Multiviagens Premium<\/a>\u00a0(valor das coberturas superior), mediante um suplemento de 30\u20ac por pessoa;<br \/>\n- As condi\u00e7\u00f5es gerais de cada seguro poder\u00e3o ser consultadas na p\u00e1gina inicial do nosso site.<\/p>\n<p>&nbsp;<\/p>\n<p><strong>Condi\u00e7\u00f5es gerais de reserva e cancelamento:<\/strong><b><br \/>\n<\/b>Consultar a ficha de informa\u00e7\u00e3o normalizada (<a href=\"https:\/\/www.mundonovoviagens.pt\/index.php\/ficha-de-informacao-normalizada\/\" target=\"_blank\" rel=\"noopener\">FIN<\/a>) e\u00a0<a href=\"https:\/\/www.mundonovoviagens.pt\/index.php\/condicoes-gerais\/\" target=\"_blank\" rel=\"noopener\">condi\u00e7\u00f5es gerais<\/a>\u00a0indicadas no site.<\/p>\n<\/div>\n<\/div><\/div><\/div><\/div><\/div><\/div>\t\t\t\t\t\t<\/div>\n\t\t\t\t\t\t\t\t\t\t\t<div class=\"tab-pane  fade\" id=\"tab-informa\u00e7\u00f5es-destino\" role=\"tabpanel\">\n\t\t\t\t\t\t\t<div id=\"pl-w699701ff12f1a\"  class=\"panel-layout\" ><div id=\"pg-w699701ff12f1a-0\"  class=\"panel-grid panel-no-style\" ><div id=\"pgc-w699701ff12f1a-0-0\"  class=\"panel-grid-cell\" ><div id=\"panel-w699701ff12f1a-0-0-0\" class=\"so-panel widget widget_sow-editor panel-first-child panel-last-child\" data-index=\"0\" ><div class=\"panel-widget-style panel-widget-style-for-w699701ff12f1a-0-0-0\" ><div\n\t\t\t\n\t\t\tclass=\"so-widget-sow-editor so-widget-sow-editor-base\"\n\t\t\t\n\t\t>\n<div class=\"siteorigin-widget-tinymce textwidget\">\n\t<p><strong>1 - Requisitos de entrada<br \/>\n<\/strong>Os cidad\u00e3os portugueses necessitam de bilhete de identidade\/ cart\u00e3o de cidad\u00e3o ou passaporte v\u00e1lidos.<br \/>\nN\u00e3o \u00e9 obrigat\u00f3rio visto. Viajar com crian\u00e7as: quando um dos pais viaje acompanhado de uma crian\u00e7a (menor) dever\u00e1 ser portador de uma autoriza\u00e7\u00e3o escrita em ingl\u00eas e assinada pelo outro progenitor; se o menor estiver s\u00f3 ou acompanhado por um terceiro adulto, \u00e9 necess\u00e1ria a autoriza\u00e7\u00e3o de ambos os pais.<\/p>\n<p>&nbsp;<\/p>\n<p><strong>2 \u2013 Vacinas \/ Sa\u00fade<br \/>\n<\/strong>Vacina obrigat\u00f3ria: nenhuma.<br \/>\nA posse do Cart\u00e3o de Seguro de Doen\u00e7a europeu faculta o acesso directo aos servi\u00e7os de sa\u00fade noruegueses, sobretudo os de emerg\u00eancia.<\/p>\n<p>&nbsp;<\/p>\n<p style=\"text-align: justify;\"><strong>3 - Clima<br \/>\n<\/strong>Devido \u00e0 sua elevada latitude, o Inverno \u00e9 longo e rigoroso, com dias curtos e noites longas. As temperaturas nesta esta\u00e7\u00e3o do ano atingem valores negativos (-30\u00ba), com especial incid\u00eancia no norte interior e nas \u00e1reas de montanha. No norte da Noruega \u00e9 poss\u00edvel assistir ocasionalmente ao fen\u00f3meno designado por \u201cAurora Borealis\u201d. O Ver\u00e3o \u00e9 curto e ameno, com dias longos e noites curtas. Nesta esta\u00e7\u00e3o \u00e9 poss\u00edvel assistir ao designado fen\u00f3meno do sol da meia-noite a Norte do c\u00edrculo polar \u00c1rtico.<\/p>\n<p>&nbsp;<\/p>\n<p><strong>\u00a0<\/strong><strong>4 - Idioma<br \/>\n<\/strong>A l\u00edngua oficial \u00e9 o noruegu\u00eas. No entanto, a maior parte da popula\u00e7\u00e3o domina o ingl\u00eas.<\/p>\n<p>&nbsp;<\/p>\n<p><strong>5 - Moeda<br \/>\n<\/strong>A moeda local \u00e9 a coroa norueguesa. Os cart\u00f5es de cr\u00e9dito s\u00e3o aceites na grande maioria dos hot\u00e9is, loja e restaurantes. A rede de caixas ATM est\u00e1 presente em todo o territ\u00f3rio.<\/p>\n<p>&nbsp;<\/p>\n<p><strong>6 - Diferen\u00e7a hor\u00e1ria<br \/>\n<\/strong>GMT\/UTC +01<\/p>\n<p>&nbsp;<\/p>\n<p><strong>7 - Eletricidade<br \/>\n<\/strong>230V \/ 50 Hz (tomadas tipo C e F)<\/p>\n<p>&nbsp;<\/p>\n<p><strong>8 - Representa\u00e7\u00e3o Diplom\u00e1tica \/ Consular<br \/>\n<\/strong>Embaixada de Portugal em Oslo<br \/>\nMais informa\u00e7\u00f5es: <a href=\"https:\/\/portaldascomunidades.mne.gov.pt\/pt\/\" target=\"_blank\" rel=\"noopener\">www.portaldascomunidades.mne.pt\/<\/a><\/p>\n<p>&nbsp;<\/p>\n<p><strong>9 \u2013 Site Oficial do turismo<\/strong>: <a href=\"https:\/\/www.visitnorway.com\/\" target=\"_blank\" rel=\"noopener\">www.visitnorway.com\/<\/a><\/p>\n<\/div>\n<\/div><\/div><\/div><\/div><\/div><\/div>\t\t\t\t\t\t<\/div>\n\t\t\t\t\t\t\t\t\t\t<\/div>\n\t\t\t\t\t\t\t<\/div>\n\n\t\t\t<\/div><div id=\"panel-593-0-0-1\" class=\"so-panel widget widget_sow-button panel-last-child\" data-index=\"1\" ><div\n\t\t\t\n\t\t\tclass=\"so-widget-sow-button so-widget-sow-button-flat-95cda3216a70-593\"\n\t\t\t\n\t\t><div class=\"ow-button-base ow-button-align-center\">\n\t<a\n\thref=\"https:\/\/www.mundonovoviagens.pt\/index.php\/contactos\/?wpf62_6=Assunto:%20130%20-%20Terra%20dos%20Fiordes%20e%20Stavanger%20\u2013%208%20dias\"\n\t\tclass=\"ow-icon-placement-left ow-button-hover\" \t>\n\t\t<span>\n\t\t\t\n\t\t\tCONTACTE-NOS\t\t<\/span>\n\t<\/a>\n<\/div>\n<\/div><\/div><\/div><\/div><\/div>","protected":false},"excerpt":{"rendered":"<p style=\"text-align: center;\"><strong>Circuito Regular com guia em Espanhol<br \/>\n<\/strong>(Oslo, Hovden, Telemark, Lysefjord, Stavanger, Bergen, Fl\u00e4m, Fiorde Fjordane, Briksdal e Oppland)<\/p>\n","protected":false},"featured_media":3050,"template":"","meta":[],"product_brand":[],"product_cat":[15],"product_tag":[373,1013,1012,372,371,377],"class_list":{"0":"post-593","1":"product","2":"type-product","3":"status-publish","4":"has-post-thumbnail","6":"product_cat-europa","7":"product_tag-bergen","8":"product_tag-fiorde-dos-sonhos","9":"product_tag-fiordes-noruega","10":"product_tag-flam","11":"product_tag-noruega","12":"product_tag-olso","14":"first","15":"instock","16":"shipping-taxable","17":"product-type-simple"},"_links":{"self":[{"href":"https:\/\/www.mundonovoviagens.pt\/index.php\/wp-json\/wp\/v2\/product\/593","targetHints":{"allow":["GET"]}}],"collection":[{"href":"https:\/\/www.mundonovoviagens.pt\/index.php\/wp-json\/wp\/v2\/product"}],"about":[{"href":"https:\/\/www.mundonovoviagens.pt\/index.php\/wp-json\/wp\/v2\/types\/product"}],"wp:featuredmedia":[{"embeddable":true,"href":"https:\/\/www.mundonovoviagens.pt\/index.php\/wp-json\/wp\/v2\/media\/3050"}],"wp:attachment":[{"href":"https:\/\/www.mundonovoviagens.pt\/index.php\/wp-json\/wp\/v2\/media?parent=593"}],"wp:term":[{"taxonomy":"product_brand","embeddable":true,"href":"https:\/\/www.mundonovoviagens.pt\/index.php\/wp-json\/wp\/v2\/product_brand?post=593"},{"taxonomy":"product_cat","embeddable":true,"href":"https:\/\/www.mundonovoviagens.pt\/index.php\/wp-json\/wp\/v2\/product_cat?post=593"},{"taxonomy":"product_tag","embeddable":true,"href":"https:\/\/www.mundonovoviagens.pt\/index.php\/wp-json\/wp\/v2\/product_tag?post=593"}],"curies":[{"name":"wp","href":"https:\/\/api.w.org\/{rel}","templated":true}]}}