{"id":612,"date":"2022-05-29T22:00:53","date_gmt":"2022-05-29T22:00:53","guid":{"rendered":"https:\/\/www.mundonovoviagens.pt\/?post_type=product&#038;p=612"},"modified":"2026-02-19T13:31:14","modified_gmt":"2026-02-19T12:31:14","slug":"132-oslo-lofoten-e-cabo-norte-10-dias","status":"publish","type":"product","link":"https:\/\/www.mundonovoviagens.pt\/index.php\/produto\/132-oslo-lofoten-e-cabo-norte-10-dias\/","title":{"rendered":"132 &#8211; Oslo, Lofoten e Cabo Norte &#8211; 10 dias"},"content":{"rendered":"<div id=\"pl-612\"  class=\"panel-layout\" ><div id=\"pg-612-0\"  class=\"panel-grid panel-no-style\" ><div id=\"pgc-612-0-0\"  class=\"panel-grid-cell\" ><div id=\"panel-612-0-0-0\" class=\"so-panel widget widget_pt_tabs pt-widget-tabs panel-first-child\" data-index=\"0\" >\t\t\t<div class=\"pt-tabs\">\n\t\t\t\t\n\t\t\t\t\t\t\t\t\t<ul class=\"pt-tabs__navigation  nav  nav-tabs\" role=\"tablist\">\n\t\t\t\t\t\t\t\t\t\t\t\t\t<li class=\"nav-item\">\n\t\t\t\t\t\t\t\t<a class=\"nav-link  active\" data-toggle=\"tab\" href=\"#tab-itiner\u00c1rio\" role=\"tab\">ITINER\u00c1RIO<\/a>\n\t\t\t\t\t\t\t<\/li>\n\t\t\t\t\t\t\t\t\t\t\t\t\t<li class=\"nav-item\">\n\t\t\t\t\t\t\t\t<a class=\"nav-link\" data-toggle=\"tab\" href=\"#tab-pre\u00e7os-e-condi\u00e7\u00f5es\" role=\"tab\">Pre\u00e7os e Condi\u00e7\u00f5es<\/a>\n\t\t\t\t\t\t\t<\/li>\n\t\t\t\t\t\t\t\t\t\t\t\t\t<li class=\"nav-item\">\n\t\t\t\t\t\t\t\t<a class=\"nav-link\" data-toggle=\"tab\" href=\"#tab-informa\u00e7\u00f5es-destino\" role=\"tab\">Informa\u00e7\u00f5es Destino<\/a>\n\t\t\t\t\t\t\t<\/li>\n\t\t\t\t\t\t\t\t\t\t\t<\/ul>\n\n\t\t\t\t\t<div class=\"pt-tabs__content  tab-content\">\n\t\t\t\t\t\t\t\t\t\t\t<div class=\"tab-pane  fade  in  active\" id=\"tab-itiner\u00c1rio\" role=\"tabpanel\">\n\t\t\t\t\t\t\t<div id=\"pl-w69970292b2b1b\"  class=\"panel-layout\" ><div id=\"pg-w69970292b2b1b-0\"  class=\"panel-grid panel-no-style\" ><div id=\"pgc-w69970292b2b1b-0-0\"  class=\"panel-grid-cell\" ><div id=\"panel-w69970292b2b1b-0-0-0\" class=\"so-panel widget widget_sow-editor panel-first-child\" data-index=\"0\" ><div class=\"panel-widget-style panel-widget-style-for-w69970292b2b1b-0-0-0\" ><div\n\t\t\t\n\t\t\tclass=\"so-widget-sow-editor so-widget-sow-editor-base\"\n\t\t\t\n\t\t><h3 class=\"widget-title\">1\u00ba. Dia \u2013 LISBOA \/ OSLO <\/h3>\n<div class=\"siteorigin-widget-tinymce textwidget\">\n\t<p>Compar\u00eancia no aeroporto 120 minutos antes da hora prevista para a partida. Formalidades de embarque e partida com destino a Oslo. Chegada e transporte por conta pr\u00f3pria para o hotel. Alojamento.<\/p>\n<\/div>\n<\/div><\/div><\/div><div id=\"panel-w69970292b2b1b-0-0-1\" class=\"so-panel widget widget_sow-editor\" data-index=\"1\" ><div class=\"panel-widget-style panel-widget-style-for-w69970292b2b1b-0-0-1\" ><div\n\t\t\t\n\t\t\tclass=\"so-widget-sow-editor so-widget-sow-editor-base\"\n\t\t\t\n\t\t><h3 class=\"widget-title\">2\u00ba. Dia \u2013 OSLO \/ EVENES \/ HARSTAD ou SORTLAND <\/h3>\n<div class=\"siteorigin-widget-tinymce textwidget\">\n\t<p style=\"text-align: justify;\">Pequeno-almo\u00e7o no hotel. Manh\u00e3 livre. Oportunidade para conhecer um pouco mais da capital da Noruega. O Parque Frogner, com o conjunto escultural de Vigeland, a C\u00e2mara Municipal, o Pal\u00e1cio Real, e a moderna \u00d3pera, s\u00e3o algumas das sugest\u00f5es que poder\u00e1 visitar. Tempo livre para almo\u00e7o (n\u00e3o inclu\u00eddo). Em hor\u00e1rio a informar localmente, transporte para o aeroporto de Oslo e partida com destino a Evenes. (dependendo do hor\u00e1rio do voo, o alojamento poder\u00e1 ser em Harstad ou Sortland). Chegada e transporte para Harstad, situado na parte ocidental das Ilhas Lofoten. Chegada, jantar e alojamento no hotel.<\/p>\n<\/div>\n<\/div><\/div><\/div><div id=\"panel-w69970292b2b1b-0-0-2\" class=\"so-panel widget widget_sow-editor\" data-index=\"2\" ><div class=\"panel-widget-style panel-widget-style-for-w69970292b2b1b-0-0-2\" ><div\n\t\t\t\n\t\t\tclass=\"so-widget-sow-editor so-widget-sow-editor-base\"\n\t\t\t\n\t\t><h3 class=\"widget-title\">3\u00ba. Dia \u2013 HARSTAD ou SORTLAND \/ ILHAS VESTER\u00c4LEN \/ ILHAS LOFOTEN  (425 Km)<\/h3>\n<div class=\"siteorigin-widget-tinymce textwidget\">\n\t<p style=\"text-align: justify;\">Pequeno-almo\u00e7o no hotel. De manh\u00e3, oportunidade para participar num passeio (opcional) para observa\u00e7\u00e3o das baleias.<\/p>\n<p style=\"text-align: justify;\">Atravessaremos parte das Ilhas Vesteralen, situadas a norte das Ilhas Lofoten.\u00a0 Oportunidade para observar magn\u00edficas paisagens, entre os altos picos que mergulham no mar. Come\u00e7aremos a percorrer as Ilhas Lofoten, arquip\u00e9lago que se localiza no c\u00edrculo polar \u00e1rtico. Jantar e alojamento no hotel.<\/p>\n<p>&nbsp;<\/p>\n<p style=\"text-align: justify;\">Sugerimos a\u00a0<span style=\"color: #20b2aa;\"><strong>visita opcional:\u00a0Safari para observa\u00e7\u00e3o de Baleias <\/strong><\/span>(pre\u00e7o por pessoa: 150,00\u20ac)<\/p>\n<p style=\"text-align: justify;\">(Nota: recomenda-se a reserva do passeio com anteced\u00eancia devido \u00e0 limita\u00e7\u00e3o do espa\u00e7o).<\/p>\n<\/div>\n<\/div><\/div><\/div><div id=\"panel-w69970292b2b1b-0-0-3\" class=\"so-panel widget widget_sow-editor\" data-index=\"3\" ><div class=\"panel-widget-style panel-widget-style-for-w69970292b2b1b-0-0-3\" ><div\n\t\t\t\n\t\t\tclass=\"so-widget-sow-editor so-widget-sow-editor-base\"\n\t\t\t\n\t\t><h3 class=\"widget-title\">4\u00ba. Dia \u2013 ILHAS LOFOTEN  (270 Km)<\/h3>\n<div class=\"siteorigin-widget-tinymce textwidget\">\n\t<p style=\"text-align: justify;\">Pequeno-almo\u00e7o no hotel. Continua\u00e7\u00e3o do nosso passeio panor\u00e2mico pelas Ilhas Lofoten, na costa norte da Noruega. As Ilhas t\u00eam uma superf\u00edcie total de 1.250 km\u00b2 e gra\u00e7as \u00e0s correntes quentes do Golfo, desfrutam de um clima muito mais suave que em outras partes do mundo que est\u00e3o na mesma latitude, como o Alasca ou a Groenl\u00e2ndia.\u00a0Se as condi\u00e7\u00f5es da estrada e se o tempo o permitir, dirigimo-nos \u00e0 pequena cidade de \u00c4 e visitaremos o museu da vila de pescadores. Alojamento no hotel.<\/p>\n<\/div>\n<\/div><\/div><\/div><div id=\"panel-w69970292b2b1b-0-0-4\" class=\"so-panel widget widget_sow-editor\" data-index=\"4\" ><div class=\"panel-widget-style panel-widget-style-for-w69970292b2b1b-0-0-4\" ><div\n\t\t\t\n\t\t\tclass=\"so-widget-sow-editor so-widget-sow-editor-base\"\n\t\t\t\n\t\t><h3 class=\"widget-title\">5\u00ba. Dia \u2013 ILHAS LOFOTEN  \/ HARSTAD - NARVIK (180 Km)<\/h3>\n<div class=\"siteorigin-widget-tinymce textwidget\">\n\t<p style=\"text-align: justify;\">Pequeno-almo\u00e7o no hotel. Tempo livre para realizar um cruzeiro (opcional) pelo Trollfjord. Partida para Harstad, passando por paisagens magn\u00edficas. Chegada e alojamento no hotel.<\/p>\n<\/div>\n<\/div><\/div><\/div><div id=\"panel-w69970292b2b1b-0-0-5\" class=\"so-panel widget widget_sow-editor\" data-index=\"5\" ><div class=\"panel-widget-style panel-widget-style-for-w69970292b2b1b-0-0-5\" ><div\n\t\t\t\n\t\t\tclass=\"so-widget-sow-editor so-widget-sow-editor-base\"\n\t\t\t\n\t\t><h3 class=\"widget-title\">6\u00ba. Dia \u2013 HARSTAD \/ NARVIK \/ TROMS\u00d8 (310 Km)<\/h3>\n<div class=\"siteorigin-widget-tinymce textwidget\">\n\t<p style=\"text-align: justify;\">Pequeno-almo\u00e7o no hotel. Embarque no ferry que nos levar\u00e1 at\u00e9 \u00e0 cidade de Troms\u00f8 (por motivos operacionais, este trajecto tamb\u00e9m poder\u00e1 ser efectuado por estrada). Chegada a Troms\u00f8 e visita panor\u00e2mica da cidade, considerada a capital do norte da Noruega e da regi\u00e3o \u00c1rtica. Troms\u00f8 tamb\u00e9m se tornou no centro de ca\u00e7a do \u00e1rtico e da\u00ed tamb\u00e9m ser conhecida como \u00b4\u00b4A porta do \u00c1rtico``. Alojamento no hotel.<\/p>\n<\/div>\n<\/div><\/div><\/div><div id=\"panel-w69970292b2b1b-0-0-6\" class=\"so-panel widget widget_sow-editor\" data-index=\"6\" ><div class=\"panel-widget-style panel-widget-style-for-w69970292b2b1b-0-0-6\" ><div\n\t\t\t\n\t\t\tclass=\"so-widget-sow-editor so-widget-sow-editor-base\"\n\t\t\t\n\t\t><h3 class=\"widget-title\">7\u00ba. Dia \u2013 TROMS\u00d8 \/ HONNINGSVAG \/ CABO NORTE (517 Km)<\/h3>\n<div class=\"siteorigin-widget-tinymce textwidget\">\n\t<p style=\"text-align: justify;\">Pequeno-almo\u00e7o no hotel. Sa\u00edda para Cabo Norte. Embarque em duas curtas viagens de ferry nos fiordes do norte. Paragem para almo\u00e7o (n\u00e3o inclu\u00eddo). Continua\u00e7\u00e3o da viagem atrav\u00e9s do fiorde Kvaenangen e pela regi\u00e3o \u00e1rtica de Finnmark, onde a presen\u00e7a humana continua quase impercet\u00edvel, com excep\u00e7\u00e3o dos acampamentos Sami e dos criadores de renas. Chegada ao Cabo Norte. De tarde, chegaremos a Honnigsvag, onde se localiza o hotel. Ap\u00f3s o jantar, sa\u00edda para uma excurs\u00e3o nocturna ao promont\u00f3rio de Cabo Norte. Se as condi\u00e7\u00f5es atmosf\u00e9ricas estiverem favor\u00e1veis, ser\u00e1 contemplado com a beleza \u00fanica deste local, que\u00a0 proporcionar\u00e1 mem\u00f3rias inesquec\u00edveis. Regresso ao hotel. Alojamento.<\/p>\n<\/div>\n<\/div><\/div><\/div><div id=\"panel-w69970292b2b1b-0-0-7\" class=\"so-panel widget widget_sow-editor\" data-index=\"7\" ><div class=\"panel-widget-style panel-widget-style-for-w69970292b2b1b-0-0-7\" ><div\n\t\t\t\n\t\t\tclass=\"so-widget-sow-editor so-widget-sow-editor-base\"\n\t\t\t\n\t\t><h3 class=\"widget-title\">8\u00ba. Dia \u2013 HONNINGSVAG \/ ALTA (220 Km)<\/h3>\n<div class=\"siteorigin-widget-tinymce textwidget\">\n\t<p style=\"text-align: justify;\">Pequeno-almo\u00e7o no hotel. Tempo livre. Sa\u00edda em direc\u00e7\u00e3o a Alta. Com 20,000 habitantes \u00e9 maior cidade do condado de Finnmark e recebeu o \u201ctitulo\u201d de cidade somente em Janeiro de 2000. De Maio a Agosto, gra\u00e7as ao sol da meia-noite h\u00e1 luz solar cerca de 24 horas. Alojamento no hotel.<\/p>\n<\/div>\n<\/div><\/div><\/div><div id=\"panel-w69970292b2b1b-0-0-8\" class=\"so-panel widget widget_sow-editor\" data-index=\"8\" ><div class=\"panel-widget-style panel-widget-style-for-w69970292b2b1b-0-0-8\" ><div\n\t\t\t\n\t\t\tclass=\"so-widget-sow-editor so-widget-sow-editor-base\"\n\t\t\t\n\t\t><h3 class=\"widget-title\">9\u00ba. Dia - ALTA \/ OSLO <\/h3>\n<div class=\"siteorigin-widget-tinymce textwidget\">\n\t<p style=\"text-align: justify;\">Pequeno-almo\u00e7o no hotel. Em hor\u00e1rio a informar, transporte ao aeroporto de Alta. Formalidades de embarque e partida com destino a Oslo. Chegada e transporte por conta pr\u00f3pria para o hotel, situado junto ao aeroporto. Alojamento.<\/p>\n<\/div>\n<\/div><\/div><\/div><div id=\"panel-w69970292b2b1b-0-0-9\" class=\"so-panel widget widget_sow-editor panel-last-child\" data-index=\"9\" ><div class=\"panel-widget-style panel-widget-style-for-w69970292b2b1b-0-0-9\" ><div\n\t\t\t\n\t\t\tclass=\"so-widget-sow-editor so-widget-sow-editor-base\"\n\t\t\t\n\t\t><h3 class=\"widget-title\">10\u00ba. Dia - OSLO \/ LISBOA<\/h3>\n<div class=\"siteorigin-widget-tinymce textwidget\">\n\t<p style=\"text-align: justify;\">Pequeno-almo\u00e7o no hotel. Transporte por conta pr\u00f3pria para o aeroporto. Formalidades de embarque e partida com destino a Portugal. Chegada a Lisboa.<br \/>\nFim dos nossos servi\u00e7os.<\/p>\n<\/div>\n<\/div><\/div><\/div><\/div><\/div><\/div>\t\t\t\t\t\t<\/div>\n\t\t\t\t\t\t\t\t\t\t\t<div class=\"tab-pane  fade\" id=\"tab-pre\u00e7os-e-condi\u00e7\u00f5es\" role=\"tabpanel\">\n\t\t\t\t\t\t\t<div id=\"pl-w69970292b2b21\"  class=\"panel-layout\" ><div id=\"pg-w69970292b2b21-0\"  class=\"panel-grid panel-no-style\" ><div id=\"pgc-w69970292b2b21-0-0\"  class=\"panel-grid-cell\" ><div id=\"panel-w69970292b2b21-0-0-0\" class=\"so-panel widget widget_sow-editor panel-first-child panel-last-child\" data-index=\"0\" ><div class=\"panel-widget-style panel-widget-style-for-w69970292b2b21-0-0-0\" ><div\n\t\t\t\n\t\t\tclass=\"so-widget-sow-editor so-widget-sow-editor-base\"\n\t\t\t\n\t\t>\n<div class=\"siteorigin-widget-tinymce textwidget\">\n\t<p><strong>DATAS de PARTIDA em 2026:<\/strong><\/p>\n<p>&nbsp;<\/p>\n<p><strong>JUNHO: <\/strong>27<\/p>\n<p><strong>JULHO:<\/strong> 11 e 25<\/p>\n<p><strong>AGOSTO:<\/strong> 01, 08, 15 e 22<\/p>\n<p>&nbsp;<\/p>\n<p><strong>Pre\u00e7o por pessoa segundo ocupa\u00e7\u00e3o do quarto (m\u00ednimo 2 participantes):\u00a0<\/strong><\/p>\n<p><strong>\u00a0<\/strong><\/p>\n<p><strong>HOT\u00c9IS PREVISTOS ou SIMILARES:<\/strong><\/p>\n<p>&nbsp;<\/p>\n<p><strong>OSLO <\/strong>- <a href=\"http:\/\/www.nordicchoicehotels.com\/hotels\/norway\/oslo\/comfort-hotel-borsparken\/\" target=\"_blank\" rel=\"noopener\">Hotel Comfort Borsparken<\/a> 3*<\/p>\n<p><strong>HARSTAD\/SORTLAND<\/strong> - <a href=\"http:\/\/www.scandichotels.no\/hotell\/norge\/harstad\/scandic-harstad\" target=\"_blank\" rel=\"noopener\">Hotel Scandic Harstad<\/a> 3* ou <a href=\"https:\/\/www.visitnorway.com\/listings\/sortland-hotel\/131219\/\" target=\"_blank\" rel=\"noopener\">Hotel Sortland<\/a> 3*<\/p>\n<p><strong>LOFOTEN <\/strong>\u2013 <a href=\"http:\/\/www.thonhotels.com\/our-hotels\/norway\/svolvar\/thon-hotel-lofoten\/\" target=\"_blank\" rel=\"noopener\">Thon Hotel Lofoten<\/a> 3*<\/p>\n<p><strong>TROMSO<\/strong> \u2013 <a href=\"https:\/\/quality-saga.norway-hotel.com\/en\/\" target=\"_blank\" rel=\"noopener\">Hotel Quality Saga<\/a> 3*<\/p>\n<p><strong>CABO NORTE <\/strong>\u2013 <a href=\"https:\/\/www.arran.as\/nordkapp\/index.htm\" target=\"_blank\" rel=\"noopener\">Hotel Arran Nordkapp<\/a> 3*<\/p>\n<p><strong>ALTA \u2013 <\/strong><a href=\"http:\/\/www.thonhotels.no\/hoteller\/norge\/alta\/thon-hotel-alta\/\" target=\"_blank\" rel=\"noopener\">Hotel Thon Alta<\/a> 3*<\/p>\n<p><strong>OSLO (aeroporto)<\/strong> \u2013 a informar<\/p>\n<p>&nbsp;<\/p>\n<table>\n<tbody>\n<tr>\n<td>\n<p style=\"text-align: center;\"><strong>PER\u00cdODO<\/strong><\/p>\n<\/td>\n<td style=\"text-align: center;\"><strong>DUPLO<\/strong><\/td>\n<td>\n<p style=\"text-align: center;\"><strong>SINGLE<\/strong><\/p>\n<\/td>\n<\/tr>\n<tr>\n<td>\n<p style=\"text-align: center;\"><strong>27\/06\/26 a 25\/07\/26<\/strong><\/p>\n<\/td>\n<td style=\"text-align: center;\">2.865,00\u20ac<\/td>\n<td>\n<p style=\"text-align: center;\">3.635,00 \u20ac<\/p>\n<\/td>\n<\/tr>\n<tr>\n<td>\n<p style=\"text-align: center;\"><strong>01\/08\/26 a 22\/08\/26<\/strong><\/p>\n<\/td>\n<td style=\"text-align: center;\">2.930,00 \u20ac<\/td>\n<td>\n<p style=\"text-align: center;\">3.670,00 \u20ac<\/p>\n<\/td>\n<\/tr>\n<\/tbody>\n<\/table>\n<p>&nbsp;<\/p>\n<p style=\"text-align: justify;\"><strong>Nota importante:<\/strong><\/p>\n<p>- O encontro com o guia acompanhante ser\u00e1 no 2\u00aa dia em Evenes, no aeroporto ou no hotel.<\/p>\n<p style=\"text-align: justify;\">- No autocarro \u00e9 permitido o transporte de uma mala (m\u00e1ximo 20 kg), mais uma mala de m\u00e3o (m\u00e1ximo 10 kg). Por raz\u00f5es log\u00edsticas, o programa pode sofrer altera\u00e7\u00e3o na ordem das visitas, ou inclusive realizar-se em sentido inverso, n\u00e3o alterando nenhuma das condi\u00e7\u00f5es do mesmo.<\/p>\n<p>&nbsp;<\/p>\n<p style=\"text-align: justify;\"><strong>Nota 1:<\/strong>\u00a0Os quartos triplos, s\u00e3o compostos por 1 ou 2 camas, mais 1 cama extra. As condi\u00e7\u00f5es de conforto s\u00e3o menores do que as dos quartos duplos. A reserva de um quarto triplo, implica a aceita\u00e7\u00e3o deste facto.<\/p>\n<p>&nbsp;<\/p>\n<p style=\"text-align: justify;\"><strong>Nota 2:<\/strong> Este programa foi calculado com base na companhia a\u00e9rea TAP, em cabine econ\u00f3mica, tarifa em classe E. Caso n\u00e3o haja disponibilidade de lugares nessa tarifa, ser\u00e1 proposto em alternativa o escal\u00e3o tarif\u00e1rio seguinte dispon\u00edvel, ou outra companhia a\u00e9rea, mediante um suplemento a informar.<\/p>\n<p><strong>\u00a0<\/strong><\/p>\n<p><strong>Suplemento de tarifa a\u00e9rea com a Tap (Partida do Porto \u2013 consulte-nos):<\/strong><\/p>\n<p>&nbsp;<\/p>\n<table>\n<tbody>\n<tr>\n<td>\n<p style=\"text-align: center;\"><strong>Per\u00edodo<\/strong><\/p>\n<\/td>\n<td style=\"text-align: center;\"><strong>Classe E<\/strong><\/td>\n<td style=\"text-align: center;\"><strong>Classe U<\/strong><\/td>\n<td style=\"text-align: center;\"><strong>Classe L<\/strong><\/td>\n<td>\n<p style=\"text-align: center;\"><strong>Classe K<\/strong><\/p>\n<\/td>\n<\/tr>\n<tr>\n<td>\n<p style=\"text-align: center;\"><strong>27\/06\/25 a 22\/08\/25<\/strong><\/p>\n<\/td>\n<td style=\"text-align: center;\">Sem supl<\/td>\n<td style=\"text-align: center;\">24,00 \u20ac<\/td>\n<td style=\"text-align: center;\">52,00 \u20ac<\/td>\n<td>\n<p style=\"text-align: center;\">84,00 \u20ac<\/p>\n<\/td>\n<\/tr>\n<\/tbody>\n<\/table>\n<p>&nbsp;<\/p>\n<p>&nbsp;<\/p>\n<p><strong>O pre\u00e7o inclui:<br \/>\n<\/strong>- Passagem a\u00e9rea em voos regulares TAP, em classe econ\u00f3mica, para o percurso indicado, incluindo bagagem de por\u00e3o;<\/p>\n<p>- Passagem a\u00e9rea em voo regular, em classe econ\u00f3mica, para o percurso Oslo \/ Evenes, incluindo bagagem de por\u00e3o;<br \/>\n- Taxas de aeroporto, seguran\u00e7a e combust\u00edvel no valor de 125,00 \u20ac (sujeito a altera\u00e7\u00e3o, a reconfirmar na data da emiss\u00e3o dos bilhetes).<br \/>\n- Alojamento nos hot\u00e9is previstos ou similares em quarto standard com pequeno-almo\u00e7o;<br \/>\n- Refei\u00e7\u00f5es de acordo com o itiner\u00e1rio (04 jantares);<br \/>\n- Circuito em servi\u00e7o regular (em conjunto com outros participantes), acompanhado de guia local bilingue espanhol e italiano ( 2\u00ba ao 8\u00ba dias);<br \/>\n- Transporte em autocarro, minibus ou van (de acordo com o n\u00famero de participantes);<br \/>\n- Visitas de acordo com o indicado no itiner\u00e1rio, incluindo entradas no Cabo Norte;<br \/>\n- Taxas de servi\u00e7o e IVA;<br \/>\n-\u00a0 Seguro de viagem.<br \/>\n<strong><br \/>\n<\/strong><strong>O pre\u00e7o n\u00e3o inclui:<br \/>\n<\/strong>- Transporte aeroporto \/ hotel \/aeroporto;<strong><br \/>\n<\/strong>- Bebidas \u00e0s refei\u00e7\u00f5es;<\/p>\n<p>- Servi\u00e7o de bagageiros;<br \/>\n- Gratifica\u00e7\u00f5es;<\/p>\n<p>- Extras e actividades de car\u00e1cter pessoal;<br \/>\n- Todos os servi\u00e7os n\u00e3o indicados como inclu\u00eddos.<\/p>\n<p>&nbsp;<\/p>\n<p><strong>Seguro de viagem:<\/strong><\/p>\n<p>- Todas as viagens organizadas pela MundoNovo Viagens est\u00e3o cobertas por um seguro de viagem (<a href=\"https:\/\/www.mundonovoviagens.pt\/wp-content\/uploads\/2025\/02\/MundoNovo-Multiviagens-Plus-1.pdf?x78457&amp;x70114&amp;x48172&amp;x23938&amp;x23938\" target=\"_blank\" rel=\"noopener\">Multiviagens Plus 1<\/a>);<br \/>\n- Adicionalmente propomos o seguro <a href=\"https:\/\/www.mundonovoviagens.pt\/wp-content\/uploads\/2025\/02\/MundoNovo-Multiviagens-Premium.pdf?x78457&amp;x70114&amp;x48172&amp;x23938&amp;x23938\" target=\"_blank\" rel=\"noopener\">Multiviagens Premium<\/a>\u00a0(valor das coberturas superior), mediante um suplemento de 30\u20ac por pessoa;<br \/>\n- As condi\u00e7\u00f5es gerais de cada seguro poder\u00e3o ser consultadas na p\u00e1gina inicial do nosso site.<\/p>\n<p>&nbsp;<\/p>\n<p><strong>Condi\u00e7\u00f5es gerais de reserva e cancelamento:<\/strong><b><br \/>\n<\/b>Consultar a ficha de informa\u00e7\u00e3o normalizada (<a href=\"https:\/\/www.mundonovoviagens.pt\/index.php\/ficha-de-informacao-normalizada\/\" target=\"_blank\" rel=\"noopener\">FIN<\/a>) e\u00a0<a href=\"https:\/\/www.mundonovoviagens.pt\/index.php\/condicoes-gerais\/\" target=\"_blank\" rel=\"noopener\">condi\u00e7\u00f5es gerais<\/a>\u00a0indicadas no site.<\/p>\n<\/div>\n<\/div><\/div><\/div><\/div><\/div><\/div>\t\t\t\t\t\t<\/div>\n\t\t\t\t\t\t\t\t\t\t\t<div class=\"tab-pane  fade\" id=\"tab-informa\u00e7\u00f5es-destino\" role=\"tabpanel\">\n\t\t\t\t\t\t\t<div id=\"pl-w69970292b2b24\"  class=\"panel-layout\" ><div id=\"pg-w69970292b2b24-0\"  class=\"panel-grid panel-no-style\" ><div id=\"pgc-w69970292b2b24-0-0\"  class=\"panel-grid-cell\" ><div id=\"panel-w69970292b2b24-0-0-0\" class=\"so-panel widget widget_sow-editor panel-first-child panel-last-child\" data-index=\"0\" ><div class=\"panel-widget-style panel-widget-style-for-w69970292b2b24-0-0-0\" ><div\n\t\t\t\n\t\t\tclass=\"so-widget-sow-editor so-widget-sow-editor-base\"\n\t\t\t\n\t\t>\n<div class=\"siteorigin-widget-tinymce textwidget\">\n\t<p style=\"text-align: justify;\"><strong>1 - Requisitos de entrada<\/strong><br \/>\nOs cidad\u00e3os portugueses necessitam de cart\u00e3o de cidad\u00e3o ou passaporte v\u00e1lidos.<br \/>\nN\u00e3o \u00e9 obrigat\u00f3rio visto. Viajar com crian\u00e7as: quando um dos pais viaje acompanhado de uma crian\u00e7a (menor) dever\u00e1 ser portador de uma autoriza\u00e7\u00e3o escrita em ingl\u00eas e assinada pelo outro progenitor; se o menor estiver s\u00f3 ou acompanhado por um terceiro adulto, \u00e9 necess\u00e1ria a autoriza\u00e7\u00e3o de ambos os pais.<\/p>\n<p>&nbsp;<\/p>\n<p><strong>2 \u2013 Vacinas \/ Sa\u00fade<\/strong><br \/>\nVacina obrigat\u00f3ria: nenhuma.<br \/>\nA posse do Cart\u00e3o de Seguro de Doen\u00e7a europeu faculta o acesso directo aos servi\u00e7os de sa\u00fade noruegueses, sobretudo os de emerg\u00eancia.<\/p>\n<p>&nbsp;<\/p>\n<p style=\"text-align: justify;\"><strong>3 - Clima<\/strong><br \/>\nDevido \u00e0 sua elevada latitude, o Inverno \u00e9 longo e rigoroso, com dias curtos e noites longas. As temperaturas nesta esta\u00e7\u00e3o do ano atingem valores negativos (-30\u00ba), com especial incid\u00eancia no norte interior e nas \u00e1reas de montanha. No norte da Noruega \u00e9 poss\u00edvel assistir ocasionalmente ao fen\u00f3meno designado por \u201cAurora Borealis\u201d. O Ver\u00e3o \u00e9 curto e ameno, com dias longos e noites curtas. Nesta esta\u00e7\u00e3o \u00e9 poss\u00edvel assistir ao designado fen\u00f3meno do sol da meia-noite a Norte do c\u00edrculo polar \u00c1rtico.<\/p>\n<p>&nbsp;<\/p>\n<p><strong>4 - Idioma<\/strong><br \/>\nA l\u00edngua oficial \u00e9 o noruegu\u00eas. No entanto, a maior parte da popula\u00e7\u00e3o domina o ingl\u00eas.<\/p>\n<p>&nbsp;<\/p>\n<p><strong>5 - Moeda<\/strong><br \/>\nA moeda local \u00e9 a coroa norueguesa. Os cart\u00f5es de cr\u00e9dito s\u00e3o aceites na grande maioria dos hot\u00e9is, loja e restaurantes. A rede de caixas ATM est\u00e1 presente em todo o territ\u00f3rio.<\/p>\n<p>&nbsp;<\/p>\n<p><strong>6 - Diferen\u00e7a hor\u00e1ria<\/strong><br \/>\nGMT\/UTC +01<\/p>\n<p>&nbsp;<\/p>\n<p><strong>7 - Eletricidade<\/strong><br \/>\n230V \/ 50 Hz (tomadas tipo C e F)<\/p>\n<p>&nbsp;<\/p>\n<p><strong>8 - Representa\u00e7\u00e3o Diplom\u00e1tica \/ Consular<\/strong><br \/>\nEmbaixada de Portugal em Oslo<br \/>\nMais informa\u00e7\u00f5es: <a href=\"https:\/\/portaldascomunidades.mne.gov.pt\/pt\/\" target=\"_blank\" rel=\"noopener\">www.portaldascomunidades.mne.pt\/<\/a><\/p>\n<p>&nbsp;<\/p>\n<p><strong>9 \u2013 Site Oficial do turismo:<\/strong> <a href=\"https:\/\/www.visitnorway.com\/\" target=\"_blank\" rel=\"noopener\">www.visitnorway.com\/<\/a><\/p>\n<\/div>\n<\/div><\/div><\/div><\/div><\/div><\/div>\t\t\t\t\t\t<\/div>\n\t\t\t\t\t\t\t\t\t\t<\/div>\n\t\t\t\t\t\t\t<\/div>\n\n\t\t\t<\/div><div id=\"panel-612-0-0-1\" class=\"so-panel widget widget_sow-button panel-last-child\" data-index=\"1\" ><div\n\t\t\t\n\t\t\tclass=\"so-widget-sow-button so-widget-sow-button-flat-95cda3216a70-612\"\n\t\t\t\n\t\t><div class=\"ow-button-base ow-button-align-center\">\n\t<a\n\thref=\"https:\/\/www.mundonovoviagens.pt\/index.php\/contactos\/?wpf62_6=Assunto:%20132%20-%20Oslo,%20Lofoten%20e%20Cabo%20Norte%20-%2010%20dias\"\n\t\tclass=\"ow-icon-placement-left ow-button-hover\" \t>\n\t\t<span>\n\t\t\t\n\t\t\tCONTACTE-NOS\t\t<\/span>\n\t<\/a>\n<\/div>\n<\/div><\/div><\/div><\/div><\/div>","protected":false},"excerpt":{"rendered":"<p style=\"text-align: center;\"><strong>Circuito Regular com guia Bilingue Espanhol\/Italiano<br \/>\n<\/strong>(Oslo, Harstad, Sortland, Ilhas Vester\u00e5len, Ilhas Lofoten, Troms\u00f8, Honningsv\u00e5g, Cabo Norte e Alta)<\/p>\n","protected":false},"featured_media":3094,"template":"","meta":[],"product_brand":[],"product_cat":[15],"product_tag":[385,387,1012,788,371,375,390],"class_list":{"0":"post-612","1":"product","2":"type-product","3":"status-publish","4":"has-post-thumbnail","6":"product_cat-europa","7":"product_tag-auroras-boreais","8":"product_tag-cabo-norte","9":"product_tag-fiordes-noruega","10":"product_tag-ilhas-lofoten","11":"product_tag-noruega","12":"product_tag-oslo","13":"product_tag-tromso","15":"first","16":"instock","17":"shipping-taxable","18":"product-type-simple"},"_links":{"self":[{"href":"https:\/\/www.mundonovoviagens.pt\/index.php\/wp-json\/wp\/v2\/product\/612","targetHints":{"allow":["GET"]}}],"collection":[{"href":"https:\/\/www.mundonovoviagens.pt\/index.php\/wp-json\/wp\/v2\/product"}],"about":[{"href":"https:\/\/www.mundonovoviagens.pt\/index.php\/wp-json\/wp\/v2\/types\/product"}],"wp:featuredmedia":[{"embeddable":true,"href":"https:\/\/www.mundonovoviagens.pt\/index.php\/wp-json\/wp\/v2\/media\/3094"}],"wp:attachment":[{"href":"https:\/\/www.mundonovoviagens.pt\/index.php\/wp-json\/wp\/v2\/media?parent=612"}],"wp:term":[{"taxonomy":"product_brand","embeddable":true,"href":"https:\/\/www.mundonovoviagens.pt\/index.php\/wp-json\/wp\/v2\/product_brand?post=612"},{"taxonomy":"product_cat","embeddable":true,"href":"https:\/\/www.mundonovoviagens.pt\/index.php\/wp-json\/wp\/v2\/product_cat?post=612"},{"taxonomy":"product_tag","embeddable":true,"href":"https:\/\/www.mundonovoviagens.pt\/index.php\/wp-json\/wp\/v2\/product_tag?post=612"}],"curies":[{"name":"wp","href":"https:\/\/api.w.org\/{rel}","templated":true}]}}