{"id":676,"date":"2022-06-06T20:57:07","date_gmt":"2022-06-06T20:57:07","guid":{"rendered":"https:\/\/www.mundonovoviagens.pt\/?post_type=product&#038;p=676"},"modified":"2025-11-02T23:46:34","modified_gmt":"2025-11-02T22:46:34","slug":"465-costa-californiana-7-dias","status":"publish","type":"product","link":"https:\/\/www.mundonovoviagens.pt\/index.php\/produto\/465-costa-californiana-7-dias\/","title":{"rendered":"465 &#8211; Costa Californiana \u2013 7 dias"},"content":{"rendered":"<div id=\"pl-676\"  class=\"panel-layout\" ><div id=\"pg-676-0\"  class=\"panel-grid panel-no-style\" ><div id=\"pgc-676-0-0\"  class=\"panel-grid-cell\" ><div id=\"panel-676-0-0-0\" class=\"so-panel widget widget_pt_tabs pt-widget-tabs panel-first-child\" data-index=\"0\" >\t\t\t<div class=\"pt-tabs\">\n\t\t\t\t\n\t\t\t\t\t\t\t\t\t<ul class=\"pt-tabs__navigation  nav  nav-tabs\" role=\"tablist\">\n\t\t\t\t\t\t\t\t\t\t\t\t\t<li class=\"nav-item\">\n\t\t\t\t\t\t\t\t<a class=\"nav-link  active\" data-toggle=\"tab\" href=\"#tab-itiner\u00c1rio\" role=\"tab\">ITINER\u00c1RIO<\/a>\n\t\t\t\t\t\t\t<\/li>\n\t\t\t\t\t\t\t\t\t\t\t\t\t<li class=\"nav-item\">\n\t\t\t\t\t\t\t\t<a class=\"nav-link\" data-toggle=\"tab\" href=\"#tab-pre\u00e7os-e-condi\u00e7\u00f5es\" role=\"tab\">Pre\u00e7os e Condi\u00e7\u00f5es<\/a>\n\t\t\t\t\t\t\t<\/li>\n\t\t\t\t\t\t\t\t\t\t\t\t\t<li class=\"nav-item\">\n\t\t\t\t\t\t\t\t<a class=\"nav-link\" data-toggle=\"tab\" href=\"#tab-informa\u00e7\u00f5es-destino\" role=\"tab\">Informa\u00e7\u00f5es Destino<\/a>\n\t\t\t\t\t\t\t<\/li>\n\t\t\t\t\t\t\t\t\t\t\t<\/ul>\n\n\t\t\t\t\t<div class=\"pt-tabs__content  tab-content\">\n\t\t\t\t\t\t\t\t\t\t\t<div class=\"tab-pane  fade  in  active\" id=\"tab-itiner\u00c1rio\" role=\"tabpanel\">\n\t\t\t\t\t\t\t<div id=\"pl-w6907dd7f92645\"  class=\"panel-layout\" ><div id=\"pg-w6907dd7f92645-0\"  class=\"panel-grid panel-no-style\" ><div id=\"pgc-w6907dd7f92645-0-0\"  class=\"panel-grid-cell\" ><div id=\"panel-w6907dd7f92645-0-0-0\" class=\"so-panel widget widget_sow-editor panel-first-child\" data-index=\"0\" ><div class=\"panel-widget-style panel-widget-style-for-w6907dd7f92645-0-0-0\" ><div\n\t\t\t\n\t\t\tclass=\"so-widget-sow-editor so-widget-sow-editor-base\"\n\t\t\t\n\t\t><h3 class=\"widget-title\">1\u00ba. Dia- PORTUGAL \/ S\u00c3O FRANCISCO <\/h3>\n<div class=\"siteorigin-widget-tinymce textwidget\">\n\t<p style=\"text-align: justify;\">Compar\u00eancia no aeroporto 180 minutos antes da hora prevista para a partida. Formalidades de embarque e partida para S\u00e3o Francisco, com mudan\u00e7a de avi\u00e3o em rota. Chegada, transporte por conta pr\u00f3pria para o hotel. Alojamento.<\/p>\n<\/div>\n<\/div><\/div><\/div><div id=\"panel-w6907dd7f92645-0-0-1\" class=\"so-panel widget widget_sow-editor\" data-index=\"1\" ><div class=\"panel-widget-style panel-widget-style-for-w6907dd7f92645-0-0-1\" ><div\n\t\t\t\n\t\t\tclass=\"so-widget-sow-editor so-widget-sow-editor-base\"\n\t\t\t\n\t\t><h3 class=\"widget-title\">2\u00ba.\tDia \u2013 S\u00c3O FRANCISCO <\/h3>\n<div class=\"siteorigin-widget-tinymce textwidget\">\n\t<p style=\"text-align: justify;\">Pequeno-almo\u00e7o americano no hotel. De manh\u00e3, visita da cidade, incluindo o centro comercial e financeiro, com paragens no Centro C\u00edvico, Twin Peaks, Golden Gate Park, a famosa ponte Golden Gate, finalizando no Fisherman's Wharf. Regresso ao hotel. Tarde livre.<\/p>\n<\/div>\n<\/div><\/div><\/div><div id=\"panel-w6907dd7f92645-0-0-2\" class=\"so-panel widget widget_sow-editor\" data-index=\"2\" ><div class=\"panel-widget-style panel-widget-style-for-w6907dd7f92645-0-0-2\" ><div\n\t\t\t\n\t\t\tclass=\"so-widget-sow-editor so-widget-sow-editor-base\"\n\t\t\t\n\t\t><h3 class=\"widget-title\">3\u00ba. Dia \u2013 S\u00c3O FRANCISCO \/ MONTEREY \/ CARMEL \/ LOMPOC<\/h3>\n<div class=\"siteorigin-widget-tinymce textwidget\">\n\t<p style=\"text-align: justify;\">Pequeno-almo\u00e7o americano no hotel. Partida com destino a Monterey, antiga capital Espanhola da Alta Calif\u00f3rnia. Continua\u00e7\u00e3o da viagem pela costa conhecendo as exclusivas \"17 Mile Drive\", com as suas magnificas vivendas e campos de golf, antes de chegarmos a Carmel, onde foi governador o ator e produtor de cinema Clint Eastwood. Tempo livre para almo\u00e7o (n\u00e3o inclu\u00eddo) e para percorrer a sua rua principal, cheia de galerias de arte e de atrativas lojas. Continua\u00e7\u00e3o da viagem em dire\u00e7\u00e3o Sul at\u00e9 chegar ao nosso hotel em Lompoc. Alojamento.<\/p>\n<\/div>\n<\/div><\/div><\/div><div id=\"panel-w6907dd7f92645-0-0-3\" class=\"so-panel widget widget_sow-editor\" data-index=\"3\" ><div class=\"panel-widget-style panel-widget-style-for-w6907dd7f92645-0-0-3\" ><div\n\t\t\t\n\t\t\tclass=\"so-widget-sow-editor so-widget-sow-editor-base\"\n\t\t\t\n\t\t><h3 class=\"widget-title\">4\u00ba. Dia \u2013 LOMPOC \/ SANTA BARBARA \/LOS ANGELES <\/h3>\n<div class=\"siteorigin-widget-tinymce textwidget\">\n\t<p style=\"text-align: justify;\">Pequeno-almo\u00e7o continental no hotel. De manh\u00e3, sa\u00edda com destino a Los Angeles, passando por Santa B\u00e1rbara, onde se efetuar\u00e1 uma paragem para fotos da miss\u00e3o com o mesmo nome, denominada, a rainha das miss\u00f5es. Continua\u00e7\u00e3o pela costa, percorrendo as suas ruas e constru\u00e7\u00f5es de estilo colonial espanhol. Breve paragem frente \u00e0 praia e continua\u00e7\u00e3o para Los Angeles.<\/p>\n<p style=\"text-align: justify;\">Chegada e visita da cidade, iniciando na zona residencial de Beverly Hills, com oportunidade de caminhar em Rodeo Drive, seguindo-se Hollywood, com passagem pelo Teatro Dolby, Teatro Chin\u00eas, Avenida das Estrelas, Sunset Boulevard. Tempo livre para almo\u00e7o (n\u00e3o inclu\u00eddo).<\/p>\n<p style=\"text-align: justify;\">Continua\u00e7\u00e3o para downtown, distrito financeiro, Dorothy Chandler Pavillion, Plaza Olvera. Chegada ao hotel. Alojamento.<\/p>\n<\/div>\n<\/div><\/div><\/div><div id=\"panel-w6907dd7f92645-0-0-4\" class=\"so-panel widget widget_sow-editor\" data-index=\"4\" ><div class=\"panel-widget-style panel-widget-style-for-w6907dd7f92645-0-0-4\" ><div\n\t\t\t\n\t\t\tclass=\"so-widget-sow-editor so-widget-sow-editor-base\"\n\t\t\t\n\t\t><h3 class=\"widget-title\">5\u00ba. Dia \u2013 LOS ANGELES <\/h3>\n<div class=\"siteorigin-widget-tinymce textwidget\">\n\t<p>Pequeno-almo\u00e7o americano no hotel. Dia livre. Alojamento.<\/p>\n<\/div>\n<\/div><\/div><\/div><div id=\"panel-w6907dd7f92645-0-0-5\" class=\"so-panel widget widget_sow-editor\" data-index=\"5\" ><div class=\"panel-widget-style panel-widget-style-for-w6907dd7f92645-0-0-5\" ><div\n\t\t\t\n\t\t\tclass=\"so-widget-sow-editor so-widget-sow-editor-base\"\n\t\t\t\n\t\t><h3 class=\"widget-title\">6\u00ba. Dia \u2013 LOS ANGELES \/ PORTUGAL <\/h3>\n<div class=\"siteorigin-widget-tinymce textwidget\">\n\t<p style=\"text-align: justify;\">Pequeno-almo\u00e7o americano no hotel. Transporte por conta pr\u00f3pria para o aeroporto; formalidades de embarque e partida para Portugal, com mudan\u00e7a de avi\u00e3o em rota. Noite a bordo.<\/p>\n<\/div>\n<\/div><\/div><\/div><div id=\"panel-w6907dd7f92645-0-0-6\" class=\"so-panel widget widget_sow-editor panel-last-child\" data-index=\"6\" ><div\n\t\t\t\n\t\t\tclass=\"so-widget-sow-editor so-widget-sow-editor-base\"\n\t\t\t\n\t\t><h3 class=\"widget-title\">7\u00ba. Dia - Chegada a PORTUGAL<\/h3>\n<div class=\"siteorigin-widget-tinymce textwidget\">\n\t<p>Chegada a Portugal.<br \/>\nFim dos nossos servi\u00e7os.<\/p>\n<\/div>\n<\/div><\/div><\/div><\/div><\/div>\t\t\t\t\t\t<\/div>\n\t\t\t\t\t\t\t\t\t\t\t<div class=\"tab-pane  fade\" id=\"tab-pre\u00e7os-e-condi\u00e7\u00f5es\" role=\"tabpanel\">\n\t\t\t\t\t\t\t<div id=\"pl-w6907dd7f92648\"  class=\"panel-layout\" ><div id=\"pg-w6907dd7f92648-0\"  class=\"panel-grid panel-no-style\" ><div id=\"pgc-w6907dd7f92648-0-0\"  class=\"panel-grid-cell\" ><div id=\"panel-w6907dd7f92648-0-0-0\" class=\"so-panel widget widget_sow-editor panel-first-child panel-last-child\" data-index=\"0\" ><div class=\"panel-widget-style panel-widget-style-for-w6907dd7f92648-0-0-0\" ><div\n\t\t\t\n\t\t\tclass=\"so-widget-sow-editor so-widget-sow-editor-base\"\n\t\t\t\n\t\t>\n<div class=\"siteorigin-widget-tinymce textwidget\">\n\t<p><strong>DATAS de PARTIDA<span style=\"color: #3a64ad;\"> 2025<\/span>:<\/strong><\/p>\n<p><strong>DEZEMBRO:<\/strong> 11 e 18<\/p>\n<p>&nbsp;<\/p>\n<p><strong>DATAS de PARTIDA <span style=\"color: #ef7a1b;\">2026<span style=\"color: #333333;\">:<\/span><\/span><\/strong><\/p>\n<p><strong>JANEIRO: <\/strong>15 e 29;\u00a0 \u00a0<strong>FEVEREIRO: <\/strong>12 e 26;\u00a0 \u00a0<strong>MAR\u00c7O: <\/strong>19<\/p>\n<p><strong>ABRIL: <\/strong>02, 09, 23 e 30;\u00a0 \u00a0<strong>MAIO<\/strong>: 07, 14, 21 e 28;\u00a0 \u00a0<strong>JUNHO: <\/strong>04,11, 18, e 25;<\/p>\n<p><strong>JULHO: <\/strong>02,09, 16, 23 e 30;\u00a0 \u00a0<strong>AGOSTO: <\/strong>06, 13, 20 e 27;\u00a0 \u00a0<strong>SETEMBRO: <\/strong>03, 10, 17 e 24<\/p>\n<p><strong>OUTUBRO: <\/strong>01, 15 e 29;\u00a0 \u00a0<strong>NOVEMBRO: <\/strong>12 e 26;\u00a0 \u00a0<strong>DEZEMBRO: <\/strong>10 e 17<\/p>\n<p>&nbsp;<\/p>\n<p><strong>DATAS de PARTIDA <span style=\"color: #3a64ad;\"><span style=\"color: #20b2aa;\">2027<\/span><span style=\"color: #333333;\">:<\/span><\/span><\/strong><\/p>\n<p><strong>JANEIRO: <\/strong>14 e 28;\u00a0 \u00a0<strong>FEVEREIRO: <\/strong>11 e 25<\/p>\n<p><strong>MAR\u00c7O: <\/strong>11 e 25;\u00a0 \u00a0<strong>ABRIL: <\/strong>08, 22 e 29<\/p>\n<p>&nbsp;<\/p>\n<p><strong>Pre\u00e7o por pessoa segundo ocupa\u00e7\u00e3o do quarto (m\u00ednimo de 2 participantes):<\/strong><\/p>\n<p>&nbsp;<\/p>\n<p><strong>HOT\u00c9IS PREVISTOS ou SIMILARES:<\/strong><\/p>\n<p>&nbsp;<\/p>\n<p><strong>S\u00c3O FRANCISCO<\/strong> - <a href=\"https:\/\/www.hilton.com\/en\/hotels\/sfofhhh-hilton-san-francisco-union-square\/?SEO_id=GMB-AMER-HH-SFOFHHH&amp;y_source=1_NzIxNzU4LTcxNS1sb2NhdGlvbi53ZWJzaXRl\" target=\"_blank\" rel=\"noopener\">Hilton San Francisco Union Square<\/a> 4*<\/p>\n<p><strong>LOMPOC <\/strong>\u2013 <a href=\"https:\/\/www.ihg.com\/holidayinnexpress\/hotels\/us\/en\/lompoc\/lpcca\/hoteldetail?cm_mmc=GoogleMaps-_-EX-_-US-_-LPCCA\" target=\"_blank\" rel=\"noopener\">Hotel Holiday In Express<\/a> 2*<\/p>\n<p><strong>LOS ANGELES<\/strong> -\u00a0 \u00a0<a href=\"https:\/\/www.marriott.com\/en-us\/hotels\/laxbw-the-westin-bonaventure-hotel-and-suites-los-angeles\/overview\/\" target=\"_blank\" rel=\"noopener\">Westin Bonaventure Hotel &amp; Suites<\/a>\u00a0 4*<\/p>\n<p>&nbsp;<\/p>\n<table>\n<tbody>\n<tr>\n<td>\n<p style=\"text-align: center;\"><strong>PER\u00cdODO<\/strong><\/p>\n<\/td>\n<td style=\"text-align: center;\"><strong>QUADRUPLO*<\/strong><\/td>\n<td style=\"text-align: center;\"><strong>TRIPLO*<\/strong><\/td>\n<td style=\"text-align: center;\"><strong>DUPLO<\/strong><\/td>\n<td>\n<p style=\"text-align: center;\"><strong>SINGLE<\/strong><\/p>\n<\/td>\n<\/tr>\n<tr>\n<td>\n<p style=\"text-align: center;\"><strong>11\/12\/25 a 30\/04\/26<\/strong><\/p>\n<\/td>\n<td style=\"text-align: center;\">1.945,00 \u20ac<\/td>\n<td style=\"text-align: center;\">2.030,00 \u20ac<\/td>\n<td style=\"text-align: center;\">2.145,00 \u20ac<\/td>\n<td>\n<p style=\"text-align: center;\">2.725,00 \u20ac<\/p>\n<\/td>\n<\/tr>\n<tr>\n<td>\n<p style=\"text-align: center;\"><strong>07\/05\/26 a 29\/04\/27<\/strong><\/p>\n<\/td>\n<td style=\"text-align: center;\">2.005,00 \u20ac<\/td>\n<td style=\"text-align: center;\">2.075,00 \u20ac<\/td>\n<td style=\"text-align: center;\">2.195,00 \u20ac<\/td>\n<td>\n<p style=\"text-align: center;\">2.780,00 \u20ac<\/p>\n<\/td>\n<\/tr>\n<\/tbody>\n<\/table>\n<p>&nbsp;<\/p>\n<p><span style=\"color: #0000ff;\"><strong>Nota muito importante:<\/strong><\/span>\u00a0a viagem tem de ser paga na \u00edntegra 30 dias antes da data da partida.<\/p>\n<p>&nbsp;<\/p>\n<p><strong>Nota*:<\/strong> os quartos qu\u00e1druplos e triplos s\u00e3o compostos por 2 camas de casal.<\/p>\n<p>&nbsp;<\/p>\n<p style=\"text-align: justify;\"><strong>Nota 1<\/strong>: Este programa foi calculado com base na companhia a\u00e9rea United Airlines em cabine econ\u00f3mica, tarifa em classe K. Caso n\u00e3o haja disponibilidade de lugares nessa tarifa, ser\u00e1 proposto em alternativa o escal\u00e3o tarif\u00e1rio seguinte dispon\u00edvel, ou outra companhia a\u00e9rea, mediante um suplemento a informar.<\/p>\n<p>&nbsp;<\/p>\n<p><strong>Suplemento de tarifa a\u00e9rea com a United Airlines ( Porto ou Lisboa):<\/strong><\/p>\n<p>&nbsp;<\/p>\n<table>\n<tbody>\n<tr>\n<td>\n<p style=\"text-align: center;\"><strong>Per\u00edodo<\/strong><\/p>\n<\/td>\n<td style=\"text-align: center;\"><strong>Classe K<\/strong><\/td>\n<td style=\"text-align: center;\"><strong>Classe L<\/strong><\/td>\n<td style=\"text-align: center;\"><strong>Classe T<\/strong><\/td>\n<td style=\"text-align: center;\"><strong>Classe S<\/strong><\/td>\n<\/tr>\n<tr>\n<td>\n<p style=\"text-align: center;\"><strong>11\/12\/25 a 24\/06\/26<\/strong><\/p>\n<\/td>\n<td style=\"text-align: center;\">Sem supl.<\/td>\n<td style=\"text-align: center;\">50,00 \u20ac<\/td>\n<td style=\"text-align: center;\">90,00 \u20ac<\/td>\n<td>\n<p style=\"text-align: center;\">205,00 \u20ac<\/p>\n<\/td>\n<\/tr>\n<tr>\n<td>\n<p style=\"text-align: center;\"><strong>25\/06\/26 a 24\/08\/26<\/strong><\/p>\n<\/td>\n<td style=\"text-align: center;\">100,00 \u20ac<\/td>\n<td style=\"text-align: center;\">140,00 \u20ac<\/td>\n<td style=\"text-align: center;\">180,00 \u20ac<\/td>\n<td>\n<p style=\"text-align: center;\">290,00 \u20ac<\/p>\n<\/td>\n<\/tr>\n<tr>\n<td>\n<p style=\"text-align: center;\"><strong>25\/08\/26 a 31\/10\/26<\/strong><\/p>\n<\/td>\n<td style=\"text-align: center;\">Sem supl.<\/td>\n<td style=\"text-align: center;\">50,00 \u20ac<\/td>\n<td style=\"text-align: center;\">90,00 \u20ac<\/td>\n<td>\n<p style=\"text-align: center;\">205,00 \u20ac<\/p>\n<\/td>\n<\/tr>\n<tr>\n<td>\n<p style=\"text-align: center;\"><strong>A partir 01\/11\/26<\/strong><\/p>\n<\/td>\n<td colspan=\"4\">\n<p style=\"text-align: center;\">A informar<\/p>\n<\/td>\n<\/tr>\n<\/tbody>\n<\/table>\n<p><strong>O pre\u00e7o inclui:<\/strong><\/p>\n<p style=\"text-align: justify;\">- Passagem a\u00e9rea em voos regulares, em classe econ\u00f3mica, para percurso indicado, incluindo transporte de bagagem de por\u00e3o;<br \/>\n- Taxas de aeroporto, seguran\u00e7a e combust\u00edvel no valor de 390,00 \u20ac (sujeito a altera\u00e7\u00e3o, a reconfirmar no dia da emiss\u00e3o dos bilhetes);<br \/>\n- Alojamento nos hot\u00e9is previstos ou similares em quarto standard, com pequeno almo\u00e7o americano, excepto no hotel em Lompoc que inclui pequeno almo\u00e7o continental;<br \/>\n- Circuito em servi\u00e7o regular ( em conjunto com outros participantes), acompanhado de guia local de l\u00edngua espanhola e\/ou portuguesa;<br \/>\n- Transporte em autocarro, minibus ou van (de acordo com o n\u00famero de participantes);<br \/>\n- Visitas de acordo com o indicado no itiner\u00e1rio;<br \/>\n- No autocarro, transporte gratuito de 1 mala por pessoa;<br \/>\n- Taxas de servi\u00e7o e IVA;<br \/>\n- Seguro de viagem.<\/p>\n<p>&nbsp;<\/p>\n<p><strong>O pre\u00e7o n\u00e3o inclui:<br \/>\n<\/strong>- Transporte aeroporto \/ hotel \/aeroporto;<br \/>\n- Gratifica\u00e7\u00f5es;<\/p>\n<p>- Taxas tur\u00edsticas \/ municipais (pagamento local nos hot\u00e9is);<br \/>\n- Extras de car\u00e1cter pessoal;<br \/>\n- Todos os servi\u00e7os n\u00e3o indicados como inclu\u00eddos;<br \/>\n- Autoriza\u00e7\u00e3o de entrada nos Estados Unidos da Am\u00e9rica ( ESTA)<\/p>\n<p>&nbsp;<\/p>\n<p><strong>Seguro de viagem:<\/strong><\/p>\n<p>- Todas as viagens organizadas pela MundoNovo Viagens est\u00e3o cobertas por um seguro de viagem (<a href=\"https:\/\/www.mundonovoviagens.pt\/wp-content\/uploads\/2025\/02\/MundoNovo-Multiviagens-Plus-1.pdf?x78457&amp;x70114&amp;x48172&amp;x23938&amp;x23938\" target=\"_blank\" rel=\"noopener\">Multiviagens Plus 1<\/a>);<br \/>\n- Adicionalmente propomos o seguro <a href=\"https:\/\/www.mundonovoviagens.pt\/wp-content\/uploads\/2025\/02\/MundoNovo-Multiviagens-Premium.pdf?x78457&amp;x70114&amp;x48172&amp;x23938&amp;x23938\" target=\"_blank\" rel=\"noopener\">Multiviagens Premium<\/a>\u00a0(valor das coberturas superior), mediante um suplemento de 30\u20ac por pessoa;<br \/>\n- As condi\u00e7\u00f5es gerais de cada seguro poder\u00e3o ser consultadas na p\u00e1gina inicial do nosso site.<\/p>\n<p>&nbsp;<\/p>\n<p><strong>Condi\u00e7\u00f5es gerais de reserva e cancelamento:<\/strong><b><br \/>\n<\/b>Consultar a ficha de informa\u00e7\u00e3o normalizada (<a href=\"https:\/\/www.mundonovoviagens.pt\/index.php\/ficha-de-informacao-normalizada\/\" target=\"_blank\" rel=\"noopener\">FIN<\/a>) e\u00a0<a href=\"https:\/\/www.mundonovoviagens.pt\/index.php\/condicoes-gerais\/\" target=\"_blank\" rel=\"noopener\">condi\u00e7\u00f5es gerais<\/a>\u00a0indicadas no site.<\/p>\n<\/div>\n<\/div><\/div><\/div><\/div><\/div><\/div>\t\t\t\t\t\t<\/div>\n\t\t\t\t\t\t\t\t\t\t\t<div class=\"tab-pane  fade\" id=\"tab-informa\u00e7\u00f5es-destino\" role=\"tabpanel\">\n\t\t\t\t\t\t\t<div id=\"pl-w6907dd7f9264a\"  class=\"panel-layout\" ><div id=\"pg-w6907dd7f9264a-0\"  class=\"panel-grid panel-no-style\" ><div id=\"pgc-w6907dd7f9264a-0-0\"  class=\"panel-grid-cell\" ><div id=\"panel-w6907dd7f9264a-0-0-0\" class=\"so-panel widget widget_sow-editor panel-first-child panel-last-child\" data-index=\"0\" ><div class=\"panel-widget-style panel-widget-style-for-w6907dd7f9264a-0-0-0\" ><div\n\t\t\t\n\t\t\tclass=\"so-widget-sow-editor so-widget-sow-editor-base\"\n\t\t\t\n\t\t>\n<div class=\"siteorigin-widget-tinymce textwidget\">\n\t<p style=\"text-align: justify;\"><strong>1 - Requisitos de entrada<br \/>\n<\/strong>Os cidad\u00e3os portugueses necessitam de passaporte com validade m\u00ednima de 6 meses \u00e0 data de sa\u00edda do pa\u00eds.\u00a0 Todos os viajantes que viajem para os EUA ao abrigo do Programa \"Visa Waiver\" dever\u00e3o obrigatoriamente obter uma autoriza\u00e7\u00e3o pr\u00e9via denominada ESTA (Electronic System of Travel Authorization).\u00a0 O ESTA \u00e9 obtido atrav\u00e9s da Internet, no site oficial do Departamento de Seguran\u00e7a Interna, no seguinte endere\u00e7o:\u00a0<a href=\"https:\/\/esta.cbp.dhs.gov\/esta\/\">www.esta.cbp.dhs.gov\/esta\/<\/a>(valor USD 14, sujeito a altera\u00e7\u00e3o).<br \/>\nOs cidad\u00e3os que se tenham deslocado, a partir de mar\u00e7o de 2011, \u00e0 S\u00edria, L\u00edbia, Iraque, I\u00e9men, Sud\u00e3o, Som\u00e1lia, Ir\u00e3o, e a partir de 12 de janeiro de 2021 a Cuba, encontram-se exclu\u00eddos do Programa \"Visa Waiver\" e dever\u00e3o procurar obter um visto de entrada junto da Embaixada dos Estados Unidos em Lisboa ou no pa\u00eds em que residam.<\/p>\n<p>&nbsp;<\/p>\n<p style=\"text-align: justify;\"><strong>2 - Vacinas \/ Sa\u00fade<br \/>\n<\/strong>Vacina obrigat\u00f3ria: nenhuma.<br \/>\nA infraestrutura m\u00e9dica \u00e9 excelente, mas de custo elevado, estando a admiss\u00e3o hospitalar condicionada \u00e0 apresenta\u00e7\u00e3o de garantias financeiras. N\u00e3o existe nos EUA um sistema de sa\u00fade p\u00fablica gratuito, sendo os custos de qualquer hospitaliza\u00e7\u00e3o extremamente elevados, podendo chegar aos milhares de d\u00f3lares.<\/p>\n<p>&nbsp;<\/p>\n<p style=\"text-align: justify;\"><strong>3 - Clima<br \/>\n<\/strong>Sendo um vasto pa\u00eds, o clima dos Estados Unidos varia em fun\u00e7\u00e3o da latitude e das caracter\u00edsticas geogr\u00e1ficas. De um modo geral, o clima dos Estados Unidos \u00e9 temperado, embora se registem temperaturas extremas negativas e tempestades de neve nos Estados do centro norte e noroeste do pa\u00eds e no Alaska; nos meses de ver\u00e3o o estado da Calif\u00f3rnia regista temperaturas muito elevadas.<br \/>\nOs furac\u00f5es s\u00e3o frequentes na Costa do Golfo do M\u00e9xico, (Fl\u00f3rida, Alabama, Mississippi, Louisiana e Texas), e em menor grau na costa da Ge\u00f3rgia e Carolinas, entre os meses de Junho a Novembro. No estado do Havai, o clima \u00e9 tropical. A Primavera e o Outono s\u00e3o esta\u00e7\u00f5es com temperaturas amenas e confort\u00e1veis para visitar o pa\u00eds.<\/p>\n<p>&nbsp;<\/p>\n<p style=\"text-align: justify;\"><strong>4 - Idioma<br \/>\n<\/strong>A l\u00edngua oficial \u00e9 o ingl\u00eas.<\/p>\n<p>&nbsp;<\/p>\n<p style=\"text-align: justify;\"><strong>\u00a0<\/strong><strong>5 - Moeda<br \/>\n<\/strong>A moeda dos Estados Unidos \u00e9 d\u00f3lar americano (USD). Os cart\u00f5es de cr\u00e9dito s\u00e3o aceites e s\u00e3o o meio de pagamento mais frequente. \u00a0Existe uma boa rede ATM, sendo poss\u00edvel levantar dinheiro com cart\u00f5es de d\u00e9bito.<\/p>\n<p>&nbsp;<\/p>\n<p style=\"text-align: justify;\"><strong>6 -\u00a0Diferen\u00e7a Hor\u00e1ria<br \/>\n<\/strong>GMT\/UTC\u00a0-04 a -12<\/p>\n<p>&nbsp;<\/p>\n<p style=\"text-align: justify;\"><strong>7 \u2013 Eletricidade<br \/>\n<\/strong>120 V \/ 60 Hz (tomadas tipo A e B)<\/p>\n<p>&nbsp;<\/p>\n<p style=\"text-align: justify;\"><strong>8 - Representa\u00e7\u00e3o Diplom\u00e1tica \/ Consular<br \/>\n<\/strong>- Embaixada de Portugal em Washington;<br \/>\n- Consulados Gerais de Portugal em Boston, Newark, Nova Iorque e S\u00e3o Francisco;<br \/>\nMais informa\u00e7\u00f5es: <a href=\"https:\/\/portaldascomunidades.mne.gov.pt\/pt\/\" target=\"_blank\" rel=\"noopener\">www.portaldascomunidades.mne.gov.pt\/<\/a><\/p>\n<p>&nbsp;<\/p>\n<p style=\"text-align: justify;\"><strong>9 \u2013 Site oficial do turismo:\u00a0<\/strong><a href=\"http:\/\/www.visiteosusa.com.br\/\">www.visiteosusa.com<\/a><\/p>\n<\/div>\n<\/div><\/div><\/div><\/div><\/div><\/div>\t\t\t\t\t\t<\/div>\n\t\t\t\t\t\t\t\t\t\t<\/div>\n\t\t\t\t\t\t\t<\/div>\n\n\t\t\t<\/div><div id=\"panel-676-0-0-1\" class=\"so-panel widget widget_sow-button panel-last-child\" data-index=\"1\" ><div\n\t\t\t\n\t\t\tclass=\"so-widget-sow-button so-widget-sow-button-flat-95cda3216a70-676\"\n\t\t\t\n\t\t><div class=\"ow-button-base ow-button-align-center\">\n\t<a\n\thref=\"https:\/\/www.mundonovoviagens.pt\/index.php\/contactos\/?wpf62_6=Assunto:%20465%20-%20Costa%20Californiana%20\u2013%207%20dias\"\n\t\tclass=\"ow-icon-placement-left ow-button-hover\" \t>\n\t\t<span>\n\t\t\t\n\t\t\tCONTACTE-NOS\t\t<\/span>\n\t<\/a>\n<\/div>\n<\/div><\/div><\/div><\/div><\/div>","protected":false},"excerpt":{"rendered":"<p style=\"text-align: center;\"><strong>Circuito Regular com guia em Portugu\u00eas e\/ou Espanhol<\/strong><\/p>\n<p style=\"text-align: center;\">(S\u00e3o Francisco, Monterey, Carmel, Lompoc e Los Angeles)<\/p>\n","protected":false},"featured_media":725,"template":"","meta":[],"product_brand":[],"product_cat":[15],"product_tag":[1000,991,493,500,990,495],"class_list":{"0":"post-676","1":"product","2":"type-product","3":"status-publish","4":"has-post-thumbnail","6":"product_cat-europa","7":"product_tag-california","8":"product_tag-carmel","9":"product_tag-estados-unidos","10":"product_tag-los-angeles","11":"product_tag-monterey","12":"product_tag-sao-francisco","14":"first","15":"instock","16":"shipping-taxable","17":"product-type-simple"},"_links":{"self":[{"href":"https:\/\/www.mundonovoviagens.pt\/index.php\/wp-json\/wp\/v2\/product\/676","targetHints":{"allow":["GET"]}}],"collection":[{"href":"https:\/\/www.mundonovoviagens.pt\/index.php\/wp-json\/wp\/v2\/product"}],"about":[{"href":"https:\/\/www.mundonovoviagens.pt\/index.php\/wp-json\/wp\/v2\/types\/product"}],"wp:featuredmedia":[{"embeddable":true,"href":"https:\/\/www.mundonovoviagens.pt\/index.php\/wp-json\/wp\/v2\/media\/725"}],"wp:attachment":[{"href":"https:\/\/www.mundonovoviagens.pt\/index.php\/wp-json\/wp\/v2\/media?parent=676"}],"wp:term":[{"taxonomy":"product_brand","embeddable":true,"href":"https:\/\/www.mundonovoviagens.pt\/index.php\/wp-json\/wp\/v2\/product_brand?post=676"},{"taxonomy":"product_cat","embeddable":true,"href":"https:\/\/www.mundonovoviagens.pt\/index.php\/wp-json\/wp\/v2\/product_cat?post=676"},{"taxonomy":"product_tag","embeddable":true,"href":"https:\/\/www.mundonovoviagens.pt\/index.php\/wp-json\/wp\/v2\/product_tag?post=676"}],"curies":[{"name":"wp","href":"https:\/\/api.w.org\/{rel}","templated":true}]}}