{"id":686,"date":"2022-06-06T21:51:59","date_gmt":"2022-06-06T21:51:59","guid":{"rendered":"https:\/\/www.mundonovoviagens.pt\/?post_type=product&#038;p=686"},"modified":"2025-11-02T23:34:31","modified_gmt":"2025-11-02T22:34:31","slug":"463-rota-da-musica-10-dias","status":"publish","type":"product","link":"https:\/\/www.mundonovoviagens.pt\/index.php\/produto\/463-rota-da-musica-10-dias\/","title":{"rendered":"463 &#8211; Rota da M\u00fasica \u2013 10 dias"},"content":{"rendered":"<div id=\"pl-686\"  class=\"panel-layout\" ><div id=\"pg-686-0\"  class=\"panel-grid panel-no-style\" ><div id=\"pgc-686-0-0\"  class=\"panel-grid-cell\" ><div id=\"panel-686-0-0-0\" class=\"so-panel widget widget_pt_tabs pt-widget-tabs panel-first-child\" data-index=\"0\" >\t\t\t<div class=\"pt-tabs\">\n\t\t\t\t\n\t\t\t\t\t\t\t\t\t<ul class=\"pt-tabs__navigation  nav  nav-tabs\" role=\"tablist\">\n\t\t\t\t\t\t\t\t\t\t\t\t\t<li class=\"nav-item\">\n\t\t\t\t\t\t\t\t<a class=\"nav-link  active\" data-toggle=\"tab\" href=\"#tab-itiner\u00c1rio\" role=\"tab\">ITINER\u00c1RIO<\/a>\n\t\t\t\t\t\t\t<\/li>\n\t\t\t\t\t\t\t\t\t\t\t\t\t<li class=\"nav-item\">\n\t\t\t\t\t\t\t\t<a class=\"nav-link\" data-toggle=\"tab\" href=\"#tab-pre\u00e7os-e-condi\u00e7\u00f5es\" role=\"tab\">Pre\u00e7os e Condi\u00e7\u00f5es<\/a>\n\t\t\t\t\t\t\t<\/li>\n\t\t\t\t\t\t\t\t\t\t\t\t\t<li class=\"nav-item\">\n\t\t\t\t\t\t\t\t<a class=\"nav-link\" data-toggle=\"tab\" href=\"#tab-informa\u00e7\u00f5es-destino\" role=\"tab\">Informa\u00e7\u00f5es Destino<\/a>\n\t\t\t\t\t\t\t<\/li>\n\t\t\t\t\t\t\t\t\t\t\t<\/ul>\n\n\t\t\t\t\t<div class=\"pt-tabs__content  tab-content\">\n\t\t\t\t\t\t\t\t\t\t\t<div class=\"tab-pane  fade  in  active\" id=\"tab-itiner\u00c1rio\" role=\"tabpanel\">\n\t\t\t\t\t\t\t<div id=\"pl-w6907dc2dabdb2\"  class=\"panel-layout\" ><div id=\"pg-w6907dc2dabdb2-0\"  class=\"panel-grid panel-no-style\" ><div id=\"pgc-w6907dc2dabdb2-0-0\"  class=\"panel-grid-cell\" ><div id=\"panel-w6907dc2dabdb2-0-0-0\" class=\"so-panel widget widget_sow-editor panel-first-child\" data-index=\"0\" ><div class=\"panel-widget-style panel-widget-style-for-w6907dc2dabdb2-0-0-0\" ><div\n\t\t\t\n\t\t\tclass=\"so-widget-sow-editor so-widget-sow-editor-base\"\n\t\t\t\n\t\t><h3 class=\"widget-title\">1\u00ba.\tDia - PORTUGAL \/ CHICAGO <\/h3>\n<div class=\"siteorigin-widget-tinymce textwidget\">\n\t<p style=\"text-align: justify;\">Compar\u00eancia no aeroporto 180 minutos antes da hora prevista para a partida; formalidades de embarque e partida para Chicago, com mudan\u00e7a de avi\u00e3o em rota. Chegada e transporte por conta pr\u00f3pria para o hotel. Alojamento.<\/p>\n<\/div>\n<\/div><\/div><\/div><div id=\"panel-w6907dc2dabdb2-0-0-1\" class=\"so-panel widget widget_sow-editor\" data-index=\"1\" ><div class=\"panel-widget-style panel-widget-style-for-w6907dc2dabdb2-0-0-1\" ><div\n\t\t\t\n\t\t\tclass=\"so-widget-sow-editor so-widget-sow-editor-base\"\n\t\t\t\n\t\t><h3 class=\"widget-title\">2\u00ba.\tDia \u2013 CHICAGO <\/h3>\n<div class=\"siteorigin-widget-tinymce textwidget\">\n\t<p style=\"text-align: justify;\">Pequeno-almo\u00e7o americano no hotel.\u00a0 Inicio da visita panor\u00e2mica da cidade, come\u00e7ando pela \u00e1rea financeira, com visita a um dos edif\u00edcios mais altos do mundo \u2013 a Torre Willis, onde teremos a oportunidade de admirar a panor\u00e2mica de v\u00e1rios outros edif\u00edcios not\u00e1veis, como o First Chicago Bank Plaza, a Civic Opera House, City Hall e o imponente edif\u00edcio do Estado de Illinois. Passando por Wacker Drive e ao longo do Rio Chicago, teremos uma boa perspetiva sobre o Merchandise Mart (que pertenceu \u00e0 fam\u00edlia Kennedy) e das torres Marina City. Visita ainda da Universidade de Chicago e pela via do Lake Shore Boulevard, chegaremos \u00e0 \u00e1rea dos museus que proporciona uma das melhores panor\u00e2micas da cidade. De regresso ao hotel, passagem pelos parques Grand e Millennium. Tarde livre. Alojamento.<\/p>\n<\/div>\n<\/div><\/div><\/div><div id=\"panel-w6907dc2dabdb2-0-0-2\" class=\"so-panel widget widget_sow-editor\" data-index=\"2\" ><div class=\"panel-widget-style panel-widget-style-for-w6907dc2dabdb2-0-0-2\" ><div\n\t\t\t\n\t\t\tclass=\"so-widget-sow-editor so-widget-sow-editor-base\"\n\t\t\t\n\t\t><h3 class=\"widget-title\">3\u00ba. Dia \u2013 CHICAGO \/ INDIAN\u00c1POLIS <\/h3>\n<div class=\"siteorigin-widget-tinymce textwidget\">\n\t<p style=\"text-align: justify;\">Pequeno-almo\u00e7o americano no hotel. Partida com destino a Indian\u00e1polis, onde chegaremos ao final da manh\u00e3. Visita da cidade, da qual destacamos o Capit\u00f3lio Estatal de Indiana. Destacamos o famoso circuito automobil\u00edstico, cen\u00e1rio da lend\u00e1ria corrida das \"500 milhas de Indian\u00e1polis\" e conhecido como o \"Brick Yard\" Alojamento.<\/p>\n<\/div>\n<\/div><\/div><\/div><div id=\"panel-w6907dc2dabdb2-0-0-3\" class=\"so-panel widget widget_sow-editor\" data-index=\"3\" ><div class=\"panel-widget-style panel-widget-style-for-w6907dc2dabdb2-0-0-3\" ><div\n\t\t\t\n\t\t\tclass=\"so-widget-sow-editor so-widget-sow-editor-base\"\n\t\t\t\n\t\t><h3 class=\"widget-title\"> 4\u00ba. Dia - INDIAN\u00c1POLIS \/ NASHVILLE <\/h3>\n<div class=\"siteorigin-widget-tinymce textwidget\">\n\t<p style=\"text-align: justify;\">Pequeno-almo\u00e7o americano no hotel. Partida com destino a Nashville, a cidade mais importante da ind\u00fastria musical americana. Chegada e visita da cidade, da qual se destaca: a Universidade de Vanderbilt, o Parque do Bicenten\u00e1rio e o Sal\u00e3o da Fama da M\u00fasica Country. Alojamento. \u00c0 noite da cidade e dos seus bares de m\u00fasica ao vivo. Alojamento.<\/p>\n<\/div>\n<\/div><\/div><\/div><div id=\"panel-w6907dc2dabdb2-0-0-4\" class=\"so-panel widget widget_sow-editor\" data-index=\"4\" ><div class=\"panel-widget-style panel-widget-style-for-w6907dc2dabdb2-0-0-4\" ><div\n\t\t\t\n\t\t\tclass=\"so-widget-sow-editor so-widget-sow-editor-base\"\n\t\t\t\n\t\t><h3 class=\"widget-title\">5\u00ba. Dia - NASHVILLE \/ MEMPHIS <\/h3>\n<div class=\"siteorigin-widget-tinymce textwidget\">\n\t<p style=\"text-align: justify;\">Pequeno-almo\u00e7o americano no hotel. Partida com destino a Memphis, no mesmo Estado de Tennessee; chegada e visita ao lend\u00e1rio \" Sun Studios\", ber\u00e7o do Rock and Roll. Continua\u00e7\u00e3o com a visita ao Museu dos Direitos Civis localizado no mesmo edif\u00edcio onde foi assassinado Martin Luther King em 1968. \u00c0 noite sa\u00edda para ouvir a m\u00fasica da cidade, com passagem pela lend\u00e1ria rua \"Beale\" visitando um dos muitos bares da rua, para escutar um pouco de Rhythm e Blues. Alojamento.<\/p>\n<\/div>\n<\/div><\/div><\/div><div id=\"panel-w6907dc2dabdb2-0-0-5\" class=\"so-panel widget widget_sow-editor\" data-index=\"5\" ><div class=\"panel-widget-style panel-widget-style-for-w6907dc2dabdb2-0-0-5\" ><div\n\t\t\t\n\t\t\tclass=\"so-widget-sow-editor so-widget-sow-editor-base\"\n\t\t\t\n\t\t><h3 class=\"widget-title\">6\u00ba. Dia - MEMPHIS \/ NEW ORLEANS<\/h3>\n<div class=\"siteorigin-widget-tinymce textwidget\">\n\t<p style=\"text-align: justify;\">Pequeno-almo\u00e7o americano no hotel. De manh\u00e3, sa\u00edda para uma das visitas mais importantes da viagem: \u00e0 mans\u00e3o de Elvis Presley, \"Graceland\". Terminada a visita, partida para Crescent City, New Orleans, onde chegaremos ao final da tarde. Alojamento.<\/p>\n<\/div>\n<\/div><\/div><\/div><div id=\"panel-w6907dc2dabdb2-0-0-6\" class=\"so-panel widget widget_sow-editor\" data-index=\"6\" ><div class=\"panel-widget-style panel-widget-style-for-w6907dc2dabdb2-0-0-6\" ><div\n\t\t\t\n\t\t\tclass=\"so-widget-sow-editor so-widget-sow-editor-base\"\n\t\t\t\n\t\t><h3 class=\"widget-title\">7\u00ba. Dia \u2013 NEW ORLEANS <\/h3>\n<div class=\"siteorigin-widget-tinymce textwidget\">\n\t<p style=\"text-align: justify;\">Pequeno-almo\u00e7o americano no hotel. De manh\u00e3, sa\u00edda com destino a Oak Alley, uma das planta\u00e7\u00f5es mais famosas do s\u00e9c. XIX. No final, continua\u00e7\u00e3o da viagem e visita aos famosos p\u00e2ntanos da Louisiana. Tempo livre para almo\u00e7o (n\u00e3o inclu\u00eddo). Ap\u00f3s almo\u00e7o faremos um passeio num barco t\u00edpico \u201cbayou\u201d para conhecer a fauna local. Regresso a New Orleans. Alojamento.<\/p>\n<\/div>\n<\/div><\/div><\/div><div id=\"panel-w6907dc2dabdb2-0-0-7\" class=\"so-panel widget widget_sow-editor\" data-index=\"7\" ><div class=\"panel-widget-style panel-widget-style-for-w6907dc2dabdb2-0-0-7\" ><div\n\t\t\t\n\t\t\tclass=\"so-widget-sow-editor so-widget-sow-editor-base\"\n\t\t\t\n\t\t><h3 class=\"widget-title\">8\u00ba. Dia - NEW ORLEANS <\/h3>\n<div class=\"siteorigin-widget-tinymce textwidget\">\n\t<p style=\"text-align: justify;\">Pequeno-almo\u00e7o americano no hotel.\u00a0 Sa\u00edda para um passeio pelo Bairro Franc\u00eas, zona repleta de lojas e restaurantes, e que \u00e9 um local de com\u00e9rcio desde 1791. Numa manh\u00e3 \u00e9 poss\u00edvel viajar por tr\u00eas s\u00e9culos de hist\u00f3ria, lendas e romances por esta \u00b4\u00b4cidade que ningu\u00e9m cuidou`` e que sem d\u00favida cresceu ao ritmo da m\u00fasica, da vida libertina, do clima rigoroso, da magia, das misturas \u00e9tnicas e uma gastronomia \u00fanica criando os seus pr\u00f3prios sons e imagens como as do famoso Bairro Franc\u00eas e da hist\u00f3rica Pra\u00e7a Jackson, a sede do Cabido, lugar onde se guardam os documentos que certificam que Napole\u00e3o Bonaparte vendeu a Thomas Jefferson a Luisiana Francesa, consolidando assim um dos melhores neg\u00f3cios da hist\u00f3ria. Das hist\u00f3rias de vudu e pirataria que se podem ouvir em Bayon San, o canal utilizado por Jean Lafitte e a sua banda de piratas, ao passeio pela rua at\u00e9 ao lago Pontchartrain, o mundialmente famoso Garden District com as suas majestosas mans\u00f5es e as universidades de Tulane e Loyola, percorre-se a hist\u00f3ria desta cidade. Tarde livre. Alojamento.<\/p>\n<\/div>\n<\/div><\/div><\/div><div id=\"panel-w6907dc2dabdb2-0-0-8\" class=\"so-panel widget widget_sow-editor\" data-index=\"8\" ><div class=\"panel-widget-style panel-widget-style-for-w6907dc2dabdb2-0-0-8\" ><div\n\t\t\t\n\t\t\tclass=\"so-widget-sow-editor so-widget-sow-editor-base\"\n\t\t\t\n\t\t><h3 class=\"widget-title\"> 9\u00ba. Dia \u2013 NEW ORLEANS \/ PORTUGAL<\/h3>\n<div class=\"siteorigin-widget-tinymce textwidget\">\n\t<p style=\"text-align: justify;\">Pequeno-almo\u00e7o americano no hotel. Transporte por conta pr\u00f3pria para o aeroporto; formalidades de embarque e partida para Portugal, com mudan\u00e7a de avi\u00e3o em rota. Noite e bordo.<\/p>\n<\/div>\n<\/div><\/div><\/div><div id=\"panel-w6907dc2dabdb2-0-0-9\" class=\"so-panel widget widget_sow-editor panel-last-child\" data-index=\"9\" ><div\n\t\t\t\n\t\t\tclass=\"so-widget-sow-editor so-widget-sow-editor-base\"\n\t\t\t\n\t\t><h3 class=\"widget-title\">10\u00ba. Dia \u2013 Chegada a PORTUGAL<\/h3>\n<div class=\"siteorigin-widget-tinymce textwidget\">\n\t<p>Chegada a Portugal.<br \/>\nFim dos nossos servi\u00e7os.<\/p>\n<\/div>\n<\/div><\/div><\/div><\/div><\/div>\t\t\t\t\t\t<\/div>\n\t\t\t\t\t\t\t\t\t\t\t<div class=\"tab-pane  fade\" id=\"tab-pre\u00e7os-e-condi\u00e7\u00f5es\" role=\"tabpanel\">\n\t\t\t\t\t\t\t<div id=\"pl-w6907dc2dabdb6\"  class=\"panel-layout\" ><div id=\"pg-w6907dc2dabdb6-0\"  class=\"panel-grid panel-no-style\" ><div id=\"pgc-w6907dc2dabdb6-0-0\"  class=\"panel-grid-cell\" ><div id=\"panel-w6907dc2dabdb6-0-0-0\" class=\"so-panel widget widget_sow-editor panel-first-child panel-last-child\" data-index=\"0\" ><div class=\"panel-widget-style panel-widget-style-for-w6907dc2dabdb6-0-0-0\" ><div\n\t\t\t\n\t\t\tclass=\"so-widget-sow-editor so-widget-sow-editor-base\"\n\t\t\t\n\t\t>\n<div class=\"siteorigin-widget-tinymce textwidget\">\n\t<p><strong>DATAS de PARTIDA 2026:<\/strong><\/p>\n<p><strong>JULHO<\/strong>: 06 e 20<\/p>\n<p><strong>AGOSTO:<\/strong> 03, 17\u00a0 e 31<\/p>\n<p><strong>SETEMBRO<\/strong>: 14<\/p>\n<p>&nbsp;<\/p>\n<p><strong>Pre\u00e7o por pessoa segundo ocupa\u00e7\u00e3o do quarto (m\u00ednimo de 2 participantes):<\/strong><\/p>\n<p>&nbsp;<\/p>\n<p><strong>HOT\u00c9IS PREVISTOS ou SIMILARES:<\/strong><\/p>\n<p>&nbsp;<\/p>\n<p><strong>CHICAGO <\/strong>\u2013 <a href=\"https:\/\/www.hilton.com\/en\/hotels\/chidmhx-hampton-chicago-downtown-magnificent-mile\/?SEO_id=GMB-AMER-HX-CHIDMHX&amp;y_source=1_MjA4MjU0NS03MTUtbG9jYXRpb24ud2Vic2l0ZQ%3D%3D\" target=\"_blank\" rel=\"noopener\">Hotel Hampton Inn Chicago Downtown\/Magnificent Mile <\/a>3*<\/p>\n<p><strong>INDIAN\u00c1POLIS -<\/strong> <a href=\"https:\/\/www.hilton.com\/en\/hotels\/inddthx-hampton-indianapolis-downtown-across-from-circle-centre\/?SEO_id=GMB-AMER-HX-INDDTHX&amp;y_source=1_MjA4MTg5OC03MTUtbG9jYXRpb24ud2Vic2l0ZQ%3D%3D\" target=\"_blank\" rel=\"noopener\">Hotel Hampton Inn Indianapolis <\/a>3*<\/p>\n<p><strong>NASHVILLE<\/strong> \u2013\u00a0<a href=\"https:\/\/www.ihg.com\/holidayinn\/hotels\/us\/en\/nashville\/bnaft\/hoteldetail?cm_mmc=GoogleMaps-_-HI-_-US-_-BNAFT\" target=\"_blank\" rel=\"noopener\">Hotel Holiday Inn Nashville Downtown-Stadium<\/a> 3*<\/p>\n<p><strong>MEMPHIS \u2013<\/strong> <a href=\"https:\/\/www.hilton.com\/en\/hotels\/memdndt-doubletree-memphis-downtown\/?SEO_id=GMB-AMER-DT-MEMDNDT&amp;y_source=1_MTM3MjU2Ny03MTUtbG9jYXRpb24ud2Vic2l0ZQ%3D%3D\" target=\"_blank\" rel=\"noopener\">Doubletree by Hilton Memphis Downtown <\/a>3*<\/p>\n<p><strong>NEW ORLEANS<\/strong> - <a href=\"https:\/\/www.wyndhamhotels.com\/wyndham\/new-orleans-louisiana\/wyndham-new-orleans-french-quarter\/overview\" target=\"_blank\" rel=\"noopener\">Wyndham New Orleans French Quarter \u00a0<\/a>4*<\/p>\n<p>&nbsp;<\/p>\n<table>\n<tbody>\n<tr>\n<td width=\"175\">\n<p style=\"text-align: center;\"><strong>PER\u00cdODO<\/strong><\/p>\n<\/td>\n<td style=\"text-align: center;\" width=\"109\"><strong>QUADRUPLO*<\/strong><\/td>\n<td style=\"text-align: center;\" width=\"93\"><strong>TRIPLO*<\/strong><\/td>\n<td style=\"text-align: center;\" width=\"85\"><strong>DUPLO<\/strong><\/td>\n<td width=\"104\">\n<p style=\"text-align: center;\"><strong>SINGLE<\/strong><\/p>\n<\/td>\n<\/tr>\n<tr>\n<td width=\"175\">\n<p style=\"text-align: center;\"><strong>06\/07\/26 a 14\/09\/26<\/strong><\/p>\n<\/td>\n<td style=\"text-align: center;\" width=\"109\">3.455,00 \u20ac<\/td>\n<td style=\"text-align: center;\" width=\"93\">3.630,00 \u20ac<\/td>\n<td style=\"text-align: center;\" width=\"85\">3.935,00 \u20ac<\/td>\n<td style=\"text-align: center;\" width=\"104\">5.015,00 \u20ac<\/td>\n<\/tr>\n<\/tbody>\n<\/table>\n<p>&nbsp;<\/p>\n<p><span style=\"color: #0000ff;\"><strong>Nota muito importante:<\/strong><\/span> a viagem tem de ser paga na \u00edntegra 30 dias antes da data da partida.<\/p>\n<p>&nbsp;<\/p>\n<p><strong>Nota*:<\/strong> os quartos qu\u00e1druplos e triplos s\u00e3o compostos por 2 camas de casal.<\/p>\n<p>&nbsp;<\/p>\n<p><strong>Nota 1<\/strong>: Este programa foi calculado com base na companhia a\u00e9rea United Airlines em cabine econ\u00f3mica, tarifa em classe K. Caso n\u00e3o haja disponibilidade de lugares nessa tarifa, ser\u00e1 proposto em alternativa o escal\u00e3o tarif\u00e1rio seguinte dispon\u00edvel, ou outra companhia a\u00e9rea, mediante um suplemento a informar.<\/p>\n<p>&nbsp;<\/p>\n<p><strong>Suplemento de tarifa a\u00e9rea com a United Airlines ( Porto ou Lisboa):<\/strong><\/p>\n<p>&nbsp;<\/p>\n<table>\n<tbody>\n<tr>\n<td>\n<p style=\"text-align: center;\"><strong>Per\u00edodo<\/strong><\/p>\n<\/td>\n<td style=\"text-align: center;\"><strong>Classe K<\/strong><\/td>\n<td style=\"text-align: center;\"><strong>Classe L<\/strong><\/td>\n<td style=\"text-align: center;\"><strong>Classe T<\/strong><\/td>\n<td>\n<p style=\"text-align: center;\"><strong>Classe S<\/strong><\/p>\n<\/td>\n<\/tr>\n<tr>\n<td>\n<p style=\"text-align: center;\"><strong>06\/07\/26 a 17\/08\/26<\/strong><\/p>\n<\/td>\n<td style=\"text-align: center;\">320,00 \u20ac<\/td>\n<td style=\"text-align: center;\">350,00 \u20ac<\/td>\n<td style=\"text-align: center;\">400,00 \u20ac<\/td>\n<td>\n<p style=\"text-align: center;\">455,00 \u20ac<\/p>\n<\/td>\n<\/tr>\n<tr>\n<td>\n<p style=\"text-align: center;\"><strong>31\/08\/26 e 14\/09\/26<\/strong><\/p>\n<\/td>\n<td style=\"text-align: center;\">Sem supl.<\/td>\n<td style=\"text-align: center;\">30,00 \u20ac<\/td>\n<td style=\"text-align: center;\">80,00 \u20ac<\/td>\n<td>\n<p style=\"text-align: center;\">150,00 \u20ac<\/p>\n<\/td>\n<\/tr>\n<\/tbody>\n<\/table>\n<p>&nbsp;<\/p>\n<p><strong>O pre\u00e7o inclui:<\/strong><\/p>\n<p>- Passagem a\u00e9rea em voos regulares, em classe econ\u00f3mica, para percurso indicado, incluindo transporte de bagagem de por\u00e3o;<\/p>\n<p>- Taxas de aeroporto, seguran\u00e7a e combust\u00edvel no valor de 362,00 \u20ac (sujeito a altera\u00e7\u00e3o, a reconfirmar no dia da emiss\u00e3o dos bilhetes)<\/p>\n<p>- Alojamento nos hot\u00e9is previstos ou similares, em quarto standard,\u00a0 inclu\u00eddo pequeno-almo\u00e7o americano;<\/p>\n<p>- Circuito em servi\u00e7o regular (em conjunto com outros participantes), acompanhado de guia local de l\u00edngua espanhola e\/ou portuguesa;<\/p>\n<p>- Transporte em autocarro, minibus ou van (de acordo com o n\u00famero de participantes);<\/p>\n<p>- Visitas de acordo com o indicado no itiner\u00e1rio, incluindo entrada em Graceland, Country Music Hall of Fame, Museu dos Direitos Civis, Sun Studios, Preservation Hall, Willis Tower Chicago, Indianapolis Speedway;<\/p>\n<p>- No autocarro, transporte gratuito de 1 mala por pessoa;<\/p>\n<p>- Taxas de servi\u00e7o e IVA;<\/p>\n<p>- Seguro de viagem.<\/p>\n<p>&nbsp;<\/p>\n<p><strong>O pre\u00e7o n\u00e3o inclui:<\/strong><\/p>\n<p>- Transporte aeroporto \/ hotel \/aeroporto;<\/p>\n<p>- Gratifica\u00e7\u00f5es;<\/p>\n<p>- Taxas tur\u00edsticas \/ municipais (pagamento local nos hot\u00e9is);<\/p>\n<p>- Extras de car\u00e1cter pessoal;<\/p>\n<p>- Todos os servi\u00e7os n\u00e3o indicados como inclu\u00eddos;<\/p>\n<p>- ESTA de entrada nos Estados Unidos da Am\u00e9rica (obrigat\u00f3rio).<\/p>\n<p>&nbsp;<\/p>\n<p><strong>Seguro de viagem:<\/strong><\/p>\n<p>- Todas as viagens organizadas pela MundoNovo Viagens est\u00e3o cobertas por um seguro de viagem (<a href=\"https:\/\/www.mundonovoviagens.pt\/wp-content\/uploads\/2025\/02\/MundoNovo-Multiviagens-Plus-1.pdf?x78457&amp;x70114&amp;x48172&amp;x23938&amp;x23938\" target=\"_blank\" rel=\"noopener\">Multiviagens Plus 1<\/a>);<br \/>\n- Adicionalmente propomos o seguro \u00a0<a href=\"https:\/\/www.mundonovoviagens.pt\/wp-content\/uploads\/2025\/02\/MundoNovo-Multiviagens-Premium.pdf?x78457&amp;x70114&amp;x48172&amp;x23938&amp;x23938\" target=\"_blank\" rel=\"noopener\">Multiviagens Premium<\/a>\u00a0\u00a0(valor das coberturas superior), mediante um suplemento de 30\u20ac por pessoa;<br \/>\n- As condi\u00e7\u00f5es gerais de cada seguro poder\u00e3o ser consultadas na p\u00e1gina inicial do nosso site.<\/p>\n<p>&nbsp;<\/p>\n<p><strong>Condi\u00e7\u00f5es gerais de reserva e cancelamento:<\/strong><b><br \/>\n<\/b>Consultar a ficha de informa\u00e7\u00e3o normalizada <a href=\"https:\/\/www.mundonovoviagens.pt\/index.php\/ficha-de-informacao-normalizada\/\" target=\"_blank\" rel=\"noopener\">(FIN<\/a>) e\u00a0<a href=\"https:\/\/www.mundonovoviagens.pt\/index.php\/condicoes-gerais\/\" target=\"_blank\" rel=\"noopener\">condi\u00e7\u00f5es gerais<\/a>\u00a0indicadas no site.<\/p>\n<\/div>\n<\/div><\/div><\/div><\/div><\/div><\/div>\t\t\t\t\t\t<\/div>\n\t\t\t\t\t\t\t\t\t\t\t<div class=\"tab-pane  fade\" id=\"tab-informa\u00e7\u00f5es-destino\" role=\"tabpanel\">\n\t\t\t\t\t\t\t<div id=\"pl-w6907dc2dabdb8\"  class=\"panel-layout\" ><div id=\"pg-w6907dc2dabdb8-0\"  class=\"panel-grid panel-no-style\" ><div id=\"pgc-w6907dc2dabdb8-0-0\"  class=\"panel-grid-cell\" ><div id=\"panel-w6907dc2dabdb8-0-0-0\" class=\"so-panel widget widget_sow-editor panel-first-child panel-last-child\" data-index=\"0\" ><div class=\"panel-widget-style panel-widget-style-for-w6907dc2dabdb8-0-0-0\" ><div\n\t\t\t\n\t\t\tclass=\"so-widget-sow-editor so-widget-sow-editor-base\"\n\t\t\t\n\t\t>\n<div class=\"siteorigin-widget-tinymce textwidget\">\n\t<p style=\"text-align: justify;\"><strong>1 - Requisitos de entrada<br \/>\n<\/strong>Os cidad\u00e3os portugueses necessitam de passaporte com validade m\u00ednima de 6 meses \u00e0 data de sa\u00edda do pa\u00eds.\u00a0 Todos os viajantes que viajem para os EUA ao abrigo do Programa \"\"Visa Waiver\"\" dever\u00e3o obrigatoriamente obter uma autoriza\u00e7\u00e3o pr\u00e9via denominada ESTA (Electronic System of Travel Authorization).\u00a0 O ESTA \u00e9 obtido atrav\u00e9s da Internet, no site oficial do Departamento de Seguran\u00e7a Interna, no seguinte endere\u00e7o:\u00a0<a href=\"https:\/\/esta.cbp.dhs.gov\/esta\/\" target=\"_blank\" rel=\"noopener\">www.esta.cbp.dhs.gov\/esta\/<\/a>(valor USD 14, sujeito a altera\u00e7\u00e3o).<br \/>\nOs cidad\u00e3os que se tenham deslocado, a partir de mar\u00e7o de 2011, \u00e0 S\u00edria, L\u00edbia, Iraque, I\u00e9men, Sud\u00e3o, Som\u00e1lia, Ir\u00e3o \u00a0e a partir de 12 de janeiro de 2021 a Cuba, encontram-se exclu\u00eddos do Programa \"\"Visa Waiver\"\" e dever\u00e3o procurar obter um visto de entrada junto da Embaixada dos Estados Unidos em Lisboa ou no pa\u00eds em que residam.<\/p>\n<p>&nbsp;<\/p>\n<p style=\"text-align: justify;\"><strong>2 - Vacinas \/ Sa\u00fade<br \/>\n<\/strong>Vacina obrigat\u00f3ria: nenhuma.<br \/>\nA infraestrutura m\u00e9dica \u00e9 excelente, mas de custo elevado, estando a admiss\u00e3o hospitalar condicionada \u00e0 apresenta\u00e7\u00e3o de garantias financeiras. N\u00e3o existe nos EUA um sistema de sa\u00fade p\u00fablica gratuito, sendo os custos de qualquer hospitaliza\u00e7\u00e3o extremamente elevados, podendo chegar aos milhares de d\u00f3lares.<\/p>\n<p>&nbsp;<\/p>\n<p style=\"text-align: justify;\"><strong>3 - Clima<br \/>\n<\/strong>Sendo um vasto pa\u00eds, o clima dos Estados Unidos varia em fun\u00e7\u00e3o da latitude e das caracter\u00edsticas geogr\u00e1ficas. De um modo geral, o clima dos Estados Unidos \u00e9 temperado, embora se registem temperaturas extremas negativas e tempestades de neve nos Estados do centro norte e noroeste do pa\u00eds e no Alaska; nos meses de ver\u00e3o o estado da Calif\u00f3rnia regista temperaturas muito elevadas.<br \/>\nOs furac\u00f5es s\u00e3o frequentes na Costa do Golfo do M\u00e9xico, (Fl\u00f3rida, Alabama, Mississippi, Louisiana e Texas), e em menor grau na costa da Ge\u00f3rgia e Carolinas, entre os meses de Junho a Novembro. No estado do Havai, o clima \u00e9 tropical. A Primavera e o Outono s\u00e3o esta\u00e7\u00f5es com temperaturas amenas e confort\u00e1veis para visitar o pa\u00eds.<\/p>\n<p>&nbsp;<\/p>\n<p><strong>\u00a0<\/strong><strong>4 - Idioma<br \/>\n<\/strong>A l\u00edngua oficial \u00e9 o ingl\u00eas.<\/p>\n<p>&nbsp;<\/p>\n<p style=\"text-align: justify;\"><strong>5 - Moeda<br \/>\n<\/strong>A moeda dos Estados Unidos \u00e9 d\u00f3lar americano (USD). Os cart\u00f5es de cr\u00e9dito s\u00e3o aceites e s\u00e3o o meio de pagamento mais frequente. \u00a0Existe uma boa rede ATM, sendo poss\u00edvel levantar dinheiro com cart\u00f5es de d\u00e9bito.<\/p>\n<p>&nbsp;<\/p>\n<p><strong>6 -\u00a0Diferen\u00e7a Hor\u00e1ria<br \/>\n<\/strong>GMT\/UTC\u00a0-04 a -12<\/p>\n<p>&nbsp;<\/p>\n<p><strong>7 \u2013 Eletricidade<br \/>\n<\/strong>120 V \/ 60 Hz (tomadas tipo A e B)<\/p>\n<p>&nbsp;<\/p>\n<p><strong>8 - Representa\u00e7\u00e3o Diplom\u00e1tica \/ Consular<br \/>\n<\/strong>- Embaixada de Portugal em Washington;<br \/>\n- Consulados Gerais de Portugal em Boston, Newark, Nova Iorque e S\u00e3o Francisco;<br \/>\nMais informa\u00e7\u00f5es: <a href=\"https:\/\/portaldascomunidades.mne.gov.pt\/pt\/\" target=\"_blank\" rel=\"noopener\">www.portaldascomunidades.mne.gov.pt\/<\/a><\/p>\n<p>&nbsp;<\/p>\n<p><strong>\u00a0<\/strong><strong>9 \u2013 Site oficial do turismo:\u00a0<\/strong><a href=\"https:\/\/www.visiteosusa.com.br\/\" target=\"_blank\" rel=\"noopener\">www.visiteosusa.com<\/a><\/p>\n<\/div>\n<\/div><\/div><\/div><\/div><\/div><\/div>\t\t\t\t\t\t<\/div>\n\t\t\t\t\t\t\t\t\t\t<\/div>\n\t\t\t\t\t\t\t<\/div>\n\n\t\t\t<\/div><div id=\"panel-686-0-0-1\" class=\"so-panel widget widget_sow-button panel-last-child\" data-index=\"1\" ><div\n\t\t\t\n\t\t\tclass=\"so-widget-sow-button so-widget-sow-button-flat-95cda3216a70-686\"\n\t\t\t\n\t\t><div class=\"ow-button-base ow-button-align-center\">\n\t<a\n\thref=\"https:\/\/www.mundonovoviagens.pt\/index.php\/contactos\/?wpf62_6=Assunto:%20463%20-%20Rota%20da%20Musica%20\u2013%2010%20dias\"\n\t\tclass=\"ow-icon-placement-left ow-button-hover\" \t>\n\t\t<span>\n\t\t\t\n\t\t\tCONTACTE-NOS\t\t<\/span>\n\t<\/a>\n<\/div>\n<\/div><\/div><\/div><\/div><\/div>","protected":false},"excerpt":{"rendered":"<p style=\"text-align: center;\"><b>Circuito Regular com guia em Portugu\u00eas e\/ou Espanhol<br \/>\n<\/b>(Chicago, Indian\u00e1polis, Nashville, Memphis e New Orleans)<\/p>\n","protected":false},"featured_media":2896,"template":"","meta":[],"product_brand":[],"product_cat":[15],"product_tag":[733,493,995,997,996,998,999],"class_list":{"0":"post-686","1":"product","2":"type-product","3":"status-publish","4":"has-post-thumbnail","6":"product_cat-europa","7":"product_tag-chicago","8":"product_tag-estados-unidos","9":"product_tag-indianapolis","10":"product_tag-memphis","11":"product_tag-nashville","12":"product_tag-new-orleans","13":"product_tag-rota-da-musica","15":"first","16":"instock","17":"shipping-taxable","18":"product-type-simple"},"_links":{"self":[{"href":"https:\/\/www.mundonovoviagens.pt\/index.php\/wp-json\/wp\/v2\/product\/686","targetHints":{"allow":["GET"]}}],"collection":[{"href":"https:\/\/www.mundonovoviagens.pt\/index.php\/wp-json\/wp\/v2\/product"}],"about":[{"href":"https:\/\/www.mundonovoviagens.pt\/index.php\/wp-json\/wp\/v2\/types\/product"}],"wp:featuredmedia":[{"embeddable":true,"href":"https:\/\/www.mundonovoviagens.pt\/index.php\/wp-json\/wp\/v2\/media\/2896"}],"wp:attachment":[{"href":"https:\/\/www.mundonovoviagens.pt\/index.php\/wp-json\/wp\/v2\/media?parent=686"}],"wp:term":[{"taxonomy":"product_brand","embeddable":true,"href":"https:\/\/www.mundonovoviagens.pt\/index.php\/wp-json\/wp\/v2\/product_brand?post=686"},{"taxonomy":"product_cat","embeddable":true,"href":"https:\/\/www.mundonovoviagens.pt\/index.php\/wp-json\/wp\/v2\/product_cat?post=686"},{"taxonomy":"product_tag","embeddable":true,"href":"https:\/\/www.mundonovoviagens.pt\/index.php\/wp-json\/wp\/v2\/product_tag?post=686"}],"curies":[{"name":"wp","href":"https:\/\/api.w.org\/{rel}","templated":true}]}}