{"id":694,"date":"2022-06-07T21:06:53","date_gmt":"2022-06-07T21:06:53","guid":{"rendered":"https:\/\/www.mundonovoviagens.pt\/?post_type=product&#038;p=694"},"modified":"2025-11-02T23:52:21","modified_gmt":"2025-11-02T22:52:21","slug":"466-parques-do-oeste-americano-9-dias","status":"publish","type":"product","link":"https:\/\/www.mundonovoviagens.pt\/index.php\/produto\/466-parques-do-oeste-americano-9-dias\/","title":{"rendered":"466 \u2013 Parques do Oeste Americano \u2013 9 dias"},"content":{"rendered":"<div id=\"pl-694\"  class=\"panel-layout\" ><div id=\"pg-694-0\"  class=\"panel-grid panel-no-style\" ><div id=\"pgc-694-0-0\"  class=\"panel-grid-cell\" ><div id=\"panel-694-0-0-0\" class=\"so-panel widget widget_pt_tabs pt-widget-tabs panel-first-child\" data-index=\"0\" >\t\t\t<div class=\"pt-tabs\">\n\t\t\t\t\n\t\t\t\t\t\t\t\t\t<ul class=\"pt-tabs__navigation  nav  nav-tabs\" role=\"tablist\">\n\t\t\t\t\t\t\t\t\t\t\t\t\t<li class=\"nav-item\">\n\t\t\t\t\t\t\t\t<a class=\"nav-link  active\" data-toggle=\"tab\" href=\"#tab-itiner\u00c1rio\" role=\"tab\">ITINER\u00c1RIO<\/a>\n\t\t\t\t\t\t\t<\/li>\n\t\t\t\t\t\t\t\t\t\t\t\t\t<li class=\"nav-item\">\n\t\t\t\t\t\t\t\t<a class=\"nav-link\" data-toggle=\"tab\" href=\"#tab-pre\u00e7os-e-condi\u00e7\u00f5es\" role=\"tab\">Pre\u00e7os e Condi\u00e7\u00f5es<\/a>\n\t\t\t\t\t\t\t<\/li>\n\t\t\t\t\t\t\t\t\t\t\t\t\t<li class=\"nav-item\">\n\t\t\t\t\t\t\t\t<a class=\"nav-link\" data-toggle=\"tab\" href=\"#tab-informa\u00e7\u00f5es-destino\" role=\"tab\">Informa\u00e7\u00f5es Destino<\/a>\n\t\t\t\t\t\t\t<\/li>\n\t\t\t\t\t\t\t\t\t\t\t<\/ul>\n\n\t\t\t\t\t<div class=\"pt-tabs__content  tab-content\">\n\t\t\t\t\t\t\t\t\t\t\t<div class=\"tab-pane  fade  in  active\" id=\"tab-itiner\u00c1rio\" role=\"tabpanel\">\n\t\t\t\t\t\t\t<div id=\"pl-w6907e0a56ec5a\"  class=\"panel-layout\" ><div id=\"pg-w6907e0a56ec5a-0\"  class=\"panel-grid panel-no-style\" ><div id=\"pgc-w6907e0a56ec5a-0-0\"  class=\"panel-grid-cell\" ><div id=\"panel-w6907e0a56ec5a-0-0-0\" class=\"so-panel widget widget_sow-editor panel-first-child\" data-index=\"0\" ><div class=\"panel-widget-style panel-widget-style-for-w6907e0a56ec5a-0-0-0\" ><div\n\t\t\t\n\t\t\tclass=\"so-widget-sow-editor so-widget-sow-editor-base\"\n\t\t\t\n\t\t><h3 class=\"widget-title\"> 1\u00ba. Dia - PORTUGAL \/ LOS ANGELES <\/h3>\n<div class=\"siteorigin-widget-tinymce textwidget\">\n\t<p style=\"text-align: justify;\">Compar\u00eancia no aeroporto 180m minutos antes da hora prevista para partida. Formalidades de embarque e partida para Los Angeles, com mudan\u00e7a de avi\u00e3o em rota. Chegada, transporte por conta pr\u00f3pria para o hotel. Alojamento.<\/p>\n<\/div>\n<\/div><\/div><\/div><div id=\"panel-w6907e0a56ec5a-0-0-1\" class=\"so-panel widget widget_sow-editor\" data-index=\"1\" ><div class=\"panel-widget-style panel-widget-style-for-w6907e0a56ec5a-0-0-1\" ><div\n\t\t\t\n\t\t\tclass=\"so-widget-sow-editor so-widget-sow-editor-base\"\n\t\t\t\n\t\t><h3 class=\"widget-title\">2\u00ba.\tDia \u2013 LOS ANGELES <\/h3>\n<div class=\"siteorigin-widget-tinymce textwidget\">\n\t<p style=\"text-align: justify;\">Pequeno-almo\u00e7o americano no hotel. De manh\u00e3, visita da cidade, come\u00e7ando pelas \u00e1reas de maior interesse: Downtown, Distrito Financeiro, Dorothy Chandler Pavillion, Pra\u00e7a Olvera; continua\u00e7\u00e3o para Hollywood, com passagem pelo Teatro Dolby, Teatro Chin\u00eas, Avenida das Estrelas e Sunset Boulevard; de seguida passagem pela zona residencial de Beverly Hills. Regresso ao hotel. Tarde livre. Alojamento.<\/p>\n<\/div>\n<\/div><\/div><\/div><div id=\"panel-w6907e0a56ec5a-0-0-2\" class=\"so-panel widget widget_sow-editor\" data-index=\"2\" ><div class=\"panel-widget-style panel-widget-style-for-w6907e0a56ec5a-0-0-2\" ><div\n\t\t\t\n\t\t\tclass=\"so-widget-sow-editor so-widget-sow-editor-base\"\n\t\t\t\n\t\t><h3 class=\"widget-title\">3\u00ba. Dia \u2013 LOS ANGELES \/ GRAND CANYON<\/h3>\n<div class=\"siteorigin-widget-tinymce textwidget\">\n\t<p style=\"text-align: justify;\">Pequeno-almo\u00e7o americano no hotel. Partida para Grand Canyon (South Rim), atrav\u00e9s dos desertos de Mojave e Arizona, com oportunidade de ver parte da m\u00edtica Route 66. Chegada ao final da tarde. Alojamento.<\/p>\n<\/div>\n<\/div><\/div><\/div><div id=\"panel-w6907e0a56ec5a-0-0-3\" class=\"so-panel widget widget_sow-editor\" data-index=\"3\" ><div class=\"panel-widget-style panel-widget-style-for-w6907e0a56ec5a-0-0-3\" ><div\n\t\t\t\n\t\t\tclass=\"so-widget-sow-editor so-widget-sow-editor-base\"\n\t\t\t\n\t\t><h3 class=\"widget-title\">4\u00ba. Dia - GRAND CANYON \/ MONUMET VALLEY \/ PAGE<\/h3>\n<div class=\"siteorigin-widget-tinymce textwidget\">\n\t<p style=\"text-align: justify;\">Pequeno-almo\u00e7o americano no hotel. De manh\u00e3, visitaremos o Grand Canyon (South Rim) com oportunidade de fotograf\u00e1-lo desde v\u00e1rios pontos de observa\u00e7\u00e3o. Em seguida, partida para o Monument Valley, a grande depress\u00e3o situada na reserva dos \u00edndios Navajos, onde ter\u00e1 a oportunidade de realizar uma visita \u00e0 reserva dos Navajos (n\u00e3o inclu\u00edda). Continua\u00e7\u00e3o para visitar Horseshoe Bend, onde se pode apreciar uma das poucas curvas de 180 graus do Rio Colorado e observar a mudan\u00e7a de cor da \u00e1gua do rio entre os tons azul e turquesa. Continua\u00e7\u00e3o em dire\u00e7\u00e3o a Page. Alojamento.<\/p>\n<\/div>\n<\/div><\/div><\/div><div id=\"panel-w6907e0a56ec5a-0-0-4\" class=\"so-panel widget widget_sow-editor\" data-index=\"4\" ><div class=\"panel-widget-style panel-widget-style-for-w6907e0a56ec5a-0-0-4\" ><div\n\t\t\t\n\t\t\tclass=\"so-widget-sow-editor so-widget-sow-editor-base\"\n\t\t\t\n\t\t><h3 class=\"widget-title\">5\u00ba. Dia \u2013 PAGE \/ ANTELOPE CANYON \/ LAKE POWELL \/ BRYCE CANYON <\/h3>\n<div class=\"siteorigin-widget-tinymce textwidget\">\n\t<p style=\"text-align: justify;\">Pequeno-almo\u00e7o continental no hotel. De manh\u00e3 cedo, sa\u00edda para uma visita ao Antelope Canyon, a sua estrutura ondulante confere-lhe um aspeto \u00fanico e, juntamente com os raios de luz do desfiladeiro, fazem do Antelope Canyon um dos locais mais pitorescos e fotografados da regi\u00e3o. Em seguida, partida atrav\u00e9s da zona de Lake Powell, o maior lago artificial dos Estados Unidos, at\u00e9 chegar ao Bryce Canyon. Tarde livre para uma caminhada e apreciar as vistas panor\u00e2micas deste Parque Nacional. Alojamento.<\/p>\n<\/div>\n<\/div><\/div><\/div><div id=\"panel-w6907e0a56ec5a-0-0-5\" class=\"so-panel widget widget_sow-editor\" data-index=\"5\" ><div class=\"panel-widget-style panel-widget-style-for-w6907e0a56ec5a-0-0-5\" ><div\n\t\t\t\n\t\t\tclass=\"so-widget-sow-editor so-widget-sow-editor-base\"\n\t\t\t\n\t\t><h3 class=\"widget-title\">6\u00ba. Dia \u2013 BRYCE CANYON \/ LAS VEGAS <\/h3>\n<div class=\"siteorigin-widget-tinymce textwidget\">\n\t<p style=\"text-align: justify;\">Pequeno-almo\u00e7o americano no hotel. DE manh\u00e3, sa\u00edda para nova visita ao Parque Bryce Canyon conhecido pelo \u201choodoos\u201d, pin\u00e1culos de arenito multicoloridos que ir\u00e3o deslumbrar os nossos olhos. Continua\u00e7\u00e3o para Las Vegas, cidade das luzes, fantasia e capital do jogo. Alojamento.<\/p>\n<\/div>\n<\/div><\/div><\/div><div id=\"panel-w6907e0a56ec5a-0-0-6\" class=\"so-panel widget widget_sow-editor\" data-index=\"6\" ><div class=\"panel-widget-style panel-widget-style-for-w6907e0a56ec5a-0-0-6\" ><div\n\t\t\t\n\t\t\tclass=\"so-widget-sow-editor so-widget-sow-editor-base\"\n\t\t\t\n\t\t><h3 class=\"widget-title\">7\u00ba. Dia \u2013 LAS VEGAS<\/h3>\n<div class=\"siteorigin-widget-tinymce textwidget\">\n\t<p style=\"text-align: justify;\">Pequeno-almo\u00e7o americano no hotel. Dia livre. Ao final da tarde realizaremos uma excurs\u00e3o pela cidade, passando pelos grandes casinos, do qual destacamos o Caeser Palace,\u00a0 Las Vegas Strip, presenciando as suas m\u00faltiplas atra\u00e7\u00f5es e a famosa rua Fremont, situada no cora\u00e7\u00e3o de Downtown, parte antiga onde nasceu Las Vegas; aqui poder\u00e1 presenciar um esplendido espect\u00e1culo de luzes e som. Regresso ao hotel. Alojamento.<\/p>\n<\/div>\n<\/div><\/div><\/div><div id=\"panel-w6907e0a56ec5a-0-0-7\" class=\"so-panel widget widget_sow-editor\" data-index=\"7\" ><div\n\t\t\t\n\t\t\tclass=\"so-widget-sow-editor so-widget-sow-editor-base\"\n\t\t\t\n\t\t><h3 class=\"widget-title\">8\u00ba. Dia - LAS VEGAS \/ PORTUGAL<\/h3>\n<div class=\"siteorigin-widget-tinymce textwidget\">\n\t<p>Pequeno-almo\u00e7o americano no hotel. Transporte por conta pr\u00f3pria para o aeroporto. Formalidades de embarque e partida para Portugal, com mudan\u00e7a de avi\u00e3o em rota. Noite a bordo.<\/p>\n<\/div>\n<\/div><\/div><div id=\"panel-w6907e0a56ec5a-0-0-8\" class=\"so-panel widget widget_sow-editor panel-last-child\" data-index=\"8\" ><div\n\t\t\t\n\t\t\tclass=\"so-widget-sow-editor so-widget-sow-editor-base\"\n\t\t\t\n\t\t><h3 class=\"widget-title\">9\u00ba. Dia - Chegada a PORTUGAL<\/h3>\n<div class=\"siteorigin-widget-tinymce textwidget\">\n\t<p>Chegada a Portugal.<br \/>\n<\/strong>Fim dos nossos servi\u00e7os.<\/p>\n<\/div>\n<\/div><\/div><\/div><\/div><\/div>\t\t\t\t\t\t<\/div>\n\t\t\t\t\t\t\t\t\t\t\t<div class=\"tab-pane  fade\" id=\"tab-pre\u00e7os-e-condi\u00e7\u00f5es\" role=\"tabpanel\">\n\t\t\t\t\t\t\t<div id=\"pl-w6907e0a56ec5e\"  class=\"panel-layout\" ><div id=\"pg-w6907e0a56ec5e-0\"  class=\"panel-grid panel-no-style\" ><div id=\"pgc-w6907e0a56ec5e-0-0\"  class=\"panel-grid-cell\" ><div id=\"panel-w6907e0a56ec5e-0-0-0\" class=\"so-panel widget widget_sow-editor panel-first-child panel-last-child\" data-index=\"0\" ><div class=\"panel-widget-style panel-widget-style-for-w6907e0a56ec5e-0-0-0\" ><div\n\t\t\t\n\t\t\tclass=\"so-widget-sow-editor so-widget-sow-editor-base\"\n\t\t\t\n\t\t>\n<div class=\"siteorigin-widget-tinymce textwidget\">\n\t<p><strong>DATAS de PARTIDA em <span style=\"color: #ef7a1b;\">2026<\/span>:<\/strong><\/p>\n<p><strong>MAR\u00c7O:<\/strong> 25;\u00a0 \u00a0<strong>ABRIL:<\/strong> 15;\u00a0 \u00a0<strong>MAIO:<\/strong> 20<\/p>\n<p><strong>JUNHO:<\/strong> 17;\u00a0 \u00a0<strong>JULHO<\/strong>: 08 e 22;\u00a0 \u00a0<strong>AGOSTO<\/strong>: 05 e 19<\/p>\n<p><strong>SETEMBRO<\/strong>: 02 e 16;\u00a0 \u00a0<strong>OUTUBRO:<\/strong> 07 e 21<\/p>\n<p>&nbsp;<\/p>\n<p><strong>DATAS de PARTIDA em<span style=\"color: #20b2aa;\"> 2027<\/span>:<\/strong><br \/>\n<strong>MAR\u00c7O:<\/strong> 17;\u00a0 \u00a0<strong>ABRIL:<\/strong> 14<\/p>\n<p>&nbsp;<\/p>\n<p><strong>Pre\u00e7o por pessoa segundo ocupa\u00e7\u00e3o no quarto (m\u00ednimo de 2 participantes):<\/strong><\/p>\n<p>&nbsp;<\/p>\n<p><strong>HOT\u00c9IS PREVISTOS ou SIMILARES:<\/strong><\/p>\n<p>&nbsp;<\/p>\n<p><strong>LOS ANGELES<\/strong> \u2013 <a href=\"https:\/\/www.marriott.com\/en-us\/hotels\/laxbw-the-westin-bonaventure-hotel-and-suites-los-angeles\/overview\/?scid=f2ae0541-1279-4f24-b197-a979c79310b0\" target=\"_blank\" rel=\"noopener\">Westin Bonaventure Hotel &amp; Suites<\/a> 4*<\/p>\n<p><strong>GRAND CANYON<\/strong> \u2013 <a href=\"https:\/\/www.grandcanyonplaza.com\/\" target=\"_blank\" rel=\"noopener\">Grand Canyon Plaza Hotel<\/a> 3*<\/p>\n<p><strong>PAGE <\/strong>\u2013 <a href=\"https:\/\/www.bestwestern.com\/en_US.html\" target=\"_blank\" rel=\"noopener\">Best Western View of Lake Powell<\/a> 3*<\/p>\n<p><strong>BRYCE CANYON<\/strong> \u2013 <a href=\"https:\/\/www.bestwestern.com\/en_US\/book\/hotels-in-bryce-canyon-city\/best-western-plus-ruby-s-inn\/propertyCode.45040.html\" target=\"_blank\" rel=\"noopener\">Hotel Best Western Plus Ruby's Inn<\/a> 3*<\/p>\n<p><strong>LAS VEGAS<\/strong> \u2013 <a href=\"https:\/\/www.saharalasvegas.com\/\" target=\"_blank\" rel=\"noopener\">Hotel Sahara Las Vegas<\/a> 4*<\/p>\n<table>\n<tbody>\n<tr>\n<td>\n<p style=\"text-align: center;\"><strong>PER\u00cdODO<\/strong><\/p>\n<\/td>\n<td style=\"text-align: center;\"><strong>QUADRUPLO *<\/strong><\/td>\n<td style=\"text-align: center;\"><strong>TRIPLO *<\/strong><\/td>\n<td style=\"text-align: center;\"><strong>DUPLO<\/strong><\/td>\n<td>\n<p style=\"text-align: center;\"><strong>SINGLE<\/strong><\/p>\n<\/td>\n<\/tr>\n<tr>\n<td>\n<p style=\"text-align: center;\"><strong>25\/03\/26 e 15\/04\/26<\/strong><\/p>\n<\/td>\n<td style=\"text-align: center;\">2.790,00 \u20ac<\/td>\n<td style=\"text-align: center;\">2.920,00 \u20ac<\/td>\n<td style=\"text-align: center;\">3.175,00 \u20ac<\/td>\n<td>\n<p style=\"text-align: center;\">4.000,00 \u20ac<\/p>\n<\/td>\n<\/tr>\n<tr>\n<td>\n<p style=\"text-align: center;\"><strong>20\/05\/26 a 14\/04\/27<\/strong><\/p>\n<\/td>\n<td style=\"text-align: center;\">2.815,00 \u20ac<\/td>\n<td style=\"text-align: center;\">3.070,00 \u20ac<\/td>\n<td style=\"text-align: center;\">3.330,00 \u20ac<\/td>\n<td>\n<p style=\"text-align: center;\">4.050,00 \u20ac<\/p>\n<\/td>\n<\/tr>\n<\/tbody>\n<\/table>\n<p>&nbsp;<\/p>\n<p><span style=\"color: #0000ff;\"><strong>Nota muito importante:<\/strong> <\/span>a viagem tem de ser paga na \u00edntegra 30 dias antes da data da partida.<\/p>\n<p>&nbsp;<\/p>\n<p><strong>Nota:<\/strong> * os quartos qu\u00e1druplos e triplos s\u00e3o compostos por 2 camas de casal.<\/p>\n<p>&nbsp;<\/p>\n<p style=\"text-align: justify;\"><strong>Nota 1<\/strong>: Este programa foi calculado com base na companhia a\u00e9rea United Airlines em cabine econ\u00f3mica, tarifa em classe K. Caso n\u00e3o haja disponibilidade de lugares nessa tarifa, ser\u00e1 proposto em alternativa o escal\u00e3o tarif\u00e1rio seguinte dispon\u00edvel, ou outra companhia a\u00e9rea, mediante um suplemento a informar.<\/p>\n<p>&nbsp;<\/p>\n<p><strong>Suplemento de tarifa a\u00e9rea com a United Airlines ( Porto ou Lisboa):<\/strong><\/p>\n<p>&nbsp;<\/p>\n<table>\n<tbody>\n<tr>\n<td>\n<p style=\"text-align: center;\"><strong>Per\u00edodo<\/strong><\/p>\n<\/td>\n<td style=\"text-align: center;\"><strong>Classe K<\/strong><\/td>\n<td style=\"text-align: center;\"><strong>Classe L<\/strong><\/td>\n<td style=\"text-align: center;\"><strong>Classe T<\/strong><\/td>\n<td>\n<p style=\"text-align: center;\"><strong>Classe S<\/strong><\/p>\n<\/td>\n<\/tr>\n<tr>\n<td>\n<p style=\"text-align: center;\"><strong>25\/03\/26 a 24\/06\/26<\/strong><\/p>\n<\/td>\n<td style=\"text-align: center;\">Sem supl<\/td>\n<td style=\"text-align: center;\">60,00 \u20ac<\/td>\n<td style=\"text-align: center;\">100,00 \u20ac<\/td>\n<td>\n<p style=\"text-align: center;\">221,00 \u20ac<\/p>\n<\/td>\n<\/tr>\n<tr>\n<td>\n<p style=\"text-align: center;\"><strong>25\/06\/26 a 24\/08\/26<\/strong><\/p>\n<\/td>\n<td style=\"text-align: center;\">110,00 \u20ac<\/td>\n<td style=\"text-align: center;\">150,00 \u20ac<\/td>\n<td style=\"text-align: center;\">190,00 \u20ac<\/td>\n<td>\n<p style=\"text-align: center;\">331,00 \u20ac<\/p>\n<\/td>\n<\/tr>\n<tr>\n<td>\n<p style=\"text-align: center;\"><strong>25\/08\/26 a 31\/10\/26<\/strong><\/p>\n<\/td>\n<td style=\"text-align: center;\">Sem supl.<\/td>\n<td style=\"text-align: center;\">60,00 \u20ac<\/td>\n<td style=\"text-align: center;\">100,00 \u20ac<\/td>\n<td>\n<p style=\"text-align: center;\">221,00 \u20ac<\/p>\n<\/td>\n<\/tr>\n<tr>\n<td>\n<p style=\"text-align: center;\"><strong>A partir 01\/11\/26<\/strong><\/p>\n<\/td>\n<td colspan=\"4\">\n<p style=\"text-align: center;\">A informar<\/p>\n<\/td>\n<\/tr>\n<\/tbody>\n<\/table>\n<p>&nbsp;<\/p>\n<p><strong>O pre\u00e7o inclui:<\/strong><\/p>\n<p>- Passagem a\u00e9rea em voos regulares, em classe econ\u00f3mica, para percurso indicado, incluindo transporte de bagagem de por\u00e3o;<\/p>\n<p>- Taxas de aeroporto, seguran\u00e7a e combust\u00edvel no valor de 390,00 \u20ac (sujeito a altera\u00e7\u00e3o, a reconfirmar no dia da emiss\u00e3o dos bilhetes);<\/p>\n<p>- Alojamento nos hot\u00e9is previstos ou similares em quartos standard, incluindo pequeno almo\u00e7o americano (excepto hotel em Bryce Canyon, que inclui pequeno almo\u00e7o continental);<\/p>\n<p>- Circuito em conjunto com outros participantes, acompanhado de guia local de l\u00edngua espanhola e\/ou portuguesa;<\/p>\n<p>-Transporte em autocarro, minibus ou van (de acordo com o n\u00famero de participantes);<\/p>\n<p>- Visitas de acordo indicado no itiner\u00e1rio (incluindo entrada em Antilope Canyon e Horseshoe bend, Bryce Canyon e Grand Canyon);<\/p>\n<p>- No autocarro, transporte gratuito de 1 mala por pessoa;<\/p>\n<p>- Taxas de servi\u00e7o e IVA;<\/p>\n<p>- Seguro de viagem.<\/p>\n<p>&nbsp;<\/p>\n<p><strong>O pre\u00e7o n\u00e3o inclui:<\/strong><\/p>\n<p>- Gratifica\u00e7\u00f5es<\/p>\n<p>- Transporte aeroporto \/ hotel \/ aeroporto<\/p>\n<p>- Extras de car\u00e1cter pessoa;<\/p>\n<p>- Todos os servi\u00e7os n\u00e3o indicado como inclu\u00eddos;<\/p>\n<p>- \u00a0Autoriza\u00e7\u00e3o de entrada nos Estados Unidos da Am\u00e9rica (ESTA).<\/p>\n<p>&nbsp;<\/p>\n<p><strong>Seguro de viagem:<\/strong><\/p>\n<p>- Todas as viagens organizadas pela MundoNovo Viagens est\u00e3o cobertas por um seguro de viagem (<a href=\"https:\/\/www.mundonovoviagens.pt\/wp-content\/uploads\/2025\/02\/MundoNovo-Multiviagens-Plus-1.pdf?x78457&amp;x70114&amp;x48172&amp;x23938&amp;x23938\" target=\"_blank\" rel=\"noopener\">Multiviagens Plus 1<\/a>);<br \/>\n- Adicionalmente propomos o seguro \u00a0<a href=\"https:\/\/www.mundonovoviagens.pt\/wp-content\/uploads\/2025\/02\/MundoNovo-Multiviagens-Premium.pdf?x78457&amp;x70114&amp;x48172&amp;x23938&amp;x23938\" target=\"_blank\" rel=\"noopener\">Multiviagens Premium<\/a>\u00a0(valor das coberturas superior), mediante um suplemento de 30\u20ac por pessoa;<br \/>\n- As condi\u00e7\u00f5es gerais de cada seguro poder\u00e3o ser consultadas na p\u00e1gina inicial do nosso site;<\/p>\n<p>&nbsp;<\/p>\n<p><strong>Condi\u00e7\u00f5es gerais de reserva e cancelamento:<\/strong><b><br \/>\n<\/b>Consultar a ficha de informa\u00e7\u00e3o normalizada (<a href=\"https:\/\/www.mundonovoviagens.pt\/index.php\/ficha-de-informacao-normalizada\/\" target=\"_blank\" rel=\"noopener\">FIN<\/a>) e\u00a0<a href=\"https:\/\/www.mundonovoviagens.pt\/index.php\/condicoes-gerais\/\" target=\"_blank\" rel=\"noopener\">condi\u00e7\u00f5es gerais<\/a>\u00a0indicadas no site.<\/p>\n<\/div>\n<\/div><\/div><\/div><\/div><\/div><\/div>\t\t\t\t\t\t<\/div>\n\t\t\t\t\t\t\t\t\t\t\t<div class=\"tab-pane  fade\" id=\"tab-informa\u00e7\u00f5es-destino\" role=\"tabpanel\">\n\t\t\t\t\t\t\t<div id=\"pl-w6907e0a56ec60\"  class=\"panel-layout\" ><div id=\"pg-w6907e0a56ec60-0\"  class=\"panel-grid panel-no-style\" ><div id=\"pgc-w6907e0a56ec60-0-0\"  class=\"panel-grid-cell\" ><div id=\"panel-w6907e0a56ec60-0-0-0\" class=\"so-panel widget widget_sow-editor panel-first-child panel-last-child\" data-index=\"0\" ><div class=\"panel-widget-style panel-widget-style-for-w6907e0a56ec60-0-0-0\" ><div\n\t\t\t\n\t\t\tclass=\"so-widget-sow-editor so-widget-sow-editor-base\"\n\t\t\t\n\t\t>\n<div class=\"siteorigin-widget-tinymce textwidget\">\n\t<p style=\"text-align: justify;\"><strong>1 - Requisitos de entrada<br \/>\n<\/strong>Os cidad\u00e3os portugueses necessitam de passaporte com validade m\u00ednima de 6 meses \u00e0 data de sa\u00edda do pa\u00eds.\u00a0 Todos os viajantes que viajem para os EUA ao abrigo do Programa \"Visa Waiver\" dever\u00e3o obrigatoriamente obter uma autoriza\u00e7\u00e3o pr\u00e9via denominada ESTA (Electronic System of Travel Authorization).\u00a0 O ESTA \u00e9 obtido atrav\u00e9s da Internet, no site oficial do Departamento de Seguran\u00e7a Interna, no seguinte endere\u00e7o:\u00a0<a href=\"https:\/\/esta.cbp.dhs.gov\/esta\/\" target=\"_blank\" rel=\"noopener\">www.esta.cbp.dhs.gov\/esta\/<\/a> ( valor USD 14, sujeito a altera\u00e7\u00e3o).<br \/>\nOs cidad\u00e3os que se tenham deslocado, a partir de mar\u00e7o de 2011, \u00e0 S\u00edria, L\u00edbia, Iraque, I\u00e9men, Sud\u00e3o, Som\u00e1lia,\u00a0 Ir\u00e3o, e a partir de 12 de janeiro de 2021 a Cuba, encontram-se exclu\u00eddos do Programa \"Visa Waiver\" e dever\u00e3o procurar obter um visto de entrada junto da Embaixada dos Estados Unidos em Lisboa ou no pa\u00eds em que residam.<\/p>\n<p>&nbsp;<\/p>\n<p style=\"text-align: justify;\"><strong>2 - Vacinas \/ Sa\u00fade<br \/>\n<\/strong>Vacina obrigat\u00f3ria: nenhuma.<br \/>\nA infraestrutura m\u00e9dica \u00e9 excelente, mas de custo elevado, estando a admiss\u00e3o hospitalar condicionada \u00e0 apresenta\u00e7\u00e3o de garantias financeiras. N\u00e3o existe nos EUA um sistema de sa\u00fade p\u00fablica gratuito, sendo os custos de qualquer hospitaliza\u00e7\u00e3o extremamente elevados, podendo chegar aos milhares de d\u00f3lares.<\/p>\n<p>&nbsp;<\/p>\n<p style=\"text-align: justify;\"><strong>3 - Clima<br \/>\n<\/strong>Sendo um vasto pa\u00eds, o clima dos Estados Unidos varia em fun\u00e7\u00e3o da latitude e das caracter\u00edsticas geogr\u00e1ficas. De um modo geral, o clima dos Estados Unidos \u00e9 temperado, embora se registem temperaturas extremas negativas e tempestades de neve nos Estados do centro norte e noroeste do pa\u00eds e no Alaska; nos meses de ver\u00e3o o estado da Calif\u00f3rnia regista temperaturas muito elevadas.<br \/>\nOs furac\u00f5es s\u00e3o frequentes na Costa do Golfo do M\u00e9xico, (Fl\u00f3rida, Alabama, Mississippi, Louisiana e Texas), e em menor grau na costa da Ge\u00f3rgia e Carolinas, entre os meses de Junho a Novembro. No estado do Havai, o clima \u00e9 tropical. A Primavera e o Outono s\u00e3o esta\u00e7\u00f5es com temperaturas amenas e confort\u00e1veis para visitar o pa\u00eds.<\/p>\n<p>&nbsp;<\/p>\n<p style=\"text-align: justify;\"><strong>\u00a0<\/strong><strong>4 - Idioma<br \/>\n<\/strong>A l\u00edngua oficial \u00e9 o ingl\u00eas.<\/p>\n<p>&nbsp;<\/p>\n<p style=\"text-align: justify;\"><strong>\u00a0<\/strong><strong>5 - Moeda<br \/>\n<\/strong>A moeda dos Estados Unidos \u00e9 d\u00f3lar americano (USD). Os cart\u00f5es de cr\u00e9dito s\u00e3o aceites e s\u00e3o o meio de pagamento mais frequente. \u00a0Existe uma boa rede ATM, sendo poss\u00edvel levantar dinheiro com cart\u00f5es de d\u00e9bito.<\/p>\n<p>&nbsp;<\/p>\n<p style=\"text-align: justify;\"><strong>6 -\u00a0Diferen\u00e7a Hor\u00e1ria<br \/>\n<\/strong>GMT\/UTC\u00a0-04 a -12<\/p>\n<p>&nbsp;<\/p>\n<p style=\"text-align: justify;\"><strong>7 \u2013 Eletricidade<br \/>\n<\/strong>120 V \/ 60 Hz (tomadas tipo A e B)<\/p>\n<p>&nbsp;<\/p>\n<p style=\"text-align: justify;\"><strong>8 - Representa\u00e7\u00e3o Diplom\u00e1tica \/ Consular<br \/>\n<\/strong>- Embaixada de Portugal em Washington;<br \/>\n- Consulados Gerais de Portugal em Boston, Newark, Nova Iorque e S\u00e3o Francisco;<br \/>\nMais informa\u00e7\u00f5es: <a href=\"https:\/\/portaldascomunidades.mne.gov.pt\/pt\" target=\"_blank\" rel=\"noopener\">www.portaldascomunidades.mne.gov.pt\/<\/a><\/p>\n<p>&nbsp;<\/p>\n<p style=\"text-align: justify;\"><strong>9 \u2013 Site oficial do turismo:\u00a0<\/strong><a href=\"http:\/\/www.visiteosusa.com.br\/\" target=\"_blank\" rel=\"noopener\">www.visiteosusa.com.br\/<\/a><\/p>\n<\/div>\n<\/div><\/div><\/div><\/div><\/div><\/div>\t\t\t\t\t\t<\/div>\n\t\t\t\t\t\t\t\t\t\t<\/div>\n\t\t\t\t\t\t\t<\/div>\n\n\t\t\t<\/div><div id=\"panel-694-0-0-1\" class=\"so-panel widget widget_sow-button panel-last-child\" data-index=\"1\" ><div\n\t\t\t\n\t\t\tclass=\"so-widget-sow-button so-widget-sow-button-flat-95cda3216a70-694\"\n\t\t\t\n\t\t><div class=\"ow-button-base ow-button-align-center\">\n\t<a\n\thref=\"https:\/\/www.mundonovoviagens.pt\/index.php\/contactos\/?wpf62_6=Assunto:%20466%20\u2013%20Parques%20do%20Oeste%20Americano%20\u2013%209%20dias\"\n\t\tclass=\"ow-icon-placement-left ow-button-hover\" \t>\n\t\t<span>\n\t\t\t\n\t\t\tCONTACTE-NOS\t\t<\/span>\n\t<\/a>\n<\/div>\n<\/div><\/div><\/div><\/div><\/div>","protected":false},"excerpt":{"rendered":"<p style=\"text-align: center;\"><strong>Circuito Regular guia em Portugu\u00eas e\/ou Espanhol<br \/>\n<\/strong>(Los Angeles, Grand Canyon, Monument Valley, Page, Antelope Canyon, Bryce Canyon e Las Vegas)<\/p>\n","protected":false},"featured_media":731,"template":"","meta":[],"product_brand":[],"product_cat":[15],"product_tag":[674,493,498,497,500,746,993],"class_list":{"0":"post-694","1":"product","2":"type-product","3":"status-publish","4":"has-post-thumbnail","6":"product_cat-europa","7":"product_tag-bryce-canyon","8":"product_tag-estados-unidos","9":"product_tag-grand-canyon","10":"product_tag-las-vegas","11":"product_tag-los-angeles","12":"product_tag-monument-valley","13":"product_tag-oeste-americano","15":"first","16":"instock","17":"shipping-taxable","18":"product-type-simple"},"_links":{"self":[{"href":"https:\/\/www.mundonovoviagens.pt\/index.php\/wp-json\/wp\/v2\/product\/694","targetHints":{"allow":["GET"]}}],"collection":[{"href":"https:\/\/www.mundonovoviagens.pt\/index.php\/wp-json\/wp\/v2\/product"}],"about":[{"href":"https:\/\/www.mundonovoviagens.pt\/index.php\/wp-json\/wp\/v2\/types\/product"}],"wp:featuredmedia":[{"embeddable":true,"href":"https:\/\/www.mundonovoviagens.pt\/index.php\/wp-json\/wp\/v2\/media\/731"}],"wp:attachment":[{"href":"https:\/\/www.mundonovoviagens.pt\/index.php\/wp-json\/wp\/v2\/media?parent=694"}],"wp:term":[{"taxonomy":"product_brand","embeddable":true,"href":"https:\/\/www.mundonovoviagens.pt\/index.php\/wp-json\/wp\/v2\/product_brand?post=694"},{"taxonomy":"product_cat","embeddable":true,"href":"https:\/\/www.mundonovoviagens.pt\/index.php\/wp-json\/wp\/v2\/product_cat?post=694"},{"taxonomy":"product_tag","embeddable":true,"href":"https:\/\/www.mundonovoviagens.pt\/index.php\/wp-json\/wp\/v2\/product_tag?post=694"}],"curies":[{"name":"wp","href":"https:\/\/api.w.org\/{rel}","templated":true}]}}